{"id":914,"date":"2018-11-28T09:43:33","date_gmt":"2018-11-28T12:43:33","guid":{"rendered":"https:\/\/www.arte.unicen.edu.ar\/sustentarte\/?page_id=914"},"modified":"2018-11-28T09:43:33","modified_gmt":"2018-11-28T12:43:33","slug":"15-edicion-tandil-cine","status":"publish","type":"page","link":"https:\/\/www.arte.unicen.edu.ar\/sustentarte\/index.php\/15-edicion-tandil-cine\/","title":{"rendered":"15\u00b0 edici\u00f3n Tandil Cine"},"content":{"rendered":"<p>Luego de un 2016 en el que se realizar\u00e1 una muestra con las pel\u00edculas ganadoras de todas las ediciones anteriores del Festival, el 2017 ser\u00e1 nuevamente la fecha para la realizaci\u00f3n de un nuevo Tandil Cine. Del 28\/10 al 4\/11 en la sala INCAA ubicada en el Centro Cultural Universitario.<\/p>\n<p>El Festival Tandil Cine es una realizaci\u00f3n conjunta de la Universidad Nacional del Centro de la Provincia de Buenos Aires (a trav\u00e9s de su Coordinaci\u00f3n de Cultura y la Facultad de Arte), la Municipalidad de Tandil y la Biblioteca Popular Bernardino Rivadavia. Cuenta con el apoyo y el aval del Instituto Nacional de Cine y Artes Audiovisuales (INCAA) y el apoyo de distintas entidades p\u00fablicas y privadas. Se ha constituido en uno de los primeros festivales del interior del pa\u00eds (naci\u00f3 en 2001) y con una trayectoria ininterrumpida hasta el presente.<\/p>\n<p>Continuando con el objetivo, del 28 de Octubre y hasta el 4 de noviembre de 2017 se llevar\u00e1 a cabo la nueva edici\u00f3n competitiva del 15\u00b0 Tandil Cine. Con 10 pel\u00edculas en competencia por los premios \u201cCentinela al Cine Nacional\u201d y muchos otros premios paralelos. M\u00e1s de 25 pel\u00edculas entre competencioa y secciones paralelas ser\u00e1n parte de esta nueva edici\u00f3n.<\/p>\n<p>En esta 15ta. edici\u00f3n, se presentaron m\u00e1s de 25 pel\u00edculas de las cuales 10 estuvieron en competencia por los premios \u201cCentinela al Cine Nacional\u201d. El jurado estuvo compuesto por Tamae Garateguy por Directores Argentinos Cinematogr\u00e1ficos (DAC); Valeria Racioppi por la Sociedad Argentina de Editores (SAE); Marcelo Lavintman por la Asociaci\u00f3n de Directores de Fotograf\u00eda; Pablo D\u2019Alo Abba por la Asociaci\u00f3n de Directores de Cine; Juan Leyrado por la Sociedad Argentina de Gesti\u00f3n de Actores Int\u00e9rpretes (SAGGAI) y Pepo Sanzano de la Incubadora Sustentarte (UNICEN).<\/p>\n","protected":false},"excerpt":{"rendered":"<p>Luego de un 2016 en el que se realizar\u00e1 una muestra con las pel\u00edculas ganadoras de todas las ediciones anteriores del Festival, el 2017 ser\u00e1 nuevamente la fecha para la [&hellip;]<\/p>\n","protected":false},"author":3,"featured_media":0,"parent":0,"menu_order":0,"comment_status":"closed","ping_status":"closed","template":"","meta":{"_mi_skip_tracking":false,"_exactmetrics_sitenote_active":false,"_exactmetrics_sitenote_note":"","_exactmetrics_sitenote_category":0},"_links":{"self":[{"href":"https:\/\/www.arte.unicen.edu.ar\/sustentarte\/index.php\/wp-json\/wp\/v2\/pages\/914"}],"collection":[{"href":"https:\/\/www.arte.unicen.edu.ar\/sustentarte\/index.php\/wp-json\/wp\/v2\/pages"}],"about":[{"href":"https:\/\/www.arte.unicen.edu.ar\/sustentarte\/index.php\/wp-json\/wp\/v2\/types\/page"}],"author":[{"embeddable":true,"href":"https:\/\/www.arte.unicen.edu.ar\/sustentarte\/index.php\/wp-json\/wp\/v2\/users\/3"}],"replies":[{"embeddable":true,"href":"https:\/\/www.arte.unicen.edu.ar\/sustentarte\/index.php\/wp-json\/wp\/v2\/comments?post=914"}],"version-history":[{"count":1,"href":"https:\/\/www.arte.unicen.edu.ar\/sustentarte\/index.php\/wp-json\/wp\/v2\/pages\/914\/revisions"}],"predecessor-version":[{"id":915,"href":"https:\/\/www.arte.unicen.edu.ar\/sustentarte\/index.php\/wp-json\/wp\/v2\/pages\/914\/revisions\/915"}],"wp:attachment":[{"href":"https:\/\/www.arte.unicen.edu.ar\/sustentarte\/index.php\/wp-json\/wp\/v2\/media?parent=914"}],"curies":[{"name":"wp","href":"https:\/\/api.w.org\/{rel}","templated":true}]}}

15° edición Tandil Cine

<p>Luego de un 2016 en el que se realizará una muestra con las películas ganadoras de todas las ediciones anteriores del Festival, el 2017 será nuevamente la fecha para la realización de un nuevo Tandil Cine. Del 28/10 al 4/11 en la sala INCAA ubicada en el Centro Cultural Universitario.</p>
<p>El Festival Tandil Cine es una realización conjunta de la Universidad Nacional del Centro de la Provincia de Buenos Aires (a través de su Coordinación de Cultura y la Facultad de Arte), la Municipalidad de Tandil y la Biblioteca Popular Bernardino Rivadavia. Cuenta con el apoyo y el aval del Instituto Nacional de Cine y Artes Audiovisuales (INCAA) y el apoyo de distintas entidades públicas y privadas. Se ha constituido en uno de los primeros festivales del interior del país (nació en 2001) y con una trayectoria ininterrumpida hasta el presente.</p>
<p>Continuando con el objetivo, del 28 de Octubre y hasta el 4 de noviembre de 2017 se llevará a cabo la nueva edición competitiva del 15° Tandil Cine. Con 10 películas en competencia por los premios “Centinela al Cine Nacional” y muchos otros premios paralelos. Más de 25 películas entre competencioa y secciones paralelas serán parte de esta nueva edición.</p>
<p>En esta 15ta. edición, se presentaron más de 25 películas de las cuales 10 estuvieron en competencia por los premios “Centinela al Cine Nacional”. El jurado estuvo compuesto por Tamae Garateguy por Directores Argentinos Cinematográficos (DAC); Valeria Racioppi por la Sociedad Argentina de Editores (SAE); Marcelo Lavintman por la Asociación de Directores de Fotografía; Pablo D’Alo Abba por la Asociación de Directores de Cine; Juan Leyrado por la Sociedad Argentina de Gestión de Actores Intérpretes (SAGGAI) y Pepo Sanzano de la Incubadora Sustentarte (UNICEN).</p>

<p>Luego de un 2016 en el que se realizará una muestra con las películas ganadoras de todas las ediciones anteriores del Festival, el 2017 será nuevamente la fecha para la [&hellip;]</p>
