{"id":774,"date":"2018-11-08T13:53:07","date_gmt":"2018-11-08T16:53:07","guid":{"rendered":"https:\/\/www.arte.unicen.edu.ar\/sustentarte\/?page_id=774"},"modified":"2018-11-08T13:55:35","modified_gmt":"2018-11-08T16:55:35","slug":"muestra-vestida-colaboro-en-la-formacion-de-nuevos-publicos","status":"publish","type":"page","link":"https:\/\/www.arte.unicen.edu.ar\/sustentarte\/index.php\/formacion-de-publico\/proyecto-spu\/2018-2\/muestra-vestida-colaboro-en-la-formacion-de-nuevos-publicos\/","title":{"rendered":"Muestra Vestida, colabor\u00f3 en la Formaci\u00f3n de Nuevos P\u00fablicos"},"content":{"rendered":"<p style=\"text-align: justify;\">El pasado viernes 14 de septiembre recibimos a los alumnos de la Escuela de Educaci\u00f3nSecundario N\u00ba 18 para continuar el trabajo de formaci\u00f3n de p\u00fablicos con la obra \u201cMuestra vestida\u201d.<br \/>\nA diferencia de funciones anteriores en donde se realizaron en el contexto escolar, la puesta se ofreci\u00f3 en el Teatro La Fabrica, pretendiendo que de esta manera se disfrute la experiencia de un espect\u00e1culo montado en un teatro: gradas, disposici\u00f3n del p\u00fablico, luces y sonido teatral, utilizaci\u00f3n de la cabina y t\u00e9cnicos especializados, apagones, escenograf\u00eda, telones y dem\u00e1s elementos.<br \/>\nDe los 90 alumnos que esper\u00e1bamos asistieron 50 personas de 4\u00ba, 5\u00ba y 6\u00ba a\u00f1o del <strong>se<\/strong>cundario. Ya en el hall de entrada presentamos el espect\u00e1culo y solicitamos el apagado de celulares. Al ingreso not\u00e1bamos cierta adrenalina y emoci\u00f3n, demostr\u00e1ndose risue\u00f1os y apurados por ubicarse.<br \/>\n\u201cMuestra vestida\u201d es un espect\u00e1culo de creaci\u00f3n colectiva generado en la Catedra Practica Integrada 1 de la carrera de Profesor de Juegos Dram\u00e1ticos que ofrece la Facultad de Arte, con los docentes a cargo: Mauricio Kartun, Julia Lavatelli, Pedro Sanzano y Mari Bogio.<br \/>\nLa obra presenta escenas y mon\u00f3logos en donde el tema principal es o se da a trav\u00e9s de la vestimenta, lo que dice y lo que no, como forma parte de nuestras vidas, como marca nuestra historia, como transcurre el tiempo y siguen ah\u00ed, algunas rotas y otras impecables, como delimitan nuestra personalidad, ocultan nuestro cuerpo o lo destacan, como nos permiten ser otros o los que anhelamos ser. Desde el inicio de los tiempos surge la idea de ocultar nuestros cuerpos, con una hoja o taparrabos y esta idea fue mutando con la evoluci\u00f3n de la humanidad, marcando una moda, una tendencia o destacando clases sociales.<br \/>\nEl elenco esta integrado por Melina trovato, Guillermina buckle, Bel\u00e9n tocino, Joaqu\u00edn Garmendia, Marisol Corrado, Mariangela Morales, Julieta Rabitti, Analuz Carrizo, Kevin Garc\u00eda, Candela Rimoldi, Marina Arias Vivarelli, Daiana Carricart, Juan Pablo Rojas, Luciano Brizuela, Marcela Miguel y Clarisa Capdevila quienes personificaron una prima lejana heredera de ropa familiar, un portero lector de cordeles, una abuela con una hija que se niega a crecer, un fan de River Plate hu\u00e9rfano de padre, un grupo de mujeres que presentan el uniforme policial, una joven que recuerda su desastrosa fiesta de 15, entre otros.<br \/>\nLos alumnos quedaron fascinados y lo demostraron a la hora del desmontaje contando que se hab\u00edan sentido identificado con muchas de las historias o momentos, que se hab\u00edan emocionado y que estaban agradecidos de compartir ese momento. Se explic\u00f3 el origen de cada trabajo, como surgi\u00f3 el proceso creativo de escritura y b\u00fasqueda de personajes y c\u00f3mo funciona la catedra y el trabajo con los docentes.<br \/>\nUna funci\u00f3n mas que culmina pero el proyecto continua con mas teatro para las escuelas!!<strong><br \/>\n<\/strong><\/p>\n<p><img decoding=\"async\" loading=\"lazy\" class=\"aligncenter wp-image-426 size-full\" src=\"https:\/\/www.arte.unicen.edu.ar\/sustentarte\/wp-content\/uploads\/2018\/10\/muestra-vestida-I.jpg\" alt=\"\" width=\"960\" height=\"631\" srcset=\"https:\/\/www.arte.unicen.edu.ar\/sustentarte\/wp-content\/uploads\/2018\/10\/muestra-vestida-I.jpg 960w, https:\/\/www.arte.unicen.edu.ar\/sustentarte\/wp-content\/uploads\/2018\/10\/muestra-vestida-I-300x197.jpg 300w, https:\/\/www.arte.unicen.edu.ar\/sustentarte\/wp-content\/uploads\/2018\/10\/muestra-vestida-I-768x505.jpg 768w\" sizes=\"(max-width: 960px) 100vw, 960px\" \/><\/p>\n<p><img decoding=\"async\" loading=\"lazy\" class=\"aligncenter wp-image-427 size-full\" src=\"https:\/\/www.arte.unicen.edu.ar\/sustentarte\/wp-content\/uploads\/2018\/10\/muestra-vestida-II.jpg\" alt=\"\" width=\"960\" height=\"640\" srcset=\"https:\/\/www.arte.unicen.edu.ar\/sustentarte\/wp-content\/uploads\/2018\/10\/muestra-vestida-II.jpg 960w, https:\/\/www.arte.unicen.edu.ar\/sustentarte\/wp-content\/uploads\/2018\/10\/muestra-vestida-II-300x200.jpg 300w, https:\/\/www.arte.unicen.edu.ar\/sustentarte\/wp-content\/uploads\/2018\/10\/muestra-vestida-II-768x512.jpg 768w, https:\/\/www.arte.unicen.edu.ar\/sustentarte\/wp-content\/uploads\/2018\/10\/muestra-vestida-II-600x400.jpg 600w\" sizes=\"(max-width: 960px) 100vw, 960px\" \/><\/p>\n","protected":false},"excerpt":{"rendered":"<p>El pasado viernes 14 de septiembre recibimos a los alumnos de la Escuela de Educaci\u00f3nSecundario N\u00ba 18 para continuar el trabajo de formaci\u00f3n de p\u00fablicos con la obra \u201cMuestra vestida\u201d. [&hellip;]<\/p>\n","protected":false},"author":1,"featured_media":0,"parent":317,"menu_order":0,"comment_status":"closed","ping_status":"closed","template":"","meta":{"_mi_skip_tracking":false,"_exactmetrics_sitenote_active":false,"_exactmetrics_sitenote_note":"","_exactmetrics_sitenote_category":0},"_links":{"self":[{"href":"https:\/\/www.arte.unicen.edu.ar\/sustentarte\/index.php\/wp-json\/wp\/v2\/pages\/774"}],"collection":[{"href":"https:\/\/www.arte.unicen.edu.ar\/sustentarte\/index.php\/wp-json\/wp\/v2\/pages"}],"about":[{"href":"https:\/\/www.arte.unicen.edu.ar\/sustentarte\/index.php\/wp-json\/wp\/v2\/types\/page"}],"author":[{"embeddable":true,"href":"https:\/\/www.arte.unicen.edu.ar\/sustentarte\/index.php\/wp-json\/wp\/v2\/users\/1"}],"replies":[{"embeddable":true,"href":"https:\/\/www.arte.unicen.edu.ar\/sustentarte\/index.php\/wp-json\/wp\/v2\/comments?post=774"}],"version-history":[{"count":1,"href":"https:\/\/www.arte.unicen.edu.ar\/sustentarte\/index.php\/wp-json\/wp\/v2\/pages\/774\/revisions"}],"predecessor-version":[{"id":776,"href":"https:\/\/www.arte.unicen.edu.ar\/sustentarte\/index.php\/wp-json\/wp\/v2\/pages\/774\/revisions\/776"}],"up":[{"embeddable":true,"href":"https:\/\/www.arte.unicen.edu.ar\/sustentarte\/index.php\/wp-json\/wp\/v2\/pages\/317"}],"wp:attachment":[{"href":"https:\/\/www.arte.unicen.edu.ar\/sustentarte\/index.php\/wp-json\/wp\/v2\/media?parent=774"}],"curies":[{"name":"wp","href":"https:\/\/api.w.org\/{rel}","templated":true}]}}