{"id":753,"date":"2018-11-08T11:46:03","date_gmt":"2018-11-08T14:46:03","guid":{"rendered":"https:\/\/www.arte.unicen.edu.ar\/sustentarte\/?page_id=753"},"modified":"2018-11-08T11:47:55","modified_gmt":"2018-11-08T14:47:55","slug":"teatro-para-alumnos-de-escuelas-rurales","status":"publish","type":"page","link":"https:\/\/www.arte.unicen.edu.ar\/sustentarte\/index.php\/formacion-de-nuevxs-espectadores\/2017-2\/teatro-para-alumnos-de-escuelas-rurales\/","title":{"rendered":"Teatro para alumnos de Escuelas Rurales"},"content":{"rendered":"<p style=\"text-align: justify;\">El elenco teatral &#8220;Proyecto Mondo&#8221; se present\u00f3 el martes 5 de septiembre en la &#8220;Vieja Casona&#8221; de Gardey, con el espect\u00e1culo &#8220;Impromondo&#8221;.<br \/>\nEs la funci\u00f3n n\u00famero 5 del Proyecto \u201cFormaci\u00f3n de nuevos P\u00fablicos&#8221; propuesto por la Incubadora SustenArte (Fac. de Arte), en donde los alumnos de la E.E.S.T. N\u00ba4, &#8220;Jos\u00e9 Hern\u00e1ndez&#8221; participaron en forma activa de la obra teatral, ya que la puesta as\u00ed lo dispone.<br \/>\n&#8220;Impromondo&#8221;, es un espect\u00e1culo de juegos de improvisaci\u00f3n donde cuatro actores (Catalina Landivar, Gaston Dubini, Clara Giorgetti y Marianella Vallaza) se enfrentan al aqu\u00ed y ahora m\u00e1s sincero.<br \/>\nEl clima de trabajo se lleno de risas y fue muy motivador para los espectadores, puesto que en el desmontaje compartido, los alumnos comentaron que anteriormente ten\u00edan en el lugar un taller de teatro, y que en la escuela no lo ten\u00edan dentro de la formaci\u00f3n.<br \/>\nEn las escenas &#8220;improvisadas&#8221; aparecieron historias en donde los adolescentes se sintieron identificados.<br \/>\n&#8220;Me gusto que puedan actuar as\u00ed, sin practicar, me hicieron re\u00edr mucho&#8221;<br \/>\nAlumna de 3\u00ba .E.E.S.T N\u00ba 4 (Gardey)<\/p>\n<p><img decoding=\"async\" loading=\"lazy\" class=\"aligncenter wp-image-378 size-large\" src=\"https:\/\/www.arte.unicen.edu.ar\/sustentarte\/wp-content\/uploads\/2018\/10\/MG_7018-1024x683.jpg\" alt=\"\" width=\"640\" height=\"427\" srcset=\"https:\/\/www.arte.unicen.edu.ar\/sustentarte\/wp-content\/uploads\/2018\/10\/MG_7018-1024x683.jpg 1024w, https:\/\/www.arte.unicen.edu.ar\/sustentarte\/wp-content\/uploads\/2018\/10\/MG_7018-300x200.jpg 300w, https:\/\/www.arte.unicen.edu.ar\/sustentarte\/wp-content\/uploads\/2018\/10\/MG_7018-768x512.jpg 768w, https:\/\/www.arte.unicen.edu.ar\/sustentarte\/wp-content\/uploads\/2018\/10\/MG_7018-600x400.jpg 600w\" sizes=\"(max-width: 640px) 100vw, 640px\" \/><\/p>\n<p><img decoding=\"async\" loading=\"lazy\" class=\"aligncenter wp-image-379 size-large\" src=\"https:\/\/www.arte.unicen.edu.ar\/sustentarte\/wp-content\/uploads\/2018\/10\/MG_7197-1024x683.jpg\" alt=\"\" width=\"640\" height=\"427\" srcset=\"https:\/\/www.arte.unicen.edu.ar\/sustentarte\/wp-content\/uploads\/2018\/10\/MG_7197-1024x683.jpg 1024w, https:\/\/www.arte.unicen.edu.ar\/sustentarte\/wp-content\/uploads\/2018\/10\/MG_7197-300x200.jpg 300w, https:\/\/www.arte.unicen.edu.ar\/sustentarte\/wp-content\/uploads\/2018\/10\/MG_7197-768x512.jpg 768w, https:\/\/www.arte.unicen.edu.ar\/sustentarte\/wp-content\/uploads\/2018\/10\/MG_7197-600x400.jpg 600w\" sizes=\"(max-width: 640px) 100vw, 640px\" \/><\/p>\n","protected":false},"excerpt":{"rendered":"<p>El elenco teatral &#8220;Proyecto Mondo&#8221; se present\u00f3 el martes 5 de septiembre en la &#8220;Vieja Casona&#8221; de Gardey, con el espect\u00e1culo &#8220;Impromondo&#8221;. Es la funci\u00f3n n\u00famero 5 del Proyecto \u201cFormaci\u00f3n [&hellip;]<\/p>\n","protected":false},"author":1,"featured_media":0,"parent":315,"menu_order":0,"comment_status":"closed","ping_status":"closed","template":"","meta":{"_mi_skip_tracking":false,"_exactmetrics_sitenote_active":false,"_exactmetrics_sitenote_note":"","_exactmetrics_sitenote_category":0},"_links":{"self":[{"href":"https:\/\/www.arte.unicen.edu.ar\/sustentarte\/index.php\/wp-json\/wp\/v2\/pages\/753"}],"collection":[{"href":"https:\/\/www.arte.unicen.edu.ar\/sustentarte\/index.php\/wp-json\/wp\/v2\/pages"}],"about":[{"href":"https:\/\/www.arte.unicen.edu.ar\/sustentarte\/index.php\/wp-json\/wp\/v2\/types\/page"}],"author":[{"embeddable":true,"href":"https:\/\/www.arte.unicen.edu.ar\/sustentarte\/index.php\/wp-json\/wp\/v2\/users\/1"}],"replies":[{"embeddable":true,"href":"https:\/\/www.arte.unicen.edu.ar\/sustentarte\/index.php\/wp-json\/wp\/v2\/comments?post=753"}],"version-history":[{"count":1,"href":"https:\/\/www.arte.unicen.edu.ar\/sustentarte\/index.php\/wp-json\/wp\/v2\/pages\/753\/revisions"}],"predecessor-version":[{"id":754,"href":"https:\/\/www.arte.unicen.edu.ar\/sustentarte\/index.php\/wp-json\/wp\/v2\/pages\/753\/revisions\/754"}],"up":[{"embeddable":true,"href":"https:\/\/www.arte.unicen.edu.ar\/sustentarte\/index.php\/wp-json\/wp\/v2\/pages\/315"}],"wp:attachment":[{"href":"https:\/\/www.arte.unicen.edu.ar\/sustentarte\/index.php\/wp-json\/wp\/v2\/media?parent=753"}],"curies":[{"name":"wp","href":"https:\/\/api.w.org\/{rel}","templated":true}]}}

<p style="text-align: justify;">El elenco teatral &#8220;Proyecto Mondo&#8221; se presentó el martes 5 de septiembre en la &#8220;Vieja Casona&#8221; de Gardey, con el espectáculo &#8220;Impromondo&#8221;.<br />
Es la función número 5 del Proyecto “Formación de nuevos Públicos&#8221; propuesto por la Incubadora SustenArte (Fac. de Arte), en donde los alumnos de la E.E.S.T. Nº4, &#8220;José Hernández&#8221; participaron en forma activa de la obra teatral, ya que la puesta así lo dispone.<br />
&#8220;Impromondo&#8221;, es un espectáculo de juegos de improvisación donde cuatro actores (Catalina Landivar, Gaston Dubini, Clara Giorgetti y Marianella Vallaza) se enfrentan al aquí y ahora más sincero.<br />
El clima de trabajo se lleno de risas y fue muy motivador para los espectadores, puesto que en el desmontaje compartido, los alumnos comentaron que anteriormente tenían en el lugar un taller de teatro, y que en la escuela no lo tenían dentro de la formación.<br />
En las escenas &#8220;improvisadas&#8221; aparecieron historias en donde los adolescentes se sintieron identificados.<br />
&#8220;Me gusto que puedan actuar así, sin practicar, me hicieron reír mucho&#8221;<br />
Alumna de 3º .E.E.S.T Nº 4 (Gardey)</p>
<p><img decoding="async" loading="lazy" class="aligncenter wp-image-378 size-large" src="https://www.arte.unicen.edu.ar/sustentarte/wp-content/uploads/2018/10/MG_7018-1024x683.jpg" alt="" width="640" height="427" srcset="https://www.arte.unicen.edu.ar/sustentarte/wp-content/uploads/2018/10/MG_7018-1024x683.jpg 1024w, https://www.arte.unicen.edu.ar/sustentarte/wp-content/uploads/2018/10/MG_7018-300x200.jpg 300w, https://www.arte.unicen.edu.ar/sustentarte/wp-content/uploads/2018/10/MG_7018-768x512.jpg 768w, https://www.arte.unicen.edu.ar/sustentarte/wp-content/uploads/2018/10/MG_7018-600x400.jpg 600w" sizes="(max-width: 640px) 100vw, 640px" /></p>
<p><img decoding="async" loading="lazy" class="aligncenter wp-image-379 size-large" src="https://www.arte.unicen.edu.ar/sustentarte/wp-content/uploads/2018/10/MG_7197-1024x683.jpg" alt="" width="640" height="427" srcset="https://www.arte.unicen.edu.ar/sustentarte/wp-content/uploads/2018/10/MG_7197-1024x683.jpg 1024w, https://www.arte.unicen.edu.ar/sustentarte/wp-content/uploads/2018/10/MG_7197-300x200.jpg 300w, https://www.arte.unicen.edu.ar/sustentarte/wp-content/uploads/2018/10/MG_7197-768x512.jpg 768w, https://www.arte.unicen.edu.ar/sustentarte/wp-content/uploads/2018/10/MG_7197-600x400.jpg 600w" sizes="(max-width: 640px) 100vw, 640px" /></p>

<p>El elenco teatral &#8220;Proyecto Mondo&#8221; se presentó el martes 5 de septiembre en la &#8220;Vieja Casona&#8221; de Gardey, con el espectáculo &#8220;Impromondo&#8221;. Es la función número 5 del Proyecto “Formación [&hellip;]</p>
