{"id":2983,"date":"2021-02-12T15:19:58","date_gmt":"2021-02-12T18:19:58","guid":{"rendered":"https:\/\/www.arte.unicen.edu.ar\/sustentarte\/?page_id=2983"},"modified":"2021-08-13T10:02:28","modified_gmt":"2021-08-13T13:02:28","slug":"ano-2020","status":"publish","type":"page","link":"https:\/\/www.arte.unicen.edu.ar\/sustentarte\/index.php\/ano-2020\/","title":{"rendered":"A\u00f1o 2020"},"content":{"rendered":"<p><img decoding=\"async\" loading=\"lazy\" class=\"alignnone wp-image-1558\" src=\"https:\/\/www.arte.unicen.edu.ar\/sustentarte\/wp-content\/uploads\/2020\/07\/medioliston_teatro-300x7.png\" alt=\"\" width=\"814\" height=\"19\" srcset=\"https:\/\/www.arte.unicen.edu.ar\/sustentarte\/wp-content\/uploads\/2020\/07\/medioliston_teatro-300x7.png 300w, https:\/\/www.arte.unicen.edu.ar\/sustentarte\/wp-content\/uploads\/2020\/07\/medioliston_teatro-768x17.png 768w, https:\/\/www.arte.unicen.edu.ar\/sustentarte\/wp-content\/uploads\/2020\/07\/medioliston_teatro.png 1649w\" sizes=\"(max-width: 814px) 100vw, 814px\" \/><\/p>\n<p>(PAGINA EN PROCESO DE\u00a0 CREACI\u00d3N)<\/p>\n<table style=\"height: 26px\" width=\"804\">\n<tbody>\n<tr>\n<td style=\"width: 394px\">&nbsp;<\/p>\n<p>&nbsp;<\/p>\n<p>&nbsp;<\/p>\n<p>&nbsp;<\/p>\n<p><img decoding=\"async\" loading=\"lazy\" class=\"wp-image-3995 aligncenter\" src=\"https:\/\/www.arte.unicen.edu.ar\/sustentarte\/wp-content\/uploads\/2021\/06\/imagen-atina-300x182.jpeg\" alt=\"\" width=\"387\" height=\"235\" srcset=\"https:\/\/www.arte.unicen.edu.ar\/sustentarte\/wp-content\/uploads\/2021\/06\/imagen-atina-300x182.jpeg 300w, https:\/\/www.arte.unicen.edu.ar\/sustentarte\/wp-content\/uploads\/2021\/06\/imagen-atina.jpeg 660w\" sizes=\"(max-width: 387px) 100vw, 387px\" \/><\/td>\n<td style=\"width: 394px\">\n<p style=\"text-align: justify\">A inicios del 2020 se activa esta convocatoria para ofrecer un taller destinado a\u00a0 directores teatrales, el cual\u00a0 se llevar\u00eda\u00a0 a cabo en la ciudad de Tandil en agosto del corriente a\u00f1o.<\/p>\n<div class=\"yj6qo ajU\">\n<p lang=\"en-CA\" style=\"text-align: justify\"><span lang=\"es-AR\">El<\/span><span lang=\"es-AR\">\u00a0Taller de Directores fue<\/span><span lang=\"es-AR\">\u00a0organizado por ATINA y\u00a0 la Incubadora SustenArte (Facultad de Arte)\u00a0<\/span><span lang=\"es-AR\">en colaboraci\u00f3n con los grupos de teatro independiente tandilenses Club de Teatro y Proyecto Mondo. La propuesta\u00a0 suceder\u00eda en el marco del proyecto interdisciplinario\u00a0<\/span>\u201c<span lang=\"es-AR\">Patios del Recreo\u201d\u00a0<\/span><span lang=\"es-AR\">(Dramaturgia, Direcci\u00f3n, Puesta en escena y Festival) que aborda la tem\u00e1tica adolescente a partir de trabajos previos de investigaci\u00f3n de campo en las escuelas de nivel medio, con el objetivo de generar nuevas propuestas teatrales, adecuadas a los tiempos que vivimos, que permitan interesar y acercar a los j\u00f3venes al teatro.<\/span><\/p>\n<p lang=\"en-CA\" style=\"text-align: justify\">Debido a la situaci\u00f3n producida por el COVID 19 esta actividad se reprogramo para realizarse en el a\u00f1o 2021.<\/p>\n<p lang=\"en-CA\" style=\"text-align: justify\"><a href=\"https:\/\/www.arte.unicen.edu.ar\/convocatoria-atina\/\">Convocatoria de Facultad de Arte <\/a><\/p>\n<\/div>\n<\/td>\n<\/tr>\n<\/tbody>\n<\/table>\n<table style=\"height: 41px\" width=\"804\">\n<tbody>\n<tr>\n<td style=\"width: 394px\"><img decoding=\"async\" loading=\"lazy\" class=\" wp-image-1888 aligncenter\" src=\"https:\/\/www.arte.unicen.edu.ar\/sustentarte\/wp-content\/uploads\/2020\/08\/creando-redes-carpo-300x300.jpg\" alt=\"\" width=\"261\" height=\"261\" srcset=\"https:\/\/www.arte.unicen.edu.ar\/sustentarte\/wp-content\/uploads\/2020\/08\/creando-redes-carpo-300x300.jpg 300w, https:\/\/www.arte.unicen.edu.ar\/sustentarte\/wp-content\/uploads\/2020\/08\/creando-redes-carpo-150x150.jpg 150w, https:\/\/www.arte.unicen.edu.ar\/sustentarte\/wp-content\/uploads\/2020\/08\/creando-redes-carpo-768x768.jpg 768w, https:\/\/www.arte.unicen.edu.ar\/sustentarte\/wp-content\/uploads\/2020\/08\/creando-redes-carpo-1024x1024.jpg 1024w, https:\/\/www.arte.unicen.edu.ar\/sustentarte\/wp-content\/uploads\/2020\/08\/creando-redes-carpo-750x750.jpg 750w, https:\/\/www.arte.unicen.edu.ar\/sustentarte\/wp-content\/uploads\/2020\/08\/creando-redes-carpo.jpg 1080w\" sizes=\"(max-width: 261px) 100vw, 261px\" \/><\/td>\n<td style=\"width: 394px;text-align: justify\">La Incubadora Sustentarte (Secretaria de Extensi\u00f3n), inicia el siguiente ciclo de charlas denominado <a href=\"https:\/\/www.arte.unicen.edu.ar\/ciclo-de-charlas-creando-redes\/\">\u201cCreando Redes\u201d<\/a>, con el objetivo de visibilizar las producciones audiovisuales y teatrales a nivel local, compartir qui\u00e9nes son y como sobrellevan su trabajo en los tiempos del covid 19. En esta charla compartimos el trabajo de Carpo Producciones\u201d<\/td>\n<\/tr>\n<\/tbody>\n<\/table>\n<table style=\"height: 34px\" width=\"807\">\n<tbody>\n<tr>\n<td style=\"width: 395px\">\n<div dir=\"auto\" style=\"text-align: justify\">Segundo ciclo de charlas <a href=\"https:\/\/www.arte.unicen.edu.ar\/creando-redes-2\/\">&#8220;Creando redes 2 &#8220;<\/a>organizado por la Incubadora Sustentarte (Secretar\u00eda de Extensi\u00f3n. Facultad de Arte).<\/div>\n<div dir=\"auto\"><\/div>\n<div dir=\"auto\" style=\"text-align: justify\">En esta ocasi\u00f3n contamos con la presencia del actor\/director Sergio Saltape e integrantes de la Revista Teatral Intervalo, con el objetivo de visibilizar el trabajo de los artistas en tiempos de pandemia.<\/div>\n<div dir=\"auto\"><\/div>\n<div dir=\"auto\" style=\"text-align: justify\">Fecha realizaci\u00f3n Mi\u00e9rcoles 30 de septiembre de 2020<\/div>\n<\/td>\n<td style=\"width: 396px\"><img decoding=\"async\" loading=\"lazy\" class=\"size-medium wp-image-2332 aligncenter\" src=\"https:\/\/www.arte.unicen.edu.ar\/sustentarte\/wp-content\/uploads\/2020\/09\/WhatsApp-Image-2020-09-08-at-3.28.53-PM-300x300.jpeg\" alt=\"\" width=\"300\" height=\"300\" srcset=\"https:\/\/www.arte.unicen.edu.ar\/sustentarte\/wp-content\/uploads\/2020\/09\/WhatsApp-Image-2020-09-08-at-3.28.53-PM-300x300.jpeg 300w, https:\/\/www.arte.unicen.edu.ar\/sustentarte\/wp-content\/uploads\/2020\/09\/WhatsApp-Image-2020-09-08-at-3.28.53-PM-150x150.jpeg 150w, https:\/\/www.arte.unicen.edu.ar\/sustentarte\/wp-content\/uploads\/2020\/09\/WhatsApp-Image-2020-09-08-at-3.28.53-PM-768x768.jpeg 768w, https:\/\/www.arte.unicen.edu.ar\/sustentarte\/wp-content\/uploads\/2020\/09\/WhatsApp-Image-2020-09-08-at-3.28.53-PM-1024x1024.jpeg 1024w, https:\/\/www.arte.unicen.edu.ar\/sustentarte\/wp-content\/uploads\/2020\/09\/WhatsApp-Image-2020-09-08-at-3.28.53-PM-750x750.jpeg 750w, https:\/\/www.arte.unicen.edu.ar\/sustentarte\/wp-content\/uploads\/2020\/09\/WhatsApp-Image-2020-09-08-at-3.28.53-PM.jpeg 1080w\" sizes=\"(max-width: 300px) 100vw, 300px\" \/><\/td>\n<\/tr>\n<\/tbody>\n<\/table>\n<table style=\"height: 15px\" width=\"808\">\n<tbody>\n<tr>\n<td style=\"width: 396px\"><img decoding=\"async\" loading=\"lazy\" class=\" wp-image-2495 aligncenter\" src=\"https:\/\/www.arte.unicen.edu.ar\/sustentarte\/wp-content\/uploads\/2020\/10\/WhatsApp-Image-2020-10-15-at-11.20.59-AM-2-300x300.jpeg\" alt=\"\" width=\"325\" height=\"325\" srcset=\"https:\/\/www.arte.unicen.edu.ar\/sustentarte\/wp-content\/uploads\/2020\/10\/WhatsApp-Image-2020-10-15-at-11.20.59-AM-2-300x300.jpeg 300w, https:\/\/www.arte.unicen.edu.ar\/sustentarte\/wp-content\/uploads\/2020\/10\/WhatsApp-Image-2020-10-15-at-11.20.59-AM-2-150x150.jpeg 150w, https:\/\/www.arte.unicen.edu.ar\/sustentarte\/wp-content\/uploads\/2020\/10\/WhatsApp-Image-2020-10-15-at-11.20.59-AM-2-768x768.jpeg 768w, https:\/\/www.arte.unicen.edu.ar\/sustentarte\/wp-content\/uploads\/2020\/10\/WhatsApp-Image-2020-10-15-at-11.20.59-AM-2-1024x1024.jpeg 1024w, https:\/\/www.arte.unicen.edu.ar\/sustentarte\/wp-content\/uploads\/2020\/10\/WhatsApp-Image-2020-10-15-at-11.20.59-AM-2-750x750.jpeg 750w, https:\/\/www.arte.unicen.edu.ar\/sustentarte\/wp-content\/uploads\/2020\/10\/WhatsApp-Image-2020-10-15-at-11.20.59-AM-2.jpeg 1280w\" sizes=\"(max-width: 325px) 100vw, 325px\" \/><\/td>\n<td style=\"width: 396px\">\n<div class=\"kvgmc6g5 cxmmr5t8 oygrvhab hcukyx3x c1et5uql ii04i59q\">\n<div dir=\"auto\" style=\"text-align: justify\">CICLO DE CONVERSATORIOS: PRODUCCI\u00d3N PO\u00c9TICA Y DI\u00c1LOGOS CREATIVOS<\/div>\n<div dir=\"auto\"><\/div>\n<\/div>\n<div class=\"o9v6fnle cxmmr5t8 oygrvhab hcukyx3x c1et5uql ii04i59q\" style=\"text-align: justify\">\n<div dir=\"auto\" style=\"text-align: justify\">Ciclo de charlas a cargo de La Cofrad\u00eda Teatral (Colombia), Cultura Unicen, Sustentarte Incubadora de Arte y Centro Cultural Universitario Unicen Olavarr\u00eda.<\/div>\n<div dir=\"auto\"><\/div>\n<\/div>\n<div class=\"o9v6fnle cxmmr5t8 oygrvhab hcukyx3x c1et5uql ii04i59q\">\n<div dir=\"auto\" style=\"text-align: justify\">Cada encuentro contar\u00e1 con la presentaci\u00f3n de la experiencia de la Cofrad\u00eda Teatral a cargo de Nibaldo Castro Charris en di\u00e1logo con experiencias de nuestra regi\u00f3n seg\u00fan cada eje. El objetivo de este ciclo es compartir herramientas que favorezcan la gesti\u00f3n de proyectos art\u00edsticos y la formaci\u00f3n profesional.<\/div>\n<div dir=\"auto\"><\/div>\n<div dir=\"auto\" style=\"text-align: justify\">21 de Octubre &#8211; 18:00 &#8211; Formaci\u00f3n, desarrollo y fidelizaci\u00f3n de p\u00fablicos.<\/div>\n<div dir=\"auto\"><a href=\"https:\/\/www.youtube.com\/watch?fbclid=IwAR31icIDGHq0BlZCXu8pv1lud_NeLxZqcd6qpenJNoPkcNka3IVd613ZKrA&amp;v=pMfe75stQFg&amp;feature=youtu.be\">Para ver la charla ingresa aqu\u00ed<\/a><\/div>\n<\/div>\n<\/td>\n<\/tr>\n<\/tbody>\n<\/table>\n<table style=\"height: 5px\" width=\"806\">\n<tbody>\n<tr>\n<td style=\"width: 395px\">\n<div dir=\"auto\" style=\"text-align: justify\">Compartimos la segunda charla del Ciclo de Conversatorios &#8211; Producci\u00f3n po\u00e9tica y di\u00e1logos creativos: Creaci\u00f3n: territorio, cuerpo y sonoridad.<\/div>\n<div dir=\"auto\"><\/div>\n<div dir=\"auto\" style=\"text-align: justify\">Realizado por La Cofrad\u00eda Teatral (Colombia), Cultura Unicen, Sustentarte Incubadora de Arte y el Centro Cultural Universitario Unicen Olavarr\u00eda.<\/div>\n<div dir=\"auto\" style=\"text-align: justify\"><\/div>\n<div dir=\"auto\"><a href=\"https:\/\/www.youtube.com\/watch?fbclid=IwAR0EqAnS5td5pKVIHotDsUzWme6fcIgZHGcNKRUBTB4oJJtUe4LR19Kgh7k&amp;v=V65vjF2KsDQ&amp;feature=youtu.be\">M\u00edrala aqu\u00ed<\/a><\/div>\n<\/td>\n<td style=\"width: 395px\"><img decoding=\"async\" loading=\"lazy\" class=\" wp-image-3069 aligncenter\" src=\"https:\/\/www.arte.unicen.edu.ar\/sustentarte\/wp-content\/uploads\/2021\/02\/WhatsApp-Image-2020-10-15-at-11.20.59-AM-300x300.jpeg\" alt=\"\" width=\"204\" height=\"204\" srcset=\"https:\/\/www.arte.unicen.edu.ar\/sustentarte\/wp-content\/uploads\/2021\/02\/WhatsApp-Image-2020-10-15-at-11.20.59-AM-300x300.jpeg 300w, https:\/\/www.arte.unicen.edu.ar\/sustentarte\/wp-content\/uploads\/2021\/02\/WhatsApp-Image-2020-10-15-at-11.20.59-AM-150x150.jpeg 150w, https:\/\/www.arte.unicen.edu.ar\/sustentarte\/wp-content\/uploads\/2021\/02\/WhatsApp-Image-2020-10-15-at-11.20.59-AM-768x768.jpeg 768w, https:\/\/www.arte.unicen.edu.ar\/sustentarte\/wp-content\/uploads\/2021\/02\/WhatsApp-Image-2020-10-15-at-11.20.59-AM-1024x1024.jpeg 1024w, https:\/\/www.arte.unicen.edu.ar\/sustentarte\/wp-content\/uploads\/2021\/02\/WhatsApp-Image-2020-10-15-at-11.20.59-AM-750x750.jpeg 750w, https:\/\/www.arte.unicen.edu.ar\/sustentarte\/wp-content\/uploads\/2021\/02\/WhatsApp-Image-2020-10-15-at-11.20.59-AM.jpeg 1280w\" sizes=\"(max-width: 204px) 100vw, 204px\" \/><\/td>\n<\/tr>\n<\/tbody>\n<\/table>\n<table style=\"height: 29px\" width=\"809\">\n<tbody>\n<tr>\n<td style=\"width: 396px\">\n<p style=\"text-align: justify\">El 28 de octubre se realizo el tercer encuentro de este ciclo de Conversatorios &#8211;\u00a0Producci\u00f3n po\u00e9tica y di\u00e1logos creativos, abordando la tem\u00e1tica &#8220;Gesti\u00f3n e infraestructura para las artes esc\u00e9nicas&#8221;<\/p>\n<p><a href=\"https:\/\/www.youtube.com\/watch?v=C20xC-DnGlE\">M\u00edrala aqu\u00ed<\/a><\/td>\n<td style=\"width: 397px\"><img decoding=\"async\" loading=\"lazy\" class=\" wp-image-3801 aligncenter\" src=\"https:\/\/www.arte.unicen.edu.ar\/sustentarte\/wp-content\/uploads\/2021\/05\/WhatsApp-Image-2020-10-15-at-11.20.59-AM-1-300x300.jpeg\" alt=\"\" width=\"199\" height=\"199\" srcset=\"https:\/\/www.arte.unicen.edu.ar\/sustentarte\/wp-content\/uploads\/2021\/05\/WhatsApp-Image-2020-10-15-at-11.20.59-AM-1-300x300.jpeg 300w, https:\/\/www.arte.unicen.edu.ar\/sustentarte\/wp-content\/uploads\/2021\/05\/WhatsApp-Image-2020-10-15-at-11.20.59-AM-1-150x150.jpeg 150w, https:\/\/www.arte.unicen.edu.ar\/sustentarte\/wp-content\/uploads\/2021\/05\/WhatsApp-Image-2020-10-15-at-11.20.59-AM-1-768x768.jpeg 768w, https:\/\/www.arte.unicen.edu.ar\/sustentarte\/wp-content\/uploads\/2021\/05\/WhatsApp-Image-2020-10-15-at-11.20.59-AM-1-1024x1024.jpeg 1024w, https:\/\/www.arte.unicen.edu.ar\/sustentarte\/wp-content\/uploads\/2021\/05\/WhatsApp-Image-2020-10-15-at-11.20.59-AM-1-750x750.jpeg 750w, https:\/\/www.arte.unicen.edu.ar\/sustentarte\/wp-content\/uploads\/2021\/05\/WhatsApp-Image-2020-10-15-at-11.20.59-AM-1.jpeg 1280w\" sizes=\"(max-width: 199px) 100vw, 199px\" \/><\/td>\n<\/tr>\n<\/tbody>\n<\/table>\n<table style=\"height: 5px\" width=\"811\">\n<tbody>\n<tr>\n<td style=\"width: 397px\"><img decoding=\"async\" loading=\"lazy\" class=\" wp-image-3803 aligncenter\" src=\"https:\/\/www.arte.unicen.edu.ar\/sustentarte\/wp-content\/uploads\/2021\/05\/WhatsApp-Image-2020-10-15-at-11.20.58-AM-300x300.jpeg\" alt=\"\" width=\"236\" height=\"236\" srcset=\"https:\/\/www.arte.unicen.edu.ar\/sustentarte\/wp-content\/uploads\/2021\/05\/WhatsApp-Image-2020-10-15-at-11.20.58-AM-300x300.jpeg 300w, https:\/\/www.arte.unicen.edu.ar\/sustentarte\/wp-content\/uploads\/2021\/05\/WhatsApp-Image-2020-10-15-at-11.20.58-AM-150x150.jpeg 150w, https:\/\/www.arte.unicen.edu.ar\/sustentarte\/wp-content\/uploads\/2021\/05\/WhatsApp-Image-2020-10-15-at-11.20.58-AM-768x768.jpeg 768w, https:\/\/www.arte.unicen.edu.ar\/sustentarte\/wp-content\/uploads\/2021\/05\/WhatsApp-Image-2020-10-15-at-11.20.58-AM-1024x1024.jpeg 1024w, https:\/\/www.arte.unicen.edu.ar\/sustentarte\/wp-content\/uploads\/2021\/05\/WhatsApp-Image-2020-10-15-at-11.20.58-AM-750x750.jpeg 750w, https:\/\/www.arte.unicen.edu.ar\/sustentarte\/wp-content\/uploads\/2021\/05\/WhatsApp-Image-2020-10-15-at-11.20.58-AM.jpeg 1280w\" sizes=\"(max-width: 236px) 100vw, 236px\" \/><\/td>\n<td style=\"width: 398px\">\n<div dir=\"auto\">\n<p style=\"text-align: justify\">El 11 de noviembre se realizo el \u00faltimo encuentro de este Ciclo de charlas. &#8220;Desterritorializaci\u00f3n del teatro al plano audiovisual&#8221;.<\/p>\n<p><a href=\"https:\/\/www.youtube.com\/watch?v=u4wmYQE_uRM\" target=\"_blank\" rel=\"noopener\">M\u00edrala aqu\u00ed<\/a><\/p>\n<p><a href=\"https:\/\/www.arte.unicen.edu.ar\/ciclo-produccion-poetica-y-dialogos-creativos\/\">Link de acceso<\/a><\/p>\n<p>&nbsp;<\/p>\n<\/div>\n<\/td>\n<\/tr>\n<\/tbody>\n<\/table>\n<table style=\"height: 5px\" width=\"813\">\n<tbody>\n<tr>\n<td style=\"width: 398px\">\n<div class=\"\" dir=\"auto\" style=\"text-align: justify\">\n<div id=\"jsc_c_9a\" class=\"ecm0bbzt hv4rvrfc ihqw7lf3 dati1w0a\">\n<div class=\"j83agx80 cbu4d94t ew0dbk1b irj2b8pg\">\n<div class=\"qzhwtbm6 knvmm38d\">\n<div class=\"kvgmc6g5 cxmmr5t8 oygrvhab hcukyx3x c1et5uql ii04i59q\"><\/div>\n<\/div>\n<\/div>\n<\/div>\n<\/div>\n<div id=\"jsc_c_9b\" class=\"l9j0dhe7\">\n<div class=\"l9j0dhe7\">\n<div class=\"bp9cbjyn cwj9ozl2 j83agx80 cbu4d94t ni8dbmo4 stjgntxs l9j0dhe7 k4urcfbm\">\n<div class=\"do00u71z ni8dbmo4 stjgntxs l9j0dhe7\">\n<div class=\"pmk7jnqg kr520xx4\">\n<p style=\"text-align: justify\"><a href=\"https:\/\/www.arte.unicen.edu.ar\/convocatoria-abierta-cortometrajes\/\"><strong><u>PROYECTO 12<\/u><\/strong> <\/a>\u00a0\u00a0\u201cCiclo de cortometrajes en casa\u201d.<\/p>\n<p style=\"text-align: justify\">En noviembre de 2020 la Incubadora Sustentarte (Secretaria de extensi\u00f3n de la Facultad de Arte) en articulaci\u00f3n con Agenda Cultura y Espect\u00e1culos, lanzan esta convocatoria destinada a realizadores\/as de la ciudad de Tandil y la regi\u00f3n para participar con sus producciones audiovisuales.<\/p>\n<p style=\"text-align: justify\">Se convocaron 12 cortometrajes que se emitieron en Cultura abierta acci\u00f3n colectiva, Plataforma online, colaborativa, comunitaria y social. todos los jueves durante 4 semanas consecutivas.<\/p>\n<p style=\"text-align: justify\">Los cortometrajes seleccionados presentan fechas de realizaci\u00f3n entre enero de 2018 hasta noviembre de 2020 y que no estuvieran subidos a otras plataformas -Youtube \/ Vimeo- (excluyente). El publico pod\u00eda acceder a los t\u00edtulos por medio de una entrada de $150 por medio Mercado pago.<\/p>\n<p><a href=\"https:\/\/culturayespectaculos.com\/culturaabierta\/?fbclid=IwAR35KoBrphOKSNVjxphm6fXqgUc1octxucs50ChZeGDLKTT5y55sq5ZxPbY\">Encontra los 12 cortos aqu\u00ed<\/a><\/p>\n<\/div>\n<\/div>\n<\/div>\n<\/div>\n<\/div>\n<\/td>\n<td style=\"width: 399px\">\n<div dir=\"auto\"><img decoding=\"async\" loading=\"lazy\" class=\" wp-image-2815 aligncenter\" src=\"https:\/\/www.arte.unicen.edu.ar\/sustentarte\/wp-content\/uploads\/2020\/12\/proyecto-12-a-la-gorra-2-225x300.jpg\" alt=\"\" width=\"342\" height=\"456\" srcset=\"https:\/\/www.arte.unicen.edu.ar\/sustentarte\/wp-content\/uploads\/2020\/12\/proyecto-12-a-la-gorra-2-225x300.jpg 225w, https:\/\/www.arte.unicen.edu.ar\/sustentarte\/wp-content\/uploads\/2020\/12\/proyecto-12-a-la-gorra-2-768x1024.jpg 768w, https:\/\/www.arte.unicen.edu.ar\/sustentarte\/wp-content\/uploads\/2020\/12\/proyecto-12-a-la-gorra-2-750x1000.jpg 750w, https:\/\/www.arte.unicen.edu.ar\/sustentarte\/wp-content\/uploads\/2020\/12\/proyecto-12-a-la-gorra-2.jpg 1728w\" sizes=\"(max-width: 342px) 100vw, 342px\" \/><\/div>\n<\/td>\n<\/tr>\n<\/tbody>\n<\/table>\n<table style=\"height: 30px;width: 814px\">\n<tbody>\n<tr>\n<td style=\"width: 416px\"><img decoding=\"async\" loading=\"lazy\" class=\"alignnone wp-image-1881\" src=\"https:\/\/www.arte.unicen.edu.ar\/sustentarte\/wp-content\/uploads\/2020\/08\/base-de-dato-300x300.jpg\" alt=\"\" width=\"204\" height=\"204\" srcset=\"https:\/\/www.arte.unicen.edu.ar\/sustentarte\/wp-content\/uploads\/2020\/08\/base-de-dato-300x300.jpg 300w, https:\/\/www.arte.unicen.edu.ar\/sustentarte\/wp-content\/uploads\/2020\/08\/base-de-dato-150x150.jpg 150w, https:\/\/www.arte.unicen.edu.ar\/sustentarte\/wp-content\/uploads\/2020\/08\/base-de-dato-768x768.jpg 768w, https:\/\/www.arte.unicen.edu.ar\/sustentarte\/wp-content\/uploads\/2020\/08\/base-de-dato-1024x1024.jpg 1024w, https:\/\/www.arte.unicen.edu.ar\/sustentarte\/wp-content\/uploads\/2020\/08\/base-de-dato-750x750.jpg 750w, https:\/\/www.arte.unicen.edu.ar\/sustentarte\/wp-content\/uploads\/2020\/08\/base-de-dato.jpg 1080w\" sizes=\"(max-width: 204px) 100vw, 204px\" \/><img decoding=\"async\" loading=\"lazy\" class=\"alignnone wp-image-1830\" src=\"https:\/\/www.arte.unicen.edu.ar\/sustentarte\/wp-content\/uploads\/2020\/08\/e452ae9f-b16c-4a3e-b613-cb5b2f200332-300x300.jpg\" alt=\"\" width=\"204\" height=\"204\" srcset=\"https:\/\/www.arte.unicen.edu.ar\/sustentarte\/wp-content\/uploads\/2020\/08\/e452ae9f-b16c-4a3e-b613-cb5b2f200332-300x300.jpg 300w, https:\/\/www.arte.unicen.edu.ar\/sustentarte\/wp-content\/uploads\/2020\/08\/e452ae9f-b16c-4a3e-b613-cb5b2f200332-150x150.jpg 150w, https:\/\/www.arte.unicen.edu.ar\/sustentarte\/wp-content\/uploads\/2020\/08\/e452ae9f-b16c-4a3e-b613-cb5b2f200332-768x768.jpg 768w, https:\/\/www.arte.unicen.edu.ar\/sustentarte\/wp-content\/uploads\/2020\/08\/e452ae9f-b16c-4a3e-b613-cb5b2f200332-1024x1024.jpg 1024w, https:\/\/www.arte.unicen.edu.ar\/sustentarte\/wp-content\/uploads\/2020\/08\/e452ae9f-b16c-4a3e-b613-cb5b2f200332-750x750.jpg 750w, https:\/\/www.arte.unicen.edu.ar\/sustentarte\/wp-content\/uploads\/2020\/08\/e452ae9f-b16c-4a3e-b613-cb5b2f200332.jpg 1080w\" sizes=\"(max-width: 204px) 100vw, 204px\" \/><\/p>\n<div class=\"nc684nl6\"><\/div>\n<\/td>\n<td style=\"width: 382px\">\n<p style=\"text-align: justify\">Dentro de las ACCIONES que propone la Incubadora SustenArte proponemos: * Formar parte de nuestra base de datos para recibir posibles propuestas laborales respecto a las carreras de la Facultad de Arte (exclusivo estudiantes\/graduados).<\/p>\n<p style=\"text-align: justify\"><a href=\"https:\/\/docs.google.com\/forms\/d\/e\/1FAIpQLSdsafJypfeAE25aB3MLRidQKJPnXFzqye_a77xjSCX5A2RKrQ\/viewform\">Formulario de inscripci\u00f3n <\/a><\/p>\n<p style=\"text-align: justify\">*Colaborar en la difusi\u00f3n de seminarios\/talleres fomentando la sustentabilidad laboral de los trabajadores culturales (abierto a la comunidad de artistas) recibiendo la informaci\u00f3n v\u00eda e mail a sustentarte@arte.unicen.edu.ar<\/p>\n<\/td>\n<\/tr>\n<\/tbody>\n<\/table>\n","protected":false},"excerpt":{"rendered":"<p>(PAGINA EN PROCESO DE\u00a0 CREACI\u00d3N) &nbsp; &nbsp; &nbsp; &nbsp; A inicios del 2020 se activa esta convocatoria para ofrecer un taller destinado a\u00a0 directores teatrales, el cual\u00a0 se llevar\u00eda\u00a0 a [&hellip;]<\/p>\n","protected":false},"author":2,"featured_media":0,"parent":0,"menu_order":0,"comment_status":"closed","ping_status":"closed","template":"","meta":{"_mi_skip_tracking":false,"_exactmetrics_sitenote_active":false,"_exactmetrics_sitenote_note":"","_exactmetrics_sitenote_category":0},"_links":{"self":[{"href":"https:\/\/www.arte.unicen.edu.ar\/sustentarte\/index.php\/wp-json\/wp\/v2\/pages\/2983"}],"collection":[{"href":"https:\/\/www.arte.unicen.edu.ar\/sustentarte\/index.php\/wp-json\/wp\/v2\/pages"}],"about":[{"href":"https:\/\/www.arte.unicen.edu.ar\/sustentarte\/index.php\/wp-json\/wp\/v2\/types\/page"}],"author":[{"embeddable":true,"href":"https:\/\/www.arte.unicen.edu.ar\/sustentarte\/index.php\/wp-json\/wp\/v2\/users\/2"}],"replies":[{"embeddable":true,"href":"https:\/\/www.arte.unicen.edu.ar\/sustentarte\/index.php\/wp-json\/wp\/v2\/comments?post=2983"}],"version-history":[{"count":2,"href":"https:\/\/www.arte.unicen.edu.ar\/sustentarte\/index.php\/wp-json\/wp\/v2\/pages\/2983\/revisions"}],"predecessor-version":[{"id":4329,"href":"https:\/\/www.arte.unicen.edu.ar\/sustentarte\/index.php\/wp-json\/wp\/v2\/pages\/2983\/revisions\/4329"}],"wp:attachment":[{"href":"https:\/\/www.arte.unicen.edu.ar\/sustentarte\/index.php\/wp-json\/wp\/v2\/media?parent=2983"}],"curies":[{"name":"wp","href":"https:\/\/api.w.org\/{rel}","templated":true}]}}