{"id":1612,"date":"2020-07-15T08:14:12","date_gmt":"2020-07-15T11:14:12","guid":{"rendered":"https:\/\/www.arte.unicen.edu.ar\/sustentarte\/?page_id=1612"},"modified":"2025-12-01T10:20:02","modified_gmt":"2025-12-01T13:20:02","slug":"concursos","status":"publish","type":"page","link":"https:\/\/www.arte.unicen.edu.ar\/sustentarte\/index.php\/otras-disciplinas\/concursos\/","title":{"rendered":"Concursos"},"content":{"rendered":"<p><img decoding=\"async\" loading=\"lazy\" src=\"https:\/\/www.arte.unicen.edu.ar\/sustentarte\/wp-content\/uploads\/2020\/07\/medioliston_otras_disciplinas.png\" alt=\"\" width=\"1649\" height=\"36\" \/><\/p>\n<table style=\"height: 5px;\" width=\"837\">\n<tbody>\n<tr>\n<td style=\"width: 827px; text-align: center;\"><img decoding=\"async\" loading=\"lazy\" class=\"alignnone size-medium wp-image-11160\" src=\"https:\/\/www.arte.unicen.edu.ar\/sustentarte\/wp-content\/uploads\/2025\/07\/sony-world-photography-awards-300x191.jpg\" alt=\"\" width=\"300\" height=\"191\" srcset=\"https:\/\/www.arte.unicen.edu.ar\/sustentarte\/wp-content\/uploads\/2025\/07\/sony-world-photography-awards-300x191.jpg 300w, https:\/\/www.arte.unicen.edu.ar\/sustentarte\/wp-content\/uploads\/2025\/07\/sony-world-photography-awards.jpg 702w\" sizes=\"(max-width: 300px) 100vw, 300px\" \/><strong>SONY WORLD PHOTOGRAPHY AWARDS ABRE SU CONVOCATORIA<\/strong><\/p>\n<p>Sony World Photography Awards, la competici\u00f3n de fotograf\u00eda m\u00e1s grande del mundo, abre su convocatoria. Los fot\u00f3grafos son bienvenidos a presentar su trabajo de forma gratuita en cualquiera de las competiciones.<\/p>\n<p>CIERRE: 13 de Enero de 2026.<\/p>\n<p><a href=\"https:\/\/www.recursosculturales.com\/sony-world-photography-awards-convocatoria\/\" target=\"_blank\" rel=\"noopener\">M\u00e1s informaci\u00f3n<\/a><\/td>\n<\/tr>\n<\/tbody>\n<\/table>\n<table style=\"height: 330px;\" width=\"834\">\n<tbody>\n<tr>\n<td style=\"width: 824.492px; text-align: center;\"><img decoding=\"async\" loading=\"lazy\" class=\"alignnone size-full wp-image-11779\" src=\"https:\/\/www.arte.unicen.edu.ar\/sustentarte\/wp-content\/uploads\/2025\/11\/anaMariaMatute.jpeg\" alt=\"\" width=\"275\" height=\"183\" \/><strong>XXXVII PREMIO &#8220;ANA MARIA MATUTE&#8221; DE NARRATIVA DE MUJERES<\/strong><\/p>\n<p>Ediciones Torremozas convoca mujeres escritoras de cualquier nacionalidad con relatos en lengua espa\u00f1ola no premiados anteriormente en ning\u00fan otro concurso.<br \/>\nEl premio consiste en la dotaci\u00f3n de 150 euros y la publicaci\u00f3n del relato ganador.<\/p>\n<p>CIERRE: 15 de Enero de 2026<br \/>\n<a href=\"https:\/\/www.torremozas.com\/c\/premios\/premio-ana-maria-matute-de-narrativa-de-mujeres?srsltid=AfmBOor7Fa85PT-OSbe23CHtvVt-cUGzL3tR63cPdLA196kiPleCsmHC\">M\u00e1s informaci\u00f3n<\/a><\/td>\n<\/tr>\n<\/tbody>\n<\/table>\n<table style=\"width: 836px; height: 417px;\">\n<tbody>\n<tr>\n<td style=\"width: 826px; text-align: center;\"><img decoding=\"async\" loading=\"lazy\" class=\"alignnone size-medium wp-image-11586\" src=\"https:\/\/www.arte.unicen.edu.ar\/sustentarte\/wp-content\/uploads\/2025\/10\/museoPalabra-300x209.png\" alt=\"\" width=\"300\" height=\"209\" srcset=\"https:\/\/www.arte.unicen.edu.ar\/sustentarte\/wp-content\/uploads\/2025\/10\/museoPalabra-300x209.png 300w, https:\/\/www.arte.unicen.edu.ar\/sustentarte\/wp-content\/uploads\/2025\/10\/museoPalabra.png 411w\" sizes=\"(max-width: 300px) 100vw, 300px\" \/><\/p>\n<p><strong>VIII Premio Internacional de Microrrelatos<\/strong><\/p>\n<p>La \u00a0Fundaci\u00f3n C\u00e9sar Egido Serrano convoca a esta VIII Edici\u00f3n de concurso teniendo como premisa fundamental que la palabra sea la herramienta de convivencia entre culturas, religiones e ideolog\u00edas diferentes.<\/p>\n<p>CIERRE: 31 Enero de 2026.<\/p>\n<p><a href=\"https:\/\/www.fundacioncesaregidoserrano.com\/es\/\">M\u00e1s informaci\u00f3n<\/a><\/td>\n<\/tr>\n<\/tbody>\n<\/table>\n<table style=\"height: 174px;\" width=\"837\">\n<tbody>\n<tr style=\"height: 263.219px;\">\n<td style=\"width: 827px; height: 263.219px; text-align: center;\"><img decoding=\"async\" loading=\"lazy\" class=\"alignnone size-medium wp-image-11560\" style=\"font-size: revert; font-family: inherit; font-weight: inherit; color: initial;\" src=\"https:\/\/www.arte.unicen.edu.ar\/sustentarte\/wp-content\/uploads\/2025\/10\/lena-1-300x205.png\" alt=\"\" width=\"300\" height=\"205\" srcset=\"https:\/\/www.arte.unicen.edu.ar\/sustentarte\/wp-content\/uploads\/2025\/10\/lena-1-300x205.png 300w, https:\/\/www.arte.unicen.edu.ar\/sustentarte\/wp-content\/uploads\/2025\/10\/lena-1.png 506w\" sizes=\"(max-width: 300px) 100vw, 300px\" \/><\/p>\n<p><strong>LXII PREMIO INTERNACIONAL DE CUENTOS \u201cLENA \/ LLENA\u201d<\/strong><\/p>\n<p>El Ayuntamiento de Lena\/Llena, en colaboraci\u00f3n con la Consejer\u00eda de Cultura del Principado de Asturias, convoca un <strong>Concurso de Cuentos<\/strong> con tem\u00e1tica de libre elecci\u00f3n.<strong><br \/>\n<\/strong> La categor\u00eda internacional instituye un premio de \u20ac3000<\/p>\n<p>CIERRE: 31 de Enero de 2026<\/p>\n<p><a href=\"https:\/\/www.escritores.org\/recursos-para-escritores\/40977-lxiii-premio-internacional-de-cuentos-lena-llena\">M\u00e1s informaci\u00f3n<\/a><\/td>\n<\/tr>\n<\/tbody>\n<\/table>\n","protected":false},"excerpt":{"rendered":"<p>SONY WORLD PHOTOGRAPHY AWARDS ABRE SU CONVOCATORIA Sony World Photography Awards, la competici\u00f3n de fotograf\u00eda m\u00e1s grande del mundo, abre su convocatoria. Los fot\u00f3grafos son bienvenidos a presentar su trabajo [&hellip;]<\/p>\n","protected":false},"author":1,"featured_media":0,"parent":1367,"menu_order":0,"comment_status":"closed","ping_status":"closed","template":"","meta":{"_mi_skip_tracking":false,"_exactmetrics_sitenote_active":false,"_exactmetrics_sitenote_note":"","_exactmetrics_sitenote_category":0},"_links":{"self":[{"href":"https:\/\/www.arte.unicen.edu.ar\/sustentarte\/index.php\/wp-json\/wp\/v2\/pages\/1612"}],"collection":[{"href":"https:\/\/www.arte.unicen.edu.ar\/sustentarte\/index.php\/wp-json\/wp\/v2\/pages"}],"about":[{"href":"https:\/\/www.arte.unicen.edu.ar\/sustentarte\/index.php\/wp-json\/wp\/v2\/types\/page"}],"author":[{"embeddable":true,"href":"https:\/\/www.arte.unicen.edu.ar\/sustentarte\/index.php\/wp-json\/wp\/v2\/users\/1"}],"replies":[{"embeddable":true,"href":"https:\/\/www.arte.unicen.edu.ar\/sustentarte\/index.php\/wp-json\/wp\/v2\/comments?post=1612"}],"version-history":[{"count":2,"href":"https:\/\/www.arte.unicen.edu.ar\/sustentarte\/index.php\/wp-json\/wp\/v2\/pages\/1612\/revisions"}],"predecessor-version":[{"id":11793,"href":"https:\/\/www.arte.unicen.edu.ar\/sustentarte\/index.php\/wp-json\/wp\/v2\/pages\/1612\/revisions\/11793"}],"up":[{"embeddable":true,"href":"https:\/\/www.arte.unicen.edu.ar\/sustentarte\/index.php\/wp-json\/wp\/v2\/pages\/1367"}],"wp:attachment":[{"href":"https:\/\/www.arte.unicen.edu.ar\/sustentarte\/index.php\/wp-json\/wp\/v2\/media?parent=1612"}],"curies":[{"name":"wp","href":"https:\/\/api.w.org\/{rel}","templated":true}]}}