{"id":2234,"date":"2026-04-29T12:20:28","date_gmt":"2026-04-29T15:20:28","guid":{"rendered":"https:\/\/www.arte.unicen.edu.ar\/investigacionyposgrado\/?page_id=2234"},"modified":"2026-04-29T12:45:21","modified_gmt":"2026-04-29T15:45:21","slug":"diplomatura-en-tecnicas-y-proyectos-de-animacion-3d","status":"publish","type":"page","link":"https:\/\/www.arte.unicen.edu.ar\/investigacionyposgrado\/diplomatura-en-tecnicas-y-proyectos-de-animacion-3d\/","title":{"rendered":"Diplomatura en T\u00e9cnicas y Proyectos de Animaci\u00f3n 3D"},"content":{"rendered":"<div id=\"pl-2234\"  class=\"panel-layout\" ><div id=\"pg-2234-0\"  class=\"panel-grid panel-no-style\" ><div id=\"pgc-2234-0-0\"  class=\"panel-grid-cell\" ><div id=\"panel-2234-0-0-0\" class=\"so-panel widget widget_sow-image panel-first-child panel-last-child\" data-index=\"0\" ><div\n\t\t\t\n\t\t\tclass=\"so-widget-sow-image so-widget-sow-image-default-8b5b6f678277-2234\"\n\t\t\t\n\t\t>\n<div class=\"sow-image-container\">\n\t\t<img \n\tsrc=\"https:\/\/www.arte.unicen.edu.ar\/investigacionyposgrado\/wp-content\/uploads\/2026\/04\/Pre-inscripciones-DUPA-3D-2026.png\" width=\"2328\" height=\"928\" srcset=\"https:\/\/www.arte.unicen.edu.ar\/investigacionyposgrado\/wp-content\/uploads\/2026\/04\/Pre-inscripciones-DUPA-3D-2026.png 2328w, https:\/\/www.arte.unicen.edu.ar\/investigacionyposgrado\/wp-content\/uploads\/2026\/04\/Pre-inscripciones-DUPA-3D-2026-300x120.png 300w, https:\/\/www.arte.unicen.edu.ar\/investigacionyposgrado\/wp-content\/uploads\/2026\/04\/Pre-inscripciones-DUPA-3D-2026-1024x408.png 1024w, https:\/\/www.arte.unicen.edu.ar\/investigacionyposgrado\/wp-content\/uploads\/2026\/04\/Pre-inscripciones-DUPA-3D-2026-768x306.png 768w, https:\/\/www.arte.unicen.edu.ar\/investigacionyposgrado\/wp-content\/uploads\/2026\/04\/Pre-inscripciones-DUPA-3D-2026-1536x612.png 1536w, https:\/\/www.arte.unicen.edu.ar\/investigacionyposgrado\/wp-content\/uploads\/2026\/04\/Pre-inscripciones-DUPA-3D-2026-2048x816.png 2048w, https:\/\/www.arte.unicen.edu.ar\/investigacionyposgrado\/wp-content\/uploads\/2026\/04\/Pre-inscripciones-DUPA-3D-2026-465x185.png 465w, https:\/\/www.arte.unicen.edu.ar\/investigacionyposgrado\/wp-content\/uploads\/2026\/04\/Pre-inscripciones-DUPA-3D-2026-695x277.png 695w\" sizes=\"(max-width: 2328px) 100vw, 2328px\" alt=\"\" \t\tclass=\"so-widget-image\"\/>\n\t<\/div>\n\n<\/div><\/div><\/div><\/div><div id=\"pg-2234-1\"  class=\"panel-grid panel-no-style\" ><div id=\"pgc-2234-1-0\"  class=\"panel-grid-cell panel-grid-cell-empty\" ><\/div><div id=\"pgc-2234-1-1\"  class=\"panel-grid-cell panel-grid-cell-mobile-last\" ><div id=\"panel-2234-1-1-0\" class=\"so-panel widget widget_sow-editor panel-first-child panel-last-child\" data-index=\"1\" ><div\n\t\t\t\n\t\t\tclass=\"so-widget-sow-editor so-widget-sow-editor-base\"\n\t\t\t\n\t\t>\n<div class=\"siteorigin-widget-tinymce textwidget\">\n\t<p style=\"color: #7f3364; text-align: center;\"><strong>PRE INSCRIPCIONES 2026: desde el 15\/10\/2025 al 15\/11\/2025<\/strong><\/p>\n<p>Requisitos de preinscripci\u00f3n: contar con t\u00edtulo secundario y experiencia en la materia (esta \u00faltima no es excluyente).<\/p>\n<p>La pre inscripci\u00f3n para la cohorte 2026 estar\u00e1 abierta desde el 15 de octubre al 15 de noviembre del corriente mediante formulario de Google (el cual estar\u00e1 disponible en ese per\u00edodo): https:\/\/forms.gle\/HwWXt8qTevzPEqv79<\/p>\n<p>Para m\u00e1s informaci\u00f3n: diplomaturas@arte.unicen.edu.ar<\/p>\n<\/div>\n<\/div><\/div><\/div><div id=\"pgc-2234-1-2\"  class=\"panel-grid-cell panel-grid-cell-empty\" ><\/div><\/div><div id=\"pg-2234-2\"  class=\"panel-grid panel-has-style\" ><div class=\"panel-row-style panel-row-style-for-2234-2\" ><div id=\"pgc-2234-2-0\"  class=\"panel-grid-cell\" ><div id=\"panel-2234-2-0-0\" class=\"so-panel widget widget_sow-image panel-first-child panel-last-child\" data-index=\"2\" ><div\n\t\t\t\n\t\t\tclass=\"so-widget-sow-image so-widget-sow-image-default-8b5b6f678277-2234\"\n\t\t\t\n\t\t>\n<div class=\"sow-image-container\">\n\t\t<img \n\tsrc=\"https:\/\/www.arte.unicen.edu.ar\/investigacionyposgrado\/wp-content\/uploads\/2026\/04\/DUPA-3D-prueba.png\" width=\"436\" height=\"751\" srcset=\"https:\/\/www.arte.unicen.edu.ar\/investigacionyposgrado\/wp-content\/uploads\/2026\/04\/DUPA-3D-prueba.png 436w, https:\/\/www.arte.unicen.edu.ar\/investigacionyposgrado\/wp-content\/uploads\/2026\/04\/DUPA-3D-prueba-174x300.png 174w, https:\/\/www.arte.unicen.edu.ar\/investigacionyposgrado\/wp-content\/uploads\/2026\/04\/DUPA-3D-prueba-319x550.png 319w, https:\/\/www.arte.unicen.edu.ar\/investigacionyposgrado\/wp-content\/uploads\/2026\/04\/DUPA-3D-prueba-290x500.png 290w\" sizes=\"(max-width: 436px) 100vw, 436px\" alt=\"\" \t\tclass=\"so-widget-image\"\/>\n\t<\/div>\n\n<\/div><\/div><\/div><div id=\"pgc-2234-2-1\"  class=\"panel-grid-cell\" ><div id=\"panel-2234-2-1-0\" class=\"so-panel widget widget_sow-editor panel-first-child\" data-index=\"3\" ><div\n\t\t\t\n\t\t\tclass=\"so-widget-sow-editor so-widget-sow-editor-base\"\n\t\t\t\n\t\t>\n<div class=\"siteorigin-widget-tinymce textwidget\">\n\t<p style=\"color: #7f3364; text-align: center;\"><strong>\u00a1Descubre tu futuro laboral en la Animaci\u00f3n 3D!<\/strong><\/p>\n<p>-100% Virtual. Clases sincr\u00f3nicas y asincr\u00f3nicas.<br \/>\n-Duraci\u00f3n: un a\u00f1o y un cuatrimestre.<br \/>\nEl primer a\u00f1o de cursadas regulares y el cuatrimestre del segundo a\u00f1o para realizar una pr\u00e1ctica profesional o desarrollo de un proyecto.<\/p>\n<\/div>\n<\/div><\/div><div id=\"panel-2234-2-1-1\" class=\"so-panel widget widget_sow-editor panel-last-child\" data-index=\"4\" ><div\n\t\t\t\n\t\t\tclass=\"so-widget-sow-editor so-widget-sow-editor-base\"\n\t\t\t\n\t\t>\n<div class=\"siteorigin-widget-tinymce textwidget\">\n\t<p style=\"color: #7f3364; text-align: center;\"><strong>\u00a1Descubre tu futuro laboral en la Animaci\u00f3n 3D!<\/strong><\/p>\n<p><strong>Lo que ofrecemos:<\/strong><\/p>\n<p><strong style=\"color: #7f3364;\">Innovaci\u00f3n y Creatividad:<\/strong> explora las \u00faltimas tecnolog\u00edas y t\u00e9cnicas en animaci\u00f3n 3D.<br \/>\n<strong style=\"color: #7f3364;\">Oportunidades Profesionales:<\/strong> con\u00e9ctate con estudios de animaci\u00f3n y empresas tecnol\u00f3gicas.<br \/>\n<strong style=\"color: #7f3364;\">Educaci\u00f3n de calidad:<\/strong> aprende de profesores con amplia experiencia y \u00e9xito en la industria.<\/p>\n<p><strong>Beneficios:<\/strong><\/p>\n<p><strong style=\"color: #7f3364;\">Proyectos Pr\u00e1cticos:<\/strong> trabaja en proyectos reales y construye tu portafolio.<br \/>\n<strong style=\"color: #7f3364;\">Networking:<\/strong> oportunidades para conectarte con profesionales y empresas l\u00edderes.<br \/>\n<strong style=\"color: #7f3364;\">Certificaci\u00f3n Reconocida:<\/strong> obt\u00e9n una certificaci\u00f3n universitaria que respalde tus habilidades.<\/p>\n<\/div>\n<\/div><\/div><\/div><div id=\"pgc-2234-2-2\"  class=\"panel-grid-cell\" ><div id=\"panel-2234-2-2-0\" class=\"so-panel widget widget_sow-image panel-first-child panel-last-child\" data-index=\"5\" ><div\n\t\t\t\n\t\t\tclass=\"so-widget-sow-image so-widget-sow-image-default-8b5b6f678277-2234\"\n\t\t\t\n\t\t>\n<div class=\"sow-image-container\">\n\t\t<img \n\tsrc=\"https:\/\/www.arte.unicen.edu.ar\/investigacionyposgrado\/wp-content\/uploads\/2026\/04\/DUPA-3D-12.png\" width=\"331\" height=\"751\" srcset=\"https:\/\/www.arte.unicen.edu.ar\/investigacionyposgrado\/wp-content\/uploads\/2026\/04\/DUPA-3D-12.png 331w, https:\/\/www.arte.unicen.edu.ar\/investigacionyposgrado\/wp-content\/uploads\/2026\/04\/DUPA-3D-12-132x300.png 132w, https:\/\/www.arte.unicen.edu.ar\/investigacionyposgrado\/wp-content\/uploads\/2026\/04\/DUPA-3D-12-242x550.png 242w, https:\/\/www.arte.unicen.edu.ar\/investigacionyposgrado\/wp-content\/uploads\/2026\/04\/DUPA-3D-12-220x500.png 220w\" sizes=\"(max-width: 331px) 100vw, 331px\" alt=\"\" \t\tclass=\"so-widget-image\"\/>\n\t<\/div>\n\n<\/div><\/div><\/div><\/div><\/div><div id=\"pg-2234-3\"  class=\"panel-grid panel-no-style\" ><div id=\"pgc-2234-3-0\"  class=\"panel-grid-cell panel-grid-cell-empty\" ><\/div><div id=\"pgc-2234-3-1\"  class=\"panel-grid-cell panel-grid-cell-mobile-last\" ><div id=\"panel-2234-3-1-0\" class=\"so-panel widget widget_sow-editor panel-first-child panel-last-child\" data-index=\"6\" ><div\n\t\t\t\n\t\t\tclass=\"so-widget-sow-editor so-widget-sow-editor-base\"\n\t\t\t\n\t\t>\n<div class=\"siteorigin-widget-tinymce textwidget\">\n\t<p><strong>Cuadro de aranceles (vigentes para la cohorte 2024\/25)<\/strong><br \/>\n<strong>Presentaci\u00f3n\u00a0(clic aqu\u00ed)<\/strong><br \/>\n(Modalidad de dictado, plan de estudios, contenidos m\u00ednimos, arancel)<\/p>\n<p><strong>Informaci\u00f3n de contacto:<\/strong><\/p>\n<p><strong>Correo electr\u00f3nico:<\/strong> diplomaturas@arte.unicen.edu.ar<br \/>\n<strong>Tel\u00e9fono:<\/strong> +54 (0249) 444 0631 - Int. 9210<br \/>\n<strong>Redes Sociales:<\/strong> Facebook | Instagram<\/p>\n<\/div>\n<\/div><\/div><\/div><div id=\"pgc-2234-3-2\"  class=\"panel-grid-cell panel-grid-cell-empty\" ><\/div><\/div><\/div>","protected":false},"excerpt":{"rendered":"<p>PRE INSCRIPCIONES 2026: desde el 15\/10\/2025 al 15\/11\/2025 Requisitos de preinscripci\u00f3n: contar con t\u00edtulo secundario<span class=\"more-link\"><a href=\"https:\/\/www.arte.unicen.edu.ar\/investigacionyposgrado\/diplomatura-en-tecnicas-y-proyectos-de-animacion-3d\/\">M\u00e1s informaci\u00f3n<\/a><\/span><\/p>\n","protected":false},"author":2,"featured_media":0,"parent":0,"menu_order":0,"comment_status":"closed","ping_status":"closed","template":"","meta":{"footnotes":""},"class_list":["entry","author-cdelgado","post-2234","page","type-page","status-publish"],"_links":{"self":[{"href":"https:\/\/www.arte.unicen.edu.ar\/investigacionyposgrado\/wp-json\/wp\/v2\/pages\/2234","targetHints":{"allow":["GET"]}}],"collection":[{"href":"https:\/\/www.arte.unicen.edu.ar\/investigacionyposgrado\/wp-json\/wp\/v2\/pages"}],"about":[{"href":"https:\/\/www.arte.unicen.edu.ar\/investigacionyposgrado\/wp-json\/wp\/v2\/types\/page"}],"author":[{"embeddable":true,"href":"https:\/\/www.arte.unicen.edu.ar\/investigacionyposgrado\/wp-json\/wp\/v2\/users\/2"}],"replies":[{"embeddable":true,"href":"https:\/\/www.arte.unicen.edu.ar\/investigacionyposgrado\/wp-json\/wp\/v2\/comments?post=2234"}],"version-history":[{"count":2,"href":"https:\/\/www.arte.unicen.edu.ar\/investigacionyposgrado\/wp-json\/wp\/v2\/pages\/2234\/revisions"}],"predecessor-version":[{"id":2237,"href":"https:\/\/www.arte.unicen.edu.ar\/investigacionyposgrado\/wp-json\/wp\/v2\/pages\/2234\/revisions\/2237"}],"wp:attachment":[{"href":"https:\/\/www.arte.unicen.edu.ar\/investigacionyposgrado\/wp-json\/wp\/v2\/media?parent=2234"}],"curies":[{"name":"wp","href":"https:\/\/api.w.org\/{rel}","templated":true}]}}