{"id":1965,"date":"2025-12-26T07:55:39","date_gmt":"2025-12-26T10:55:39","guid":{"rendered":"https:\/\/www.arte.unicen.edu.ar\/investigacionyposgrado\/?page_id=1965"},"modified":"2026-04-30T10:43:46","modified_gmt":"2026-04-30T13:43:46","slug":"reuniones-cientificas-y-congresos-2024-2025","status":"publish","type":"page","link":"https:\/\/www.arte.unicen.edu.ar\/investigacionyposgrado\/reuniones-cientificas-y-congresos-2024-2025\/","title":{"rendered":"Reuniones cient\u00edficas y Congresos"},"content":{"rendered":"<div id=\"pl-1965\"  class=\"panel-layout\" ><div id=\"pg-1965-0\"  class=\"panel-grid panel-no-style\" ><div id=\"pgc-1965-0-0\"  class=\"panel-grid-cell panel-grid-cell-empty\" ><\/div><div id=\"pgc-1965-0-1\"  class=\"panel-grid-cell panel-grid-cell-mobile-last\" ><div id=\"panel-1965-0-1-0\" class=\"so-panel widget widget_sow-editor panel-first-child panel-last-child\" data-index=\"0\" ><div\n\t\t\t\n\t\t\tclass=\"so-widget-sow-editor so-widget-sow-editor-base\"\n\t\t\t\n\t\t>\n<div class=\"siteorigin-widget-tinymce textwidget\">\n\t<p><span style=\"font-family: arial, helvetica, sans-serif; font-size: 14px;\"><strong>XVI Jornadas Internacionales\/Nacionales de Historia, Arte y Pol\u00edtica<br \/>\n<\/strong><\/span><span style=\"font-family: arial, helvetica, sans-serif; font-size: 14px;\"><strong>8, 9 y 10 de octubre de 2025 en la ciudad de Tandil.<br \/>\n<\/strong><\/span><\/p>\n<p class=\"\" data-start=\"389\" data-end=\"503\"><span style=\"font-family: arial, helvetica, sans-serif; font-size: 14px;\"><span class=\"relative -mx-px my-[-0.2rem] rounded px-px py-[0.2rem] transition-colors duration-100 ease-in-out\">Estas Jornadas, organizadas por el Departamento de Historia y Teor\u00eda del Arte, tienen como objetivo promover el di\u00e1logo acad\u00e9mico y la reflexi\u00f3n cr\u00edtica en torno a las relaciones entre arte y pol\u00edtica en las sociedades contempor\u00e1neas.<\/span>\u00a0<span class=\"relative -mx-px my-[-0.2rem] rounded px-px py-[0.2rem] transition-colors duration-100 ease-in-out\">Desde su creaci\u00f3n en 2010, han consolidado un espacio de encuentro y debate para docentes investigadores de las artes y las ciencias sociales, artistas y comunidad acad\u00e9mica en general.\u00a0<\/span><\/span><\/p>\n<p class=\"\" data-start=\"505\" data-end=\"535\"><span style=\"font-family: arial, helvetica, sans-serif; font-size: 14px;\"><strong data-start=\"505\" data-end=\"535\">Ejes tem\u00e1ticos:<\/strong><\/span><\/p>\n<ol data-start=\"537\" data-end=\"833\">\n<li class=\"\" data-start=\"537\" data-end=\"579\">\n<p class=\"\" data-start=\"540\" data-end=\"579\"><span class=\"relative -mx-px my-[-0.2rem] rounded px-px py-[0.2rem] transition-colors duration-100 ease-in-out\" style=\"font-family: arial, helvetica, sans-serif; font-size: 14px;\">La construcci\u00f3n de identidades, sujetos e instituciones en el mundo de las artes.<\/span><\/p>\n<\/li>\n<li class=\"\" data-start=\"580\" data-end=\"622\">\n<p class=\"\" data-start=\"583\" data-end=\"622\"><span class=\"relative -mx-px my-[-0.2rem] rounded px-px py-[0.2rem] transition-colors duration-100 ease-in-out\" style=\"font-family: arial, helvetica, sans-serif; font-size: 14px;\">Im\u00e1genes de lo real: los registros visuales, audiovisuales y perform\u00e1ticos.<\/span><\/p>\n<\/li>\n<li class=\"\" data-start=\"623\" data-end=\"665\">\n<p class=\"\" data-start=\"626\" data-end=\"665\"><span class=\"relative -mx-px my-[-0.2rem] rounded px-px py-[0.2rem] transition-colors duration-100 ease-in-out\" style=\"font-family: arial, helvetica, sans-serif; font-size: 14px;\">Arte, memoria y g\u00e9nero.<\/span><\/p>\n<\/li>\n<li class=\"\" data-start=\"666\" data-end=\"708\">\n<p class=\"\" data-start=\"669\" data-end=\"708\"><span class=\"relative -mx-px my-[-0.2rem] rounded px-px py-[0.2rem] transition-colors duration-100 ease-in-out\" style=\"font-family: arial, helvetica, sans-serif; font-size: 14px;\">Patrimonio, gesti\u00f3n cultural y pol\u00edticas culturales.<\/span><\/p>\n<\/li>\n<li class=\"\" data-start=\"709\" data-end=\"751\">\n<p class=\"\" data-start=\"712\" data-end=\"751\"><span class=\"relative -mx-px my-[-0.2rem] rounded px-px py-[0.2rem] transition-colors duration-100 ease-in-out\" style=\"font-family: arial, helvetica, sans-serif; font-size: 14px;\">Transmedialidad en las artes: cruces entre medios, narrativas, pol\u00edticas y p\u00fablicos.<\/span><\/p>\n<\/li>\n<li class=\"\" data-start=\"752\" data-end=\"833\">\n<p class=\"\" data-start=\"755\" data-end=\"833\"><span class=\"relative -mx-px my-[-0.2rem] rounded px-px py-[0.2rem] transition-colors duration-100 ease-in-out\" style=\"font-family: arial, helvetica, sans-serif; font-size: 14px;\">Historia, teor\u00eda y filosof\u00eda de las artes.<\/span><\/p>\n<\/li>\n<\/ol>\n<ul data-start=\"860\" data-end=\"1076\">\n<li class=\"\" data-start=\"860\" data-end=\"948\">\n<p class=\"\" data-start=\"862\" data-end=\"948\"><span style=\"font-family: arial, helvetica, sans-serif; font-size: 14px;\"><strong data-start=\"862\" data-end=\"908\">Fecha l\u00edmite para la entrega de res\u00famenes:<\/strong>\u00a0<span class=\"relative -mx-px my-[-0.2rem] rounded px-px py-[0.2rem] transition-colors duration-100 ease-in-out\">lunes 18 de agosto de 2025.<\/span><\/span><\/p>\n<\/li>\n<li class=\"\" data-start=\"949\" data-end=\"1076\">\n<p class=\"\" data-start=\"951\" data-end=\"1076\"><span style=\"font-family: arial, helvetica, sans-serif; font-size: 14px;\"><strong data-start=\"951\" data-end=\"997\">Fecha l\u00edmite para la entrega de ponencias:<\/strong>\u00a0<span class=\"relative -mx-px my-[-0.2rem] rounded px-px py-[0.2rem] transition-colors duration-100 ease-in-out\">lunes 8 de septiembre de 2025.<\/span><\/span><\/p>\n<\/li>\n<\/ul>\n<p class=\"\" data-start=\"1078\" data-end=\"1156\"><span class=\"relative -mx-px my-[-0.2rem] rounded px-px py-[0.2rem] transition-colors duration-100 ease-in-out\" style=\"font-family: arial, helvetica, sans-serif; font-size: 14px;\">Las propuestas deber\u00e1n enviarse por correo electr\u00f3nico a la direcci\u00f3n:\u00a0<a href=\"mailto:jnhap.unicen@gmail.com\" data-start=\"71\" data-end=\"126\">jnhap.unicen@gmail.com<\/a>, indicando en el asunto:\u00a0<em data-start=\"152\" data-end=\"189\">APELLIDO, NOMBRE \u2013 Resumen \u2013 N\u00b0 Mesa\/Eje\u00a0<\/em><\/span><\/p>\n<p class=\"\" data-start=\"1158\" data-end=\"1325\"><span style=\"font-family: arial, helvetica, sans-serif; font-size: 14px;\">Para m\u00e1s informaci\u00f3n y detalles sobre la convocatoria, pueden\u00a0<a href=\"https:\/\/www.arte.unicen.edu.ar\/investigacionyposgrado\/wp-content\/uploads\/2025\/12\/XVI-JIHAP-Tandil-Primera-Circular.pdf\" target=\"_blank\" rel=\"noopener\"><strong>consultar la primera circular.<\/strong><\/a><\/span><\/p>\n<p><span style=\"font-family: arial, helvetica, sans-serif; font-size: 14px;\"><strong><br \/>\nI Congreso Internacional en Artes. Procesos creativos, pr\u00e1cticas expandidas y territorialidades<\/strong><br \/>\nDel 11 al 13 de abril de 2024 en la ciudad de Tandil, con formato h\u00edbrido.<\/span><\/p>\n<p><span style=\"font-family: arial, helvetica, sans-serif; font-size: 14px;\">Hasta el 29 de febrero 2024 se podr\u00e1n presentar res\u00famenes.<\/span><br \/>\n<span style=\"font-family: arial, helvetica, sans-serif; font-size: 14px;\">Toda la informaci\u00f3n sobre el Congreso en el micrositio:\u00a0https:\/\/www.arte.unicen.edu.ar\/congreso_artes\/<\/span><\/p>\n<p><span style=\"font-family: arial, helvetica, sans-serif; font-size: 14px;\">Para acceder al formulario de aval institucional y econ\u00f3mico deber\u00e1n enviar la planilla correspondiente <a href=\"https:\/\/www.arte.unicen.edu.ar\/investigacionyposgrado\/wp-content\/uploads\/2025\/12\/FORMULARIO-AVAL-Y-FINANCIAMIENTO-REUNIONES-y-CONGRESOS.pdf\" target=\"_blank\" rel=\"noopener\">(hacer clic aqu\u00ed para su descarga)<\/a> al mail:\u00a0 investigacion@arte.unicen.edu.ar<\/span><\/p>\n<p><span style=\"font-family: arial, helvetica, sans-serif; font-size: 14px;\">Para acceder al instructivo de rendiciones <a href=\"https:\/\/www.arte.unicen.edu.ar\/investigacionyposgrado\/wp-content\/uploads\/2025\/12\/Instructivo-rendiciones.pdf\">(hacer clic aqu\u00ed)<\/a><\/span><\/p>\n<p><strong>XV Jornadas Internacionales y Nacionales de Historia, Arte y Pol\u00edtica que se realizar\u00e1n en la Facultad de Arte (UNICEN)<\/strong><br \/>\nDel 2 al 4 de octubre de 2024<\/p>\n<p>Las Jornadas son organizadas por el Departamento de Historia y Teor\u00eda del Arte y suceder\u00e1n de forma bimodal, pudiendo optar entre la presentaci\u00f3n virtual o presencial.<\/p>\n<p>Se encuentra disponible la Primera Circular: XV JINHAP \u2013 <a href=\"https:\/\/www.arte.unicen.edu.ar\/investigacionyposgrado\/wp-content\/uploads\/2025\/12\/XV-JINHAP-Primera-Circular.pdf\">Primera Circular<\/a><\/p>\n<p><strong>III JORNADAS INTERNACIONALES sobre la ENSE\u00d1ANZA de la ESCENOGRAF\u00cdA y la DIRECCI\u00d3N de ARTE<\/strong><br \/>\n27 y 28 de marzo de 2025 - modalidad virtual<br \/>\nOrganizadas desde el Instituto de Estudios Escenogr\u00e1ficos en Artes Esc\u00e9nicas y Audiovisuales (INDEES), dependiente del Centro de Investigaciones Dram\u00e1ticas de la Facultad de Arte, con el acompa\u00f1amiento del Programa INNOVART.<br \/>\n<a href=\"https:\/\/www.arte.unicen.edu.ar\/investigacionyposgrado\/wp-content\/uploads\/2025\/12\/PRIMERA-CIRCULAR-III-JORNADAS-INTERNACIONALES-sobre-la-ENSENANZA-de-la-ESCENOGRAFIA-y-la-DIRECCION-de-ARTE.pdf\" target=\"_blank\" rel=\"noopener\">Primera circular<\/a><\/p>\n<\/div>\n<\/div><\/div><\/div><div id=\"pgc-1965-0-2\"  class=\"panel-grid-cell panel-grid-cell-empty\" ><\/div><\/div><\/div>","protected":false},"excerpt":{"rendered":"<p>XVI Jornadas Internacionales\/Nacionales de Historia, Arte y Pol\u00edtica 8, 9 y 10 de octubre de<span class=\"more-link\"><a href=\"https:\/\/www.arte.unicen.edu.ar\/investigacionyposgrado\/reuniones-cientificas-y-congresos-2024-2025\/\">M\u00e1s informaci\u00f3n<\/a><\/span><\/p>\n","protected":false},"author":2,"featured_media":0,"parent":0,"menu_order":0,"comment_status":"closed","ping_status":"closed","template":"","meta":{"footnotes":""},"class_list":["entry","author-cdelgado","post-1965","page","type-page","status-publish"],"_links":{"self":[{"href":"https:\/\/www.arte.unicen.edu.ar\/investigacionyposgrado\/wp-json\/wp\/v2\/pages\/1965","targetHints":{"allow":["GET"]}}],"collection":[{"href":"https:\/\/www.arte.unicen.edu.ar\/investigacionyposgrado\/wp-json\/wp\/v2\/pages"}],"about":[{"href":"https:\/\/www.arte.unicen.edu.ar\/investigacionyposgrado\/wp-json\/wp\/v2\/types\/page"}],"author":[{"embeddable":true,"href":"https:\/\/www.arte.unicen.edu.ar\/investigacionyposgrado\/wp-json\/wp\/v2\/users\/2"}],"replies":[{"embeddable":true,"href":"https:\/\/www.arte.unicen.edu.ar\/investigacionyposgrado\/wp-json\/wp\/v2\/comments?post=1965"}],"version-history":[{"count":2,"href":"https:\/\/www.arte.unicen.edu.ar\/investigacionyposgrado\/wp-json\/wp\/v2\/pages\/1965\/revisions"}],"predecessor-version":[{"id":2270,"href":"https:\/\/www.arte.unicen.edu.ar\/investigacionyposgrado\/wp-json\/wp\/v2\/pages\/1965\/revisions\/2270"}],"wp:attachment":[{"href":"https:\/\/www.arte.unicen.edu.ar\/investigacionyposgrado\/wp-json\/wp\/v2\/media?parent=1965"}],"curies":[{"name":"wp","href":"https:\/\/api.w.org\/{rel}","templated":true}]}}

Reuniones científicas y Congresos

<div id="pl-1965"  class="panel-layout" ><div id="pg-1965-0"  class="panel-grid panel-no-style" ><div id="pgc-1965-0-0"  class="panel-grid-cell panel-grid-cell-empty" ></div><div id="pgc-1965-0-1"  class="panel-grid-cell panel-grid-cell-mobile-last" ><div id="panel-1965-0-1-0" class="so-panel widget widget_sow-editor panel-first-child panel-last-child" data-index="0" ><div
			
			class="so-widget-sow-editor so-widget-sow-editor-base"
			
		>
<div class="siteorigin-widget-tinymce textwidget">
	<p><span style="font-family: arial, helvetica, sans-serif; font-size: 14px;"><strong>XVI Jornadas Internacionales/Nacionales de Historia, Arte y Política<br />
</strong></span><span style="font-family: arial, helvetica, sans-serif; font-size: 14px;"><strong>8, 9 y 10 de octubre de 2025 en la ciudad de Tandil.<br />
</strong></span></p>
<p class="" data-start="389" data-end="503"><span style="font-family: arial, helvetica, sans-serif; font-size: 14px;"><span class="relative -mx-px my-[-0.2rem] rounded px-px py-[0.2rem] transition-colors duration-100 ease-in-out">Estas Jornadas, organizadas por el Departamento de Historia y Teoría del Arte, tienen como objetivo promover el diálogo académico y la reflexión crítica en torno a las relaciones entre arte y política en las sociedades contemporáneas.</span> <span class="relative -mx-px my-[-0.2rem] rounded px-px py-[0.2rem] transition-colors duration-100 ease-in-out">Desde su creación en 2010, han consolidado un espacio de encuentro y debate para docentes investigadores de las artes y las ciencias sociales, artistas y comunidad académica en general. </span></span></p>
<p class="" data-start="505" data-end="535"><span style="font-family: arial, helvetica, sans-serif; font-size: 14px;"><strong data-start="505" data-end="535">Ejes temáticos:</strong></span></p>
<ol data-start="537" data-end="833">
<li class="" data-start="537" data-end="579">
<p class="" data-start="540" data-end="579"><span class="relative -mx-px my-[-0.2rem] rounded px-px py-[0.2rem] transition-colors duration-100 ease-in-out" style="font-family: arial, helvetica, sans-serif; font-size: 14px;">La construcción de identidades, sujetos e instituciones en el mundo de las artes.</span></p>
</li>
<li class="" data-start="580" data-end="622">
<p class="" data-start="583" data-end="622"><span class="relative -mx-px my-[-0.2rem] rounded px-px py-[0.2rem] transition-colors duration-100 ease-in-out" style="font-family: arial, helvetica, sans-serif; font-size: 14px;">Imágenes de lo real: los registros visuales, audiovisuales y performáticos.</span></p>
</li>
<li class="" data-start="623" data-end="665">
<p class="" data-start="626" data-end="665"><span class="relative -mx-px my-[-0.2rem] rounded px-px py-[0.2rem] transition-colors duration-100 ease-in-out" style="font-family: arial, helvetica, sans-serif; font-size: 14px;">Arte, memoria y género.</span></p>
</li>
<li class="" data-start="666" data-end="708">
<p class="" data-start="669" data-end="708"><span class="relative -mx-px my-[-0.2rem] rounded px-px py-[0.2rem] transition-colors duration-100 ease-in-out" style="font-family: arial, helvetica, sans-serif; font-size: 14px;">Patrimonio, gestión cultural y políticas culturales.</span></p>
</li>
<li class="" data-start="709" data-end="751">
<p class="" data-start="712" data-end="751"><span class="relative -mx-px my-[-0.2rem] rounded px-px py-[0.2rem] transition-colors duration-100 ease-in-out" style="font-family: arial, helvetica, sans-serif; font-size: 14px;">Transmedialidad en las artes: cruces entre medios, narrativas, políticas y públicos.</span></p>
</li>
<li class="" data-start="752" data-end="833">
<p class="" data-start="755" data-end="833"><span class="relative -mx-px my-[-0.2rem] rounded px-px py-[0.2rem] transition-colors duration-100 ease-in-out" style="font-family: arial, helvetica, sans-serif; font-size: 14px;">Historia, teoría y filosofía de las artes.</span></p>
</li>
</ol>
<ul data-start="860" data-end="1076">
<li class="" data-start="860" data-end="948">
<p class="" data-start="862" data-end="948"><span style="font-family: arial, helvetica, sans-serif; font-size: 14px;"><strong data-start="862" data-end="908">Fecha límite para la entrega de resúmenes:</strong> <span class="relative -mx-px my-[-0.2rem] rounded px-px py-[0.2rem] transition-colors duration-100 ease-in-out">lunes 18 de agosto de 2025.</span></span></p>
</li>
<li class="" data-start="949" data-end="1076">
<p class="" data-start="951" data-end="1076"><span style="font-family: arial, helvetica, sans-serif; font-size: 14px;"><strong data-start="951" data-end="997">Fecha límite para la entrega de ponencias:</strong> <span class="relative -mx-px my-[-0.2rem] rounded px-px py-[0.2rem] transition-colors duration-100 ease-in-out">lunes 8 de septiembre de 2025.</span></span></p>
</li>
</ul>
<p class="" data-start="1078" data-end="1156"><span class="relative -mx-px my-[-0.2rem] rounded px-px py-[0.2rem] transition-colors duration-100 ease-in-out" style="font-family: arial, helvetica, sans-serif; font-size: 14px;">Las propuestas deberán enviarse por correo electrónico a la dirección: <a href="mailto:jnhap.unicen@gmail.com" data-start="71" data-end="126">jnhap.unicen@gmail.com</a>, indicando en el asunto: <em data-start="152" data-end="189">APELLIDO, NOMBRE – Resumen – N° Mesa/Eje </em></span></p>
<p class="" data-start="1158" data-end="1325"><span style="font-family: arial, helvetica, sans-serif; font-size: 14px;">Para más información y detalles sobre la convocatoria, pueden <a href="https://www.arte.unicen.edu.ar/investigacionyposgrado/wp-content/uploads/2025/12/XVI-JIHAP-Tandil-Primera-Circular.pdf" target="_blank" rel="noopener"><strong>consultar la primera circular.</strong></a></span></p>
<p><span style="font-family: arial, helvetica, sans-serif; font-size: 14px;"><strong><br />
I Congreso Internacional en Artes. Procesos creativos, prácticas expandidas y territorialidades</strong><br />
Del 11 al 13 de abril de 2024 en la ciudad de Tandil, con formato híbrido.</span></p>
<p><span style="font-family: arial, helvetica, sans-serif; font-size: 14px;">Hasta el 29 de febrero 2024 se podrán presentar resúmenes.</span><br />
<span style="font-family: arial, helvetica, sans-serif; font-size: 14px;">Toda la información sobre el Congreso en el micrositio: https://www.arte.unicen.edu.ar/congreso_artes/</span></p>
<p><span style="font-family: arial, helvetica, sans-serif; font-size: 14px;">Para acceder al formulario de aval institucional y económico deberán enviar la planilla correspondiente <a href="https://www.arte.unicen.edu.ar/investigacionyposgrado/wp-content/uploads/2025/12/FORMULARIO-AVAL-Y-FINANCIAMIENTO-REUNIONES-y-CONGRESOS.pdf" target="_blank" rel="noopener">(hacer clic aquí para su descarga)</a> al mail:  investigacion@arte.unicen.edu.ar</span></p>
<p><span style="font-family: arial, helvetica, sans-serif; font-size: 14px;">Para acceder al instructivo de rendiciones <a href="https://www.arte.unicen.edu.ar/investigacionyposgrado/wp-content/uploads/2025/12/Instructivo-rendiciones.pdf">(hacer clic aquí)</a></span></p>
<p><strong>XV Jornadas Internacionales y Nacionales de Historia, Arte y Política que se realizarán en la Facultad de Arte (UNICEN)</strong><br />
Del 2 al 4 de octubre de 2024</p>
<p>Las Jornadas son organizadas por el Departamento de Historia y Teoría del Arte y sucederán de forma bimodal, pudiendo optar entre la presentación virtual o presencial.</p>
<p>Se encuentra disponible la Primera Circular: XV JINHAP – <a href="https://www.arte.unicen.edu.ar/investigacionyposgrado/wp-content/uploads/2025/12/XV-JINHAP-Primera-Circular.pdf">Primera Circular</a></p>
<p><strong>III JORNADAS INTERNACIONALES sobre la ENSEÑANZA de la ESCENOGRAFÍA y la DIRECCIÓN de ARTE</strong><br />
27 y 28 de marzo de 2025 - modalidad virtual<br />
Organizadas desde el Instituto de Estudios Escenográficos en Artes Escénicas y Audiovisuales (INDEES), dependiente del Centro de Investigaciones Dramáticas de la Facultad de Arte, con el acompañamiento del Programa INNOVART.<br />
<a href="https://www.arte.unicen.edu.ar/investigacionyposgrado/wp-content/uploads/2025/12/PRIMERA-CIRCULAR-III-JORNADAS-INTERNACIONALES-sobre-la-ENSENANZA-de-la-ESCENOGRAFIA-y-la-DIRECCION-de-ARTE.pdf" target="_blank" rel="noopener">Primera circular</a></p>
</div>
</div></div></div><div id="pgc-1965-0-2"  class="panel-grid-cell panel-grid-cell-empty" ></div></div></div>

<p>XVI Jornadas Internacionales/Nacionales de Historia, Arte y Política 8, 9 y 10 de octubre de<span class="more-link"><a href="https://www.arte.unicen.edu.ar/investigacionyposgrado/reuniones-cientificas-y-congresos-2024-2025/">Más información</a></span></p>
