{"id":129,"date":"2015-05-06T20:07:02","date_gmt":"2015-05-06T23:07:02","guid":{"rendered":"https:\/\/www.arte.unicen.edu.ar\/indees\/?page_id=129"},"modified":"2015-05-06T20:07:02","modified_gmt":"2015-05-06T23:07:02","slug":"institucional","status":"publish","type":"page","link":"https:\/\/www.arte.unicen.edu.ar\/indees\/institucional\/","title":{"rendered":"Institucional"},"content":{"rendered":"<p>Mediante nuestro apartado institucional lo invitamos a interiorizarse sobre la historia del\u00a0<strong>Instituto de Estudios Escenogr\u00e1ficos en Artes Esc\u00e9nicas y Audiovisuales<\/strong>, su misi\u00f3n, objetivos, integrantes y las actividades promovidas. Por favor seleccione una de las siguientes secciones para continuar&#8230;<\/p>\n<ul style=\"list-style-type: square;\">\n<li><a href=\"https:\/\/www.arte.unicen.edu.ar\/indees\/institucional\/historia\/\">Historia<\/a><\/li>\n<li><a href=\"https:\/\/www.arte.unicen.edu.ar\/indees\/institucional\/propositos-y-objetivos\/\">Prop\u00f3sitos y objetivos<\/a><\/li>\n<li><a href=\"https:\/\/www.arte.unicen.edu.ar\/indees\/institucional\/staff\/\">Staff<\/a><\/li>\n<li><a href=\"https:\/\/www.arte.unicen.edu.ar\/indees\/institucional\/acuerdos-y-convenios\/\">Acuerdos y convenios<\/a><\/li>\n<li><a href=\"https:\/\/www.arte.unicen.edu.ar\/indees\/institucional\/subsidios-recibidos\/\">Subsidios recibidos<\/a><\/li>\n<li><a href=\"https:\/\/www.arte.unicen.edu.ar\/indees\/institucional\/congreso-de-escenografia\/\">Congreso de Escenograf\u00eda<\/a><\/li>\n<li><a href=\"https:\/\/www.arte.unicen.edu.ar\/indees\/institucional\/escenauno\/\">EscenaUno<\/a> (visite la web oficial en <a href=\"http:\/\/www.escenauno.org\" target=\"_blank\" rel=\"noopener noreferrer\">escenauno.org<\/a>)<\/li>\n<li><a href=\"http:\/\/www.indees.com.ar\/category\/noticias\">Noticias del INDEES<\/a><\/li>\n<li>Centro de Documentaci\u00f3n<\/li>\n<\/ul>\n","protected":false},"excerpt":{"rendered":"<p>Mediante nuestro apartado institucional lo invitamos a interiorizarse sobre la historia del\u00a0Instituto de Estudios Escenogr\u00e1ficos en Artes Esc\u00e9nicas y Audiovisuales, su misi\u00f3n, objetivos, integrantes y las actividades promovidas. Por&#8230; <\/p>\n<div align=\"right\"><a href=\"https:\/\/www.arte.unicen.edu.ar\/indees\/institucional\/\" class=\"read-more\"><span class=\"fa fa-hand-o-right\"><\/span> Leer m\u00e1s&#8230;<\/a><\/div>\n","protected":false},"author":1,"featured_media":0,"parent":0,"menu_order":0,"comment_status":"closed","ping_status":"closed","template":"","meta":{"footnotes":""},"_links":{"self":[{"href":"https:\/\/www.arte.unicen.edu.ar\/indees\/wp-json\/wp\/v2\/pages\/129"}],"collection":[{"href":"https:\/\/www.arte.unicen.edu.ar\/indees\/wp-json\/wp\/v2\/pages"}],"about":[{"href":"https:\/\/www.arte.unicen.edu.ar\/indees\/wp-json\/wp\/v2\/types\/page"}],"author":[{"embeddable":true,"href":"https:\/\/www.arte.unicen.edu.ar\/indees\/wp-json\/wp\/v2\/users\/1"}],"replies":[{"embeddable":true,"href":"https:\/\/www.arte.unicen.edu.ar\/indees\/wp-json\/wp\/v2\/comments?post=129"}],"version-history":[{"count":0,"href":"https:\/\/www.arte.unicen.edu.ar\/indees\/wp-json\/wp\/v2\/pages\/129\/revisions"}],"wp:attachment":[{"href":"https:\/\/www.arte.unicen.edu.ar\/indees\/wp-json\/wp\/v2\/media?parent=129"}],"curies":[{"name":"wp","href":"https:\/\/api.w.org\/{rel}","templated":true}]}}