{"id":9938,"date":"2024-09-20T10:14:22","date_gmt":"2024-09-20T13:14:22","guid":{"rendered":"https:\/\/www.arte.unicen.edu.ar\/entodas\/?post_type=tribe_events&#038;p=9938"},"modified":"2024-09-20T10:14:22","modified_gmt":"2024-09-20T13:14:22","slug":"jovenes-en-escena-hall-abierto","status":"publish","type":"tribe_events","link":"https:\/\/www.arte.unicen.edu.ar\/entodas\/?tribe_events=jovenes-en-escena-hall-abierto","title":{"rendered":"J\u00d3VENES EN ESCENA &#8211; Hall Abierto"},"content":{"rendered":"<p><img loading=\"lazy\" decoding=\"async\" class=\"size-medium wp-image-9926 aligncenter\" src=\"https:\/\/www.arte.unicen.edu.ar\/entodas\/wp-content\/uploads\/2024\/09\/WhatsApp-Image-2024-09-20-at-08.59.57-300x300.jpeg\" alt=\"\" width=\"300\" height=\"300\" srcset=\"https:\/\/www.arte.unicen.edu.ar\/entodas\/wp-content\/uploads\/2024\/09\/WhatsApp-Image-2024-09-20-at-08.59.57-300x300.jpeg 300w, https:\/\/www.arte.unicen.edu.ar\/entodas\/wp-content\/uploads\/2024\/09\/WhatsApp-Image-2024-09-20-at-08.59.57-800x800.jpeg 800w, https:\/\/www.arte.unicen.edu.ar\/entodas\/wp-content\/uploads\/2024\/09\/WhatsApp-Image-2024-09-20-at-08.59.57-768x769.jpeg 768w, https:\/\/www.arte.unicen.edu.ar\/entodas\/wp-content\/uploads\/2024\/09\/WhatsApp-Image-2024-09-20-at-08.59.57.jpeg 1080w\" sizes=\"(max-width: 300px) 100vw, 300px\" \/><\/p>\n<div class=\"xdj266r x11i5rnm xat24cr x1mh8g0r x1vvkbs x126k92a\">\n<div dir=\"auto\">La Secretar\u00eda de Extensi\u00f3n de la Facultad de arte invita a recorrer la muestra J\u00f3venes en escena. Participaci\u00f3n pol\u00edtica y memorias.<\/div>\n<\/div>\n<div class=\"x11i5rnm xat24cr x1mh8g0r x1vvkbs xtlvy1s x126k92a\">\n<div dir=\"auto\">\u00bfQu\u00e9 lugar ocupan les j\u00f3venes en la sociedad? \u00bfC\u00f3mo responden ante las diversas representaciones que se hacen sobre elles? \u00bfCu\u00e1les son las representaciones que construyen sobre s\u00ed mismos y sobre el mundo en el que viven? \u00bfCu\u00e1les son sus prioridades? Estas son las preguntas que queremos plantear para discutir las luchas y disputas de les j\u00f3venes en el presente.<\/div>\n<\/div>\n<div class=\"x11i5rnm xat24cr x1mh8g0r x1vvkbs xtlvy1s x126k92a\">\n<div dir=\"auto\">J\u00f3venes en Escena es una muestra producida por la Comisi\u00f3n Provincial por la Memoria, integrada por fotos provenientes de diversas fuentes; centros de documentaci\u00f3n, archivos y obras de fot\u00f3grafos profesionales. Las im\u00e1genes presentan a j\u00f3venes argentinos en distintos escenarios p\u00fablicos desde la d\u00e9cada del 60\u2019 del siglo pasado hasta el presente. Sucesivas generaciones que tomaron las calles para expresarse a trav\u00e9s de diferentes repertorios y modalidades. El activismo, la lucha, las movilizaciones y tambi\u00e9n los festejos y las expresiones art\u00edsticas.<\/div>\n<\/div>\n<div class=\"x11i5rnm xat24cr x1mh8g0r x1vvkbs xtlvy1s x126k92a\">\n<div dir=\"auto\"><span class=\"html-span xexx8yu x4uap5 x18d9i69 xkhd6sd x1hl2dhg x16tdsg8 x1vvkbs x3nfvp2 x1j61x8r x1fcty0u xdj266r xat24cr xgzva0m xhhsvwb xxymvpz xlup9mm x1kky2od\"><img loading=\"lazy\" decoding=\"async\" class=\"xz74otr\" src=\"https:\/\/static.xx.fbcdn.net\/images\/emoji.php\/v9\/t51\/1\/16\/1f449.png\" alt=\"\ud83d\udc49\" width=\"16\" height=\"16\" \/><\/span>Se puede visitar de lunes a viernes de 8 a 20 hs y s\u00e1bados y domingos de 10 a 18 hs- Para solicitar visita guiada con grupos contactarse a: extension@arte.unicen.edu.ar<\/div>\n<div dir=\"auto\">(ASUNTO: Visita Hall) <span class=\"html-span xdj266r x11i5rnm xat24cr x1mh8g0r xexx8yu x4uap5 x18d9i69 xkhd6sd x1hl2dhg x16tdsg8 x1vvkbs\"><a class=\"x1i10hfl xjbqb8w x1ejq31n xd10rxx x1sy0etr x17r0tee x972fbf xcfux6l x1qhh985 xm0m39n x9f619 x1ypdohk xt0psk2 xe8uvvx xdj266r x11i5rnm xat24cr x1mh8g0r xexx8yu x4uap5 x18d9i69 xkhd6sd x16tdsg8 x1hl2dhg xggy1nq x1a2a7pz x1sur9pj xkrqix3 x1fey0fg xo1l8bm\" role=\"link\" href=\"https:\/\/l.facebook.com\/l.php?u=https%3A%2F%2Fwww.instagram.com%2F_u%2Funicen_oficial&amp;h=AT3nQRiQrfKQeqDQiZn57vzLTwwX4KgPmjS3mEqaB3SHBggAJ329JPM0Q70D2U0U7riW59Nn6QsRN0fJyw6z2mo6WqAizFdMoVBpfWon651UWsW7qOFuWxFdEC3PbFCTmqN8AwuF4quDN9JhgQO8&amp;__tn__=-UK-y-R&amp;c[0]=AT1j27D8BSHa4LExSwGcnBvrTU9_YwSdzxRJaoMBu6RwKr2RJq21YpCjm2YqjVnjSB5j19A_SXChAzDXw_dB87qB0EzW_JZOVEz5KOS6ASB9T9l7zpylDpK5h9SR71hZbySdMVA55I6DuGmPokvLenOBnfrfVodP7NMvPBtzy2Li9_dYjex2NxjlgTqjCVcuRxhcYy8KokvG0EZCkmIzw8e398cfSp-9NDAae4JhyFUq5YRrsCY\" target=\"_blank\" rel=\"nofollow noopener noreferrer\">@unicen_oficial<\/a><\/span> @cefaunicen<\/div>\n<\/div>\n","protected":false},"excerpt":{"rendered":"<p>La Secretar\u00eda de Extensi\u00f3n de la Facultad de arte invita a recorrer la muestra J\u00f3venes en escena. Participaci\u00f3n pol\u00edtica y memorias. \u00bfQu\u00e9 lugar ocupan les j\u00f3venes en la sociedad? \u00bfC\u00f3mo responden ante las diversas representaciones que se hacen sobre elles? \u00bfCu\u00e1les son las representaciones que construyen sobre s\u00ed mismos y sobre el mundo en el que viven? \u00bfCu\u00e1les son sus prioridades? Estas son las preguntas que queremos plantear para discutir las luchas y disputas de les j\u00f3venes en el presente. J\u00f3venes en Escena es una muestra producida por la Comisi\u00f3n Provincial por la Memoria, integrada por fotos provenientes de diversas fuentes; centros de documentaci\u00f3n, archivos y obras de fot\u00f3grafos profesionales. Las im\u00e1genes presentan a j\u00f3venes argentinos en distintos escenarios p\u00fablicos desde la d\u00e9cada del 60\u2019 del siglo pasado hasta el presente. Sucesivas generaciones que tomaron las calles para expresarse a trav\u00e9s de diferentes repertorios y modalidades. El activismo, la lucha,&hellip;<\/p>\n<p> <a class=\"more-link\" href=\"https:\/\/www.arte.unicen.edu.ar\/entodas\/?tribe_events=jovenes-en-escena-hall-abierto\">Read more<\/a><\/p>\n","protected":false},"author":5,"featured_media":9926,"comment_status":"closed","ping_status":"closed","template":"","meta":{"_tribe_events_status":"","_tribe_events_status_reason":""},"tags":[],"tribe_events_cat":[],"_links":{"self":[{"href":"https:\/\/www.arte.unicen.edu.ar\/entodas\/index.php?rest_route=\/wp\/v2\/tribe_events\/9938"}],"collection":[{"href":"https:\/\/www.arte.unicen.edu.ar\/entodas\/index.php?rest_route=\/wp\/v2\/tribe_events"}],"about":[{"href":"https:\/\/www.arte.unicen.edu.ar\/entodas\/index.php?rest_route=\/wp\/v2\/types\/tribe_events"}],"author":[{"embeddable":true,"href":"https:\/\/www.arte.unicen.edu.ar\/entodas\/index.php?rest_route=\/wp\/v2\/users\/5"}],"replies":[{"embeddable":true,"href":"https:\/\/www.arte.unicen.edu.ar\/entodas\/index.php?rest_route=%2Fwp%2Fv2%2Fcomments&post=9938"}],"version-history":[{"count":1,"href":"https:\/\/www.arte.unicen.edu.ar\/entodas\/index.php?rest_route=\/wp\/v2\/tribe_events\/9938\/revisions"}],"predecessor-version":[{"id":9939,"href":"https:\/\/www.arte.unicen.edu.ar\/entodas\/index.php?rest_route=\/wp\/v2\/tribe_events\/9938\/revisions\/9939"}],"wp:featuredmedia":[{"embeddable":true,"href":"https:\/\/www.arte.unicen.edu.ar\/entodas\/index.php?rest_route=\/wp\/v2\/media\/9926"}],"wp:attachment":[{"href":"https:\/\/www.arte.unicen.edu.ar\/entodas\/index.php?rest_route=%2Fwp%2Fv2%2Fmedia&parent=9938"}],"wp:term":[{"taxonomy":"post_tag","embeddable":true,"href":"https:\/\/www.arte.unicen.edu.ar\/entodas\/index.php?rest_route=%2Fwp%2Fv2%2Ftags&post=9938"},{"taxonomy":"tribe_events_cat","embeddable":true,"href":"https:\/\/www.arte.unicen.edu.ar\/entodas\/index.php?rest_route=%2Fwp%2Fv2%2Ftribe_events_cat&post=9938"}],"curies":[{"name":"wp","href":"https:\/\/api.w.org\/{rel}","templated":true}]}}

JÓVENES EN ESCENA &#8211; Hall Abierto

<p><img loading="lazy" decoding="async" class="size-medium wp-image-9926 aligncenter" src="https://www.arte.unicen.edu.ar/entodas/wp-content/uploads/2024/09/WhatsApp-Image-2024-09-20-at-08.59.57-300x300.jpeg" alt="" width="300" height="300" srcset="https://www.arte.unicen.edu.ar/entodas/wp-content/uploads/2024/09/WhatsApp-Image-2024-09-20-at-08.59.57-300x300.jpeg 300w, https://www.arte.unicen.edu.ar/entodas/wp-content/uploads/2024/09/WhatsApp-Image-2024-09-20-at-08.59.57-800x800.jpeg 800w, https://www.arte.unicen.edu.ar/entodas/wp-content/uploads/2024/09/WhatsApp-Image-2024-09-20-at-08.59.57-768x769.jpeg 768w, https://www.arte.unicen.edu.ar/entodas/wp-content/uploads/2024/09/WhatsApp-Image-2024-09-20-at-08.59.57.jpeg 1080w" sizes="(max-width: 300px) 100vw, 300px" /></p>
<div class="xdj266r x11i5rnm xat24cr x1mh8g0r x1vvkbs x126k92a">
<div dir="auto">La Secretaría de Extensión de la Facultad de arte invita a recorrer la muestra Jóvenes en escena. Participación política y memorias.</div>
</div>
<div class="x11i5rnm xat24cr x1mh8g0r x1vvkbs xtlvy1s x126k92a">
<div dir="auto">¿Qué lugar ocupan les jóvenes en la sociedad? ¿Cómo responden ante las diversas representaciones que se hacen sobre elles? ¿Cuáles son las representaciones que construyen sobre sí mismos y sobre el mundo en el que viven? ¿Cuáles son sus prioridades? Estas son las preguntas que queremos plantear para discutir las luchas y disputas de les jóvenes en el presente.</div>
</div>
<div class="x11i5rnm xat24cr x1mh8g0r x1vvkbs xtlvy1s x126k92a">
<div dir="auto">Jóvenes en Escena es una muestra producida por la Comisión Provincial por la Memoria, integrada por fotos provenientes de diversas fuentes; centros de documentación, archivos y obras de fotógrafos profesionales. Las imágenes presentan a jóvenes argentinos en distintos escenarios públicos desde la década del 60’ del siglo pasado hasta el presente. Sucesivas generaciones que tomaron las calles para expresarse a través de diferentes repertorios y modalidades. El activismo, la lucha, las movilizaciones y también los festejos y las expresiones artísticas.</div>
</div>
<div class="x11i5rnm xat24cr x1mh8g0r x1vvkbs xtlvy1s x126k92a">
<div dir="auto"><span class="html-span xexx8yu x4uap5 x18d9i69 xkhd6sd x1hl2dhg x16tdsg8 x1vvkbs x3nfvp2 x1j61x8r x1fcty0u xdj266r xat24cr xgzva0m xhhsvwb xxymvpz xlup9mm x1kky2od"><img loading="lazy" decoding="async" class="xz74otr" src="https://static.xx.fbcdn.net/images/emoji.php/v9/t51/1/16/1f449.png" alt="👉" width="16" height="16" /></span>Se puede visitar de lunes a viernes de 8 a 20 hs y sábados y domingos de 10 a 18 hs- Para solicitar visita guiada con grupos contactarse a: extension@arte.unicen.edu.ar</div>
<div dir="auto">(ASUNTO: Visita Hall) <span class="html-span xdj266r x11i5rnm xat24cr x1mh8g0r xexx8yu x4uap5 x18d9i69 xkhd6sd x1hl2dhg x16tdsg8 x1vvkbs"><a class="x1i10hfl xjbqb8w x1ejq31n xd10rxx x1sy0etr x17r0tee x972fbf xcfux6l x1qhh985 xm0m39n x9f619 x1ypdohk xt0psk2 xe8uvvx xdj266r x11i5rnm xat24cr x1mh8g0r xexx8yu x4uap5 x18d9i69 xkhd6sd x16tdsg8 x1hl2dhg xggy1nq x1a2a7pz x1sur9pj xkrqix3 x1fey0fg xo1l8bm" role="link" href="https://l.facebook.com/l.php?u=https%3A%2F%2Fwww.instagram.com%2F_u%2Funicen_oficial&amp;h=AT3nQRiQrfKQeqDQiZn57vzLTwwX4KgPmjS3mEqaB3SHBggAJ329JPM0Q70D2U0U7riW59Nn6QsRN0fJyw6z2mo6WqAizFdMoVBpfWon651UWsW7qOFuWxFdEC3PbFCTmqN8AwuF4quDN9JhgQO8&amp;__tn__=-UK-y-R&amp;c[0]=AT1j27D8BSHa4LExSwGcnBvrTU9_YwSdzxRJaoMBu6RwKr2RJq21YpCjm2YqjVnjSB5j19A_SXChAzDXw_dB87qB0EzW_JZOVEz5KOS6ASB9T9l7zpylDpK5h9SR71hZbySdMVA55I6DuGmPokvLenOBnfrfVodP7NMvPBtzy2Li9_dYjex2NxjlgTqjCVcuRxhcYy8KokvG0EZCkmIzw8e398cfSp-9NDAae4JhyFUq5YRrsCY" target="_blank" rel="nofollow noopener noreferrer">@unicen_oficial</a></span> @cefaunicen</div>
</div>

<p>La Secretaría de Extensión de la Facultad de arte invita a recorrer la muestra Jóvenes en escena. Participación política y memorias. ¿Qué lugar ocupan les jóvenes en la sociedad? ¿Cómo responden ante las diversas representaciones que se hacen sobre elles? ¿Cuáles son las representaciones que construyen sobre sí mismos y sobre el mundo en el que viven? ¿Cuáles son sus prioridades? Estas son las preguntas que queremos plantear para discutir las luchas y disputas de les jóvenes en el presente. Jóvenes en Escena es una muestra producida por la Comisión Provincial por la Memoria, integrada por fotos provenientes de diversas fuentes; centros de documentación, archivos y obras de fotógrafos profesionales. Las imágenes presentan a jóvenes argentinos en distintos escenarios públicos desde la década del 60’ del siglo pasado hasta el presente. Sucesivas generaciones que tomaron las calles para expresarse a través de diferentes repertorios y modalidades. El activismo, la lucha,&hellip;</p>
<p> <a class="more-link" href="https://www.arte.unicen.edu.ar/entodas/?tribe_events=jovenes-en-escena-hall-abierto">Read more</a></p>
