{"id":9890,"date":"2024-09-13T11:00:05","date_gmt":"2024-09-13T14:00:05","guid":{"rendered":"https:\/\/www.arte.unicen.edu.ar\/entodas\/?post_type=tribe_events&#038;p=9890"},"modified":"2024-09-13T11:00:05","modified_gmt":"2024-09-13T14:00:05","slug":"la-mario-relatos","status":"publish","type":"tribe_events","link":"https:\/\/www.arte.unicen.edu.ar\/entodas\/?tribe_events=la-mario-relatos","title":{"rendered":"LA MARIO &#8211; Relatos"},"content":{"rendered":"<p><img loading=\"lazy\" decoding=\"async\" class=\"size-medium wp-image-9872 aligncenter\" src=\"https:\/\/www.arte.unicen.edu.ar\/entodas\/wp-content\/uploads\/2024\/09\/IMG-20240911-WA0005-240x300.jpg\" alt=\"\" width=\"240\" height=\"300\" srcset=\"https:\/\/www.arte.unicen.edu.ar\/entodas\/wp-content\/uploads\/2024\/09\/IMG-20240911-WA0005-240x300.jpg 240w, https:\/\/www.arte.unicen.edu.ar\/entodas\/wp-content\/uploads\/2024\/09\/IMG-20240911-WA0005-640x800.jpg 640w, https:\/\/www.arte.unicen.edu.ar\/entodas\/wp-content\/uploads\/2024\/09\/IMG-20240911-WA0005-768x960.jpg 768w, https:\/\/www.arte.unicen.edu.ar\/entodas\/wp-content\/uploads\/2024\/09\/IMG-20240911-WA0005.jpg 1024w\" sizes=\"(max-width: 240px) 100vw, 240px\" \/><\/p>\n<p>\u201cCuando salimos del hospital con mi mam\u00e1 nos fuimos a la pensi\u00f3n de Moncho, un italiano que apenas se le entend\u00eda lo que dec\u00eda. Siempre ten\u00eda un lugar para que las Mario pudieran dormir y tomar un mate aunque sea. Mam\u00e1 ten\u00eda 17 a\u00f1os y yo\u2026\u201d<\/p>\n<p>La Mario es un relato de fotos y palabras reconstruyendo una historia. Una ficci\u00f3n autobiogr\u00e1fica que se hizo Teatro.<\/p>\n<p><span class=\"x19la9d6 x1fc57z9 x6ikm8r x10wlt62 x19co3pv x1g5zs5t xfibh0p xiy17q3 x1xsqp64 x1lkfr7t xexx8yu x4uap5 x18d9i69 xkhd6sd\"><span class=\"xrtxmta x1bhl96m\">\ud83d\udcc6\u00a0<\/span><\/span>Fecha: viernes 13 de septiembre<br \/>\n<span class=\"x19la9d6 x1fc57z9 x6ikm8r x10wlt62 x19co3pv x1g5zs5t xfibh0p xiy17q3 x1xsqp64 x1lkfr7t xexx8yu x4uap5 x18d9i69 xkhd6sd\"><span class=\"xrtxmta x1bhl96m\">\ud83d\udd59\u00a0<\/span><\/span>Hora: 20:30hs<br \/>\n<span class=\"x19la9d6 x1fc57z9 x6ikm8r x10wlt62 x19co3pv x1g5zs5t xfibh0p xiy17q3 x1xsqp64 x1lkfr7t xexx8yu x4uap5 x18d9i69 xkhd6sd\"><span class=\"xrtxmta x1bhl96m\">\ud83d\udccd<\/span><\/span>Lugar: Espacio Cultural Nueve90 (Yrigoyen 990, Tandil)<\/p>\n<p>Anticipadas escalonadas 3000\/4000\/5000 al +54 9 249 432-7750<\/p>\n","protected":false},"excerpt":{"rendered":"<p>\u201cCuando salimos del hospital con mi mam\u00e1 nos fuimos a la pensi\u00f3n de Moncho, un italiano que apenas se le entend\u00eda lo que dec\u00eda. Siempre ten\u00eda un lugar para que las Mario pudieran dormir y tomar un mate aunque sea. Mam\u00e1 ten\u00eda 17 a\u00f1os y yo\u2026\u201d La Mario es un relato de fotos y palabras reconstruyendo una historia. Una ficci\u00f3n autobiogr\u00e1fica que se hizo Teatro. \ud83d\udcc6\u00a0Fecha: viernes 13 de septiembre \ud83d\udd59\u00a0Hora: 20:30hs \ud83d\udccdLugar: Espacio Cultural Nueve90 (Yrigoyen 990, Tandil) Anticipadas escalonadas 3000\/4000\/5000 al +54 9 249 432-7750<\/p>\n","protected":false},"author":5,"featured_media":9872,"comment_status":"closed","ping_status":"closed","template":"","meta":{"_tribe_events_status":"","_tribe_events_status_reason":""},"tags":[],"tribe_events_cat":[],"_links":{"self":[{"href":"https:\/\/www.arte.unicen.edu.ar\/entodas\/index.php?rest_route=\/wp\/v2\/tribe_events\/9890"}],"collection":[{"href":"https:\/\/www.arte.unicen.edu.ar\/entodas\/index.php?rest_route=\/wp\/v2\/tribe_events"}],"about":[{"href":"https:\/\/www.arte.unicen.edu.ar\/entodas\/index.php?rest_route=\/wp\/v2\/types\/tribe_events"}],"author":[{"embeddable":true,"href":"https:\/\/www.arte.unicen.edu.ar\/entodas\/index.php?rest_route=\/wp\/v2\/users\/5"}],"replies":[{"embeddable":true,"href":"https:\/\/www.arte.unicen.edu.ar\/entodas\/index.php?rest_route=%2Fwp%2Fv2%2Fcomments&post=9890"}],"version-history":[{"count":1,"href":"https:\/\/www.arte.unicen.edu.ar\/entodas\/index.php?rest_route=\/wp\/v2\/tribe_events\/9890\/revisions"}],"predecessor-version":[{"id":9891,"href":"https:\/\/www.arte.unicen.edu.ar\/entodas\/index.php?rest_route=\/wp\/v2\/tribe_events\/9890\/revisions\/9891"}],"wp:featuredmedia":[{"embeddable":true,"href":"https:\/\/www.arte.unicen.edu.ar\/entodas\/index.php?rest_route=\/wp\/v2\/media\/9872"}],"wp:attachment":[{"href":"https:\/\/www.arte.unicen.edu.ar\/entodas\/index.php?rest_route=%2Fwp%2Fv2%2Fmedia&parent=9890"}],"wp:term":[{"taxonomy":"post_tag","embeddable":true,"href":"https:\/\/www.arte.unicen.edu.ar\/entodas\/index.php?rest_route=%2Fwp%2Fv2%2Ftags&post=9890"},{"taxonomy":"tribe_events_cat","embeddable":true,"href":"https:\/\/www.arte.unicen.edu.ar\/entodas\/index.php?rest_route=%2Fwp%2Fv2%2Ftribe_events_cat&post=9890"}],"curies":[{"name":"wp","href":"https:\/\/api.w.org\/{rel}","templated":true}]}}

<p><img loading="lazy" decoding="async" class="size-medium wp-image-9872 aligncenter" src="https://www.arte.unicen.edu.ar/entodas/wp-content/uploads/2024/09/IMG-20240911-WA0005-240x300.jpg" alt="" width="240" height="300" srcset="https://www.arte.unicen.edu.ar/entodas/wp-content/uploads/2024/09/IMG-20240911-WA0005-240x300.jpg 240w, https://www.arte.unicen.edu.ar/entodas/wp-content/uploads/2024/09/IMG-20240911-WA0005-640x800.jpg 640w, https://www.arte.unicen.edu.ar/entodas/wp-content/uploads/2024/09/IMG-20240911-WA0005-768x960.jpg 768w, https://www.arte.unicen.edu.ar/entodas/wp-content/uploads/2024/09/IMG-20240911-WA0005.jpg 1024w" sizes="(max-width: 240px) 100vw, 240px" /></p>
<p>“Cuando salimos del hospital con mi mamá nos fuimos a la pensión de Moncho, un italiano que apenas se le entendía lo que decía. Siempre tenía un lugar para que las Mario pudieran dormir y tomar un mate aunque sea. Mamá tenía 17 años y yo…”</p>
<p>La Mario es un relato de fotos y palabras reconstruyendo una historia. Una ficción autobiográfica que se hizo Teatro.</p>
<p><span class="x19la9d6 x1fc57z9 x6ikm8r x10wlt62 x19co3pv x1g5zs5t xfibh0p xiy17q3 x1xsqp64 x1lkfr7t xexx8yu x4uap5 x18d9i69 xkhd6sd"><span class="xrtxmta x1bhl96m">📆 </span></span>Fecha: viernes 13 de septiembre<br />
<span class="x19la9d6 x1fc57z9 x6ikm8r x10wlt62 x19co3pv x1g5zs5t xfibh0p xiy17q3 x1xsqp64 x1lkfr7t xexx8yu x4uap5 x18d9i69 xkhd6sd"><span class="xrtxmta x1bhl96m">🕙 </span></span>Hora: 20:30hs<br />
<span class="x19la9d6 x1fc57z9 x6ikm8r x10wlt62 x19co3pv x1g5zs5t xfibh0p xiy17q3 x1xsqp64 x1lkfr7t xexx8yu x4uap5 x18d9i69 xkhd6sd"><span class="xrtxmta x1bhl96m">📍</span></span>Lugar: Espacio Cultural Nueve90 (Yrigoyen 990, Tandil)</p>
<p>Anticipadas escalonadas 3000/4000/5000 al +54 9 249 432-7750</p>

<p>“Cuando salimos del hospital con mi mamá nos fuimos a la pensión de Moncho, un italiano que apenas se le entendía lo que decía. Siempre tenía un lugar para que las Mario pudieran dormir y tomar un mate aunque sea. Mamá tenía 17 años y yo…” La Mario es un relato de fotos y palabras reconstruyendo una historia. Una ficción autobiográfica que se hizo Teatro. 📆 Fecha: viernes 13 de septiembre 🕙 Hora: 20:30hs 📍Lugar: Espacio Cultural Nueve90 (Yrigoyen 990, Tandil) Anticipadas escalonadas 3000/4000/5000 al +54 9 249 432-7750</p>
