{"id":9855,"date":"2024-09-06T12:03:13","date_gmt":"2024-09-06T15:03:13","guid":{"rendered":"https:\/\/www.arte.unicen.edu.ar\/entodas\/?post_type=tribe_events&#038;p=9855"},"modified":"2024-09-06T12:10:56","modified_gmt":"2024-09-06T15:10:56","slug":"la-crecida-cine","status":"publish","type":"tribe_events","link":"https:\/\/www.arte.unicen.edu.ar\/entodas\/?tribe_events=la-crecida-cine","title":{"rendered":"LA CRECIDA &#8211; Cine"},"content":{"rendered":"<p><img loading=\"lazy\" decoding=\"async\" class=\"size-medium wp-image-9852 aligncenter\" src=\"https:\/\/www.arte.unicen.edu.ar\/entodas\/wp-content\/uploads\/2024\/09\/458165419_1007485424508395_3578219126412176563_n-1-297x300.jpg\" alt=\"\" width=\"297\" height=\"300\" srcset=\"https:\/\/www.arte.unicen.edu.ar\/entodas\/wp-content\/uploads\/2024\/09\/458165419_1007485424508395_3578219126412176563_n-1-297x300.jpg 297w, https:\/\/www.arte.unicen.edu.ar\/entodas\/wp-content\/uploads\/2024\/09\/458165419_1007485424508395_3578219126412176563_n-1-793x800.jpg 793w, https:\/\/www.arte.unicen.edu.ar\/entodas\/wp-content\/uploads\/2024\/09\/458165419_1007485424508395_3578219126412176563_n-1-768x775.jpg 768w, https:\/\/www.arte.unicen.edu.ar\/entodas\/wp-content\/uploads\/2024\/09\/458165419_1007485424508395_3578219126412176563_n-1.jpg 1215w\" sizes=\"(max-width: 297px) 100vw, 297px\" \/><\/p>\n<div dir=\"auto\">La crecida<\/div>\n<div dir=\"auto\">Dir. Ezequiel Erriquez Mena<\/div>\n<div dir=\"auto\">Drama \u2013 SAM13 C\/R &#8211; 115 Min.<\/div>\n<div dir=\"auto\">Con: Natalia Schmechel, Marianela Campos, Antonio Buttinger.<\/div>\n<div dir=\"auto\">Lunes 9 sep 18h<\/div>\n<div dir=\"auto\">Funci\u00f3n especial \u2013 Libre y gratuita<\/div>\n<div dir=\"auto\">La construcci\u00f3n de una represa hidroel\u00e9ctrica altera la vida de una zona fronteriza entre Brasil y Misiones, obligando a los habitantes a mudarse a un nuevo barrio reci\u00e9n construido, porque el pueblo entero va a quedar bajo el agua. All\u00ed viven los Zucker, una familia multi\u00e9tnica que cruza los l\u00edmites de lo permitido y se debate entre migrar hacia la tierra brasile\u00f1a o quedarse en el pueblo donde est\u00e1n su historia y sus ra\u00edces.<\/div>\n<div dir=\"auto\">*Mejor Pel\u00edcula del Tandil Cine 2023<\/div>\n<div dir=\"auto\">*Mejor Actriz a Natalia Schmechel &#8211; Tandil Cine 2023<\/div>\n","protected":false},"excerpt":{"rendered":"<p>La crecida Dir. Ezequiel Erriquez Mena Drama \u2013 SAM13 C\/R &#8211; 115 Min. Con: Natalia Schmechel, Marianela Campos, Antonio Buttinger. Lunes 9 sep 18h Funci\u00f3n especial \u2013 Libre y gratuita La construcci\u00f3n de una represa hidroel\u00e9ctrica altera la vida de una zona fronteriza entre Brasil y Misiones, obligando a los habitantes a mudarse a un nuevo barrio reci\u00e9n construido, porque el pueblo entero va a quedar bajo el agua. All\u00ed viven los Zucker, una familia multi\u00e9tnica que cruza los l\u00edmites de lo permitido y se debate entre migrar hacia la tierra brasile\u00f1a o quedarse en el pueblo donde est\u00e1n su historia y sus ra\u00edces. *Mejor Pel\u00edcula del Tandil Cine 2023 *Mejor Actriz a Natalia Schmechel &#8211; Tandil Cine 2023<\/p>\n","protected":false},"author":5,"featured_media":0,"comment_status":"closed","ping_status":"closed","template":"","meta":{"_tribe_events_status":"","_tribe_events_status_reason":""},"tags":[],"tribe_events_cat":[],"_links":{"self":[{"href":"https:\/\/www.arte.unicen.edu.ar\/entodas\/index.php?rest_route=\/wp\/v2\/tribe_events\/9855"}],"collection":[{"href":"https:\/\/www.arte.unicen.edu.ar\/entodas\/index.php?rest_route=\/wp\/v2\/tribe_events"}],"about":[{"href":"https:\/\/www.arte.unicen.edu.ar\/entodas\/index.php?rest_route=\/wp\/v2\/types\/tribe_events"}],"author":[{"embeddable":true,"href":"https:\/\/www.arte.unicen.edu.ar\/entodas\/index.php?rest_route=\/wp\/v2\/users\/5"}],"replies":[{"embeddable":true,"href":"https:\/\/www.arte.unicen.edu.ar\/entodas\/index.php?rest_route=%2Fwp%2Fv2%2Fcomments&post=9855"}],"version-history":[{"count":1,"href":"https:\/\/www.arte.unicen.edu.ar\/entodas\/index.php?rest_route=\/wp\/v2\/tribe_events\/9855\/revisions"}],"predecessor-version":[{"id":9856,"href":"https:\/\/www.arte.unicen.edu.ar\/entodas\/index.php?rest_route=\/wp\/v2\/tribe_events\/9855\/revisions\/9856"}],"wp:attachment":[{"href":"https:\/\/www.arte.unicen.edu.ar\/entodas\/index.php?rest_route=%2Fwp%2Fv2%2Fmedia&parent=9855"}],"wp:term":[{"taxonomy":"post_tag","embeddable":true,"href":"https:\/\/www.arte.unicen.edu.ar\/entodas\/index.php?rest_route=%2Fwp%2Fv2%2Ftags&post=9855"},{"taxonomy":"tribe_events_cat","embeddable":true,"href":"https:\/\/www.arte.unicen.edu.ar\/entodas\/index.php?rest_route=%2Fwp%2Fv2%2Ftribe_events_cat&post=9855"}],"curies":[{"name":"wp","href":"https:\/\/api.w.org\/{rel}","templated":true}]}}

<p><img loading="lazy" decoding="async" class="size-medium wp-image-9852 aligncenter" src="https://www.arte.unicen.edu.ar/entodas/wp-content/uploads/2024/09/458165419_1007485424508395_3578219126412176563_n-1-297x300.jpg" alt="" width="297" height="300" srcset="https://www.arte.unicen.edu.ar/entodas/wp-content/uploads/2024/09/458165419_1007485424508395_3578219126412176563_n-1-297x300.jpg 297w, https://www.arte.unicen.edu.ar/entodas/wp-content/uploads/2024/09/458165419_1007485424508395_3578219126412176563_n-1-793x800.jpg 793w, https://www.arte.unicen.edu.ar/entodas/wp-content/uploads/2024/09/458165419_1007485424508395_3578219126412176563_n-1-768x775.jpg 768w, https://www.arte.unicen.edu.ar/entodas/wp-content/uploads/2024/09/458165419_1007485424508395_3578219126412176563_n-1.jpg 1215w" sizes="(max-width: 297px) 100vw, 297px" /></p>
<div dir="auto">La crecida</div>
<div dir="auto">Dir. Ezequiel Erriquez Mena</div>
<div dir="auto">Drama – SAM13 C/R &#8211; 115 Min.</div>
<div dir="auto">Con: Natalia Schmechel, Marianela Campos, Antonio Buttinger.</div>
<div dir="auto">Lunes 9 sep 18h</div>
<div dir="auto">Función especial – Libre y gratuita</div>
<div dir="auto">La construcción de una represa hidroeléctrica altera la vida de una zona fronteriza entre Brasil y Misiones, obligando a los habitantes a mudarse a un nuevo barrio recién construido, porque el pueblo entero va a quedar bajo el agua. Allí viven los Zucker, una familia multiétnica que cruza los límites de lo permitido y se debate entre migrar hacia la tierra brasileña o quedarse en el pueblo donde están su historia y sus raíces.</div>
<div dir="auto">*Mejor Película del Tandil Cine 2023</div>
<div dir="auto">*Mejor Actriz a Natalia Schmechel &#8211; Tandil Cine 2023</div>

<p>La crecida Dir. Ezequiel Erriquez Mena Drama – SAM13 C/R &#8211; 115 Min. Con: Natalia Schmechel, Marianela Campos, Antonio Buttinger. Lunes 9 sep 18h Función especial – Libre y gratuita La construcción de una represa hidroeléctrica altera la vida de una zona fronteriza entre Brasil y Misiones, obligando a los habitantes a mudarse a un nuevo barrio recién construido, porque el pueblo entero va a quedar bajo el agua. Allí viven los Zucker, una familia multiétnica que cruza los límites de lo permitido y se debate entre migrar hacia la tierra brasileña o quedarse en el pueblo donde están su historia y sus raíces. *Mejor Película del Tandil Cine 2023 *Mejor Actriz a Natalia Schmechel &#8211; Tandil Cine 2023</p>
