{"id":9851,"date":"2024-09-06T11:56:19","date_gmt":"2024-09-06T14:56:19","guid":{"rendered":"https:\/\/www.arte.unicen.edu.ar\/entodas\/?post_type=tribe_events&#038;p=9851"},"modified":"2024-09-06T11:56:19","modified_gmt":"2024-09-06T14:56:19","slug":"el-villano-cine","status":"publish","type":"tribe_events","link":"https:\/\/www.arte.unicen.edu.ar\/entodas\/?tribe_events=el-villano-cine","title":{"rendered":"EL VILLANO &#8211; Cine"},"content":{"rendered":"<p><img loading=\"lazy\" decoding=\"async\" class=\"size-medium wp-image-9804 aligncenter\" src=\"https:\/\/www.arte.unicen.edu.ar\/entodas\/wp-content\/uploads\/2024\/09\/458283871_1007485384508399_1746879482931753330_n-297x300.jpg\" alt=\"\" width=\"297\" height=\"300\" srcset=\"https:\/\/www.arte.unicen.edu.ar\/entodas\/wp-content\/uploads\/2024\/09\/458283871_1007485384508399_1746879482931753330_n-297x300.jpg 297w, https:\/\/www.arte.unicen.edu.ar\/entodas\/wp-content\/uploads\/2024\/09\/458283871_1007485384508399_1746879482931753330_n-793x800.jpg 793w, https:\/\/www.arte.unicen.edu.ar\/entodas\/wp-content\/uploads\/2024\/09\/458283871_1007485384508399_1746879482931753330_n-768x775.jpg 768w, https:\/\/www.arte.unicen.edu.ar\/entodas\/wp-content\/uploads\/2024\/09\/458283871_1007485384508399_1746879482931753330_n.jpg 1215w\" sizes=\"(max-width: 297px) 100vw, 297px\" \/><\/p>\n<div class=\"x11i5rnm xat24cr x1mh8g0r x1vvkbs xtlvy1s x126k92a\">\n<div dir=\"auto\">El villano<\/div>\n<div dir=\"auto\">Dir. Luis Ziembrowski &#8211; Gabriel Reches<\/div>\n<div dir=\"auto\">Documental \u2013 SAM13 &#8211; 75 Min.<\/div>\n<div dir=\"auto\">Con la participaci\u00f3n de Luis Ziembrowski, Alejandra Flechner,<\/div>\n<div dir=\"auto\">Pablo Echarri, Gabriel Goity, Gabo Correa.<\/div>\n<div dir=\"auto\">Domingo 8 sep 18h<\/div>\n<div dir=\"auto\">Funci\u00f3n especial \u2013 Libre y gratuita<\/div>\n<div dir=\"auto\">Luis Ziembrowski es un actor prestigioso, marido y padre muy presente. Podr\u00eda decirse que encarna bien el rol de hombre blanco y convencional de clase media. Pero cuando est\u00e1 solo, un pensamiento agita viejos fantasmas que parec\u00edan dormidos: a Luis lo inquieta saber que siempre es convocado por directorxs y productorxs, para encarnar papeles de villanos y c\u00ednicos. Se pregunta por qu\u00e9 \u00e9l, que se considera una buena persona, parece m\u00e1s cre\u00edble interpretando roles de malvado. Esta pregunta lo conecta de manera directa con el trauma de su infancia: su padre fue un inmigrante polaco que luego de casarse y tener hijos, abandon\u00f3 a su familia para \u2013desde la perspectiva de Luis- dedicarse al hampa.<\/div>\n<\/div>\n<div class=\"x11i5rnm xat24cr x1mh8g0r x1vvkbs xtlvy1s x126k92a\">\n<div dir=\"auto\">**Previo a esta funci\u00f3n se realizar\u00e1 la proyecci\u00f3n del Cortometraje Las Aguas tornan magenta de Manuel Besedovsky.<\/div>\n<div dir=\"auto\">Drama &#8211; 18 Min.<\/div>\n<div dir=\"auto\">Domingo 8 sep 18h<\/div>\n<div dir=\"auto\">Funci\u00f3n especial \u2013 Libre y gratuita<\/div>\n<div dir=\"auto\">Azul, una chica de 18 a\u00f1os, es llevada por sus padres al Tigre a pasar un fin de semana alejada de sus problemas de salud mental. Su padre intenta terminar de escribir una tesis de doctorado mientras su madre, psic\u00f3loga infantil, se emborracha pasando el tiempo leyendo frente al r\u00edo. Lejos de su casa los d\u00edas se vuelven m\u00e1s largos, la tensi\u00f3n familiar crece y la angustia se intensifica.<\/div>\n<\/div>\n","protected":false},"excerpt":{"rendered":"<p>El villano Dir. Luis Ziembrowski &#8211; Gabriel Reches Documental \u2013 SAM13 &#8211; 75 Min. Con la participaci\u00f3n de Luis Ziembrowski, Alejandra Flechner, Pablo Echarri, Gabriel Goity, Gabo Correa. Domingo 8 sep 18h Funci\u00f3n especial \u2013 Libre y gratuita Luis Ziembrowski es un actor prestigioso, marido y padre muy presente. Podr\u00eda decirse que encarna bien el rol de hombre blanco y convencional de clase media. Pero cuando est\u00e1 solo, un pensamiento agita viejos fantasmas que parec\u00edan dormidos: a Luis lo inquieta saber que siempre es convocado por directorxs y productorxs, para encarnar papeles de villanos y c\u00ednicos. Se pregunta por qu\u00e9 \u00e9l, que se considera una buena persona, parece m\u00e1s cre\u00edble interpretando roles de malvado. Esta pregunta lo conecta de manera directa con el trauma de su infancia: su padre fue un inmigrante polaco que luego de casarse y tener hijos, abandon\u00f3 a su familia para \u2013desde la perspectiva de Luis-&hellip;<\/p>\n<p> <a class=\"more-link\" href=\"https:\/\/www.arte.unicen.edu.ar\/entodas\/?tribe_events=el-villano-cine\">Read more<\/a><\/p>\n","protected":false},"author":5,"featured_media":0,"comment_status":"closed","ping_status":"closed","template":"","meta":{"_tribe_events_status":"","_tribe_events_status_reason":""},"tags":[],"tribe_events_cat":[],"_links":{"self":[{"href":"https:\/\/www.arte.unicen.edu.ar\/entodas\/index.php?rest_route=\/wp\/v2\/tribe_events\/9851"}],"collection":[{"href":"https:\/\/www.arte.unicen.edu.ar\/entodas\/index.php?rest_route=\/wp\/v2\/tribe_events"}],"about":[{"href":"https:\/\/www.arte.unicen.edu.ar\/entodas\/index.php?rest_route=\/wp\/v2\/types\/tribe_events"}],"author":[{"embeddable":true,"href":"https:\/\/www.arte.unicen.edu.ar\/entodas\/index.php?rest_route=\/wp\/v2\/users\/5"}],"replies":[{"embeddable":true,"href":"https:\/\/www.arte.unicen.edu.ar\/entodas\/index.php?rest_route=%2Fwp%2Fv2%2Fcomments&post=9851"}],"version-history":[{"count":1,"href":"https:\/\/www.arte.unicen.edu.ar\/entodas\/index.php?rest_route=\/wp\/v2\/tribe_events\/9851\/revisions"}],"predecessor-version":[{"id":9854,"href":"https:\/\/www.arte.unicen.edu.ar\/entodas\/index.php?rest_route=\/wp\/v2\/tribe_events\/9851\/revisions\/9854"}],"wp:attachment":[{"href":"https:\/\/www.arte.unicen.edu.ar\/entodas\/index.php?rest_route=%2Fwp%2Fv2%2Fmedia&parent=9851"}],"wp:term":[{"taxonomy":"post_tag","embeddable":true,"href":"https:\/\/www.arte.unicen.edu.ar\/entodas\/index.php?rest_route=%2Fwp%2Fv2%2Ftags&post=9851"},{"taxonomy":"tribe_events_cat","embeddable":true,"href":"https:\/\/www.arte.unicen.edu.ar\/entodas\/index.php?rest_route=%2Fwp%2Fv2%2Ftribe_events_cat&post=9851"}],"curies":[{"name":"wp","href":"https:\/\/api.w.org\/{rel}","templated":true}]}}

<p><img loading="lazy" decoding="async" class="size-medium wp-image-9804 aligncenter" src="https://www.arte.unicen.edu.ar/entodas/wp-content/uploads/2024/09/458283871_1007485384508399_1746879482931753330_n-297x300.jpg" alt="" width="297" height="300" srcset="https://www.arte.unicen.edu.ar/entodas/wp-content/uploads/2024/09/458283871_1007485384508399_1746879482931753330_n-297x300.jpg 297w, https://www.arte.unicen.edu.ar/entodas/wp-content/uploads/2024/09/458283871_1007485384508399_1746879482931753330_n-793x800.jpg 793w, https://www.arte.unicen.edu.ar/entodas/wp-content/uploads/2024/09/458283871_1007485384508399_1746879482931753330_n-768x775.jpg 768w, https://www.arte.unicen.edu.ar/entodas/wp-content/uploads/2024/09/458283871_1007485384508399_1746879482931753330_n.jpg 1215w" sizes="(max-width: 297px) 100vw, 297px" /></p>
<div class="x11i5rnm xat24cr x1mh8g0r x1vvkbs xtlvy1s x126k92a">
<div dir="auto">El villano</div>
<div dir="auto">Dir. Luis Ziembrowski &#8211; Gabriel Reches</div>
<div dir="auto">Documental – SAM13 &#8211; 75 Min.</div>
<div dir="auto">Con la participación de Luis Ziembrowski, Alejandra Flechner,</div>
<div dir="auto">Pablo Echarri, Gabriel Goity, Gabo Correa.</div>
<div dir="auto">Domingo 8 sep 18h</div>
<div dir="auto">Función especial – Libre y gratuita</div>
<div dir="auto">Luis Ziembrowski es un actor prestigioso, marido y padre muy presente. Podría decirse que encarna bien el rol de hombre blanco y convencional de clase media. Pero cuando está solo, un pensamiento agita viejos fantasmas que parecían dormidos: a Luis lo inquieta saber que siempre es convocado por directorxs y productorxs, para encarnar papeles de villanos y cínicos. Se pregunta por qué él, que se considera una buena persona, parece más creíble interpretando roles de malvado. Esta pregunta lo conecta de manera directa con el trauma de su infancia: su padre fue un inmigrante polaco que luego de casarse y tener hijos, abandonó a su familia para –desde la perspectiva de Luis- dedicarse al hampa.</div>
</div>
<div class="x11i5rnm xat24cr x1mh8g0r x1vvkbs xtlvy1s x126k92a">
<div dir="auto">**Previo a esta función se realizará la proyección del Cortometraje Las Aguas tornan magenta de Manuel Besedovsky.</div>
<div dir="auto">Drama &#8211; 18 Min.</div>
<div dir="auto">Domingo 8 sep 18h</div>
<div dir="auto">Función especial – Libre y gratuita</div>
<div dir="auto">Azul, una chica de 18 años, es llevada por sus padres al Tigre a pasar un fin de semana alejada de sus problemas de salud mental. Su padre intenta terminar de escribir una tesis de doctorado mientras su madre, psicóloga infantil, se emborracha pasando el tiempo leyendo frente al río. Lejos de su casa los días se vuelven más largos, la tensión familiar crece y la angustia se intensifica.</div>
</div>

<p>El villano Dir. Luis Ziembrowski &#8211; Gabriel Reches Documental – SAM13 &#8211; 75 Min. Con la participación de Luis Ziembrowski, Alejandra Flechner, Pablo Echarri, Gabriel Goity, Gabo Correa. Domingo 8 sep 18h Función especial – Libre y gratuita Luis Ziembrowski es un actor prestigioso, marido y padre muy presente. Podría decirse que encarna bien el rol de hombre blanco y convencional de clase media. Pero cuando está solo, un pensamiento agita viejos fantasmas que parecían dormidos: a Luis lo inquieta saber que siempre es convocado por directorxs y productorxs, para encarnar papeles de villanos y cínicos. Se pregunta por qué él, que se considera una buena persona, parece más creíble interpretando roles de malvado. Esta pregunta lo conecta de manera directa con el trauma de su infancia: su padre fue un inmigrante polaco que luego de casarse y tener hijos, abandonó a su familia para –desde la perspectiva de Luis-&hellip;</p>
<p> <a class="more-link" href="https://www.arte.unicen.edu.ar/entodas/?tribe_events=el-villano-cine">Read more</a></p>
