{"id":9787,"date":"2024-08-30T10:47:19","date_gmt":"2024-08-30T13:47:19","guid":{"rendered":"https:\/\/www.arte.unicen.edu.ar\/entodas\/?post_type=tribe_events&#038;p=9787"},"modified":"2024-08-30T10:47:19","modified_gmt":"2024-08-30T13:47:19","slug":"pajarito-circo-espectaculo-de-circo","status":"publish","type":"tribe_events","link":"https:\/\/www.arte.unicen.edu.ar\/entodas\/?tribe_events=pajarito-circo-espectaculo-de-circo","title":{"rendered":"PAJARITO CIRCO &#8211; Espect\u00e1culo de Circo"},"content":{"rendered":"<p><img loading=\"lazy\" decoding=\"async\" class=\"alignnone size-medium wp-image-9759 aligncenter\" src=\"https:\/\/www.arte.unicen.edu.ar\/entodas\/wp-content\/uploads\/2024\/08\/457109742_900737212084654_5107389201202061519_n-300x300.jpg\" alt=\"\" width=\"300\" height=\"300\" srcset=\"https:\/\/www.arte.unicen.edu.ar\/entodas\/wp-content\/uploads\/2024\/08\/457109742_900737212084654_5107389201202061519_n-300x300.jpg 300w, https:\/\/www.arte.unicen.edu.ar\/entodas\/wp-content\/uploads\/2024\/08\/457109742_900737212084654_5107389201202061519_n-800x800.jpg 800w, https:\/\/www.arte.unicen.edu.ar\/entodas\/wp-content\/uploads\/2024\/08\/457109742_900737212084654_5107389201202061519_n-768x768.jpg 768w, https:\/\/www.arte.unicen.edu.ar\/entodas\/wp-content\/uploads\/2024\/08\/457109742_900737212084654_5107389201202061519_n.jpg 1063w\" sizes=\"(max-width: 300px) 100vw, 300px\" \/><\/p>\n<div dir=\"auto\">Celebremos el Mes de las Infancias en Tunitas <span class=\"html-span xexx8yu x4uap5 x18d9i69 xkhd6sd x1hl2dhg x16tdsg8 x1vvkbs x3nfvp2 x1j61x8r x1fcty0u xdj266r xat24cr xgzva0m xhhsvwb xxymvpz xlup9mm x1kky2od\"><img loading=\"lazy\" decoding=\"async\" class=\"xz74otr\" src=\"https:\/\/static.xx.fbcdn.net\/images\/emoji.php\/v9\/t8c\/1\/16\/1f389.png\" alt=\"\ud83c\udf89\" width=\"16\" height=\"16\" \/><\/span><\/div>\n<div dir=\"auto\">\u00a1Este s\u00e1bado 31 de agosto a las 15 hs. te invitamos a una tarde m\u00e1gica con Pajarito Circo <span class=\"html-span xexx8yu x4uap5 x18d9i69 xkhd6sd x1hl2dhg x16tdsg8 x1vvkbs x3nfvp2 x1j61x8r x1fcty0u xdj266r xat24cr xgzva0m xhhsvwb xxymvpz xlup9mm x1kky2od\"><img loading=\"lazy\" decoding=\"async\" class=\"xz74otr\" src=\"https:\/\/static.xx.fbcdn.net\/images\/emoji.php\/v9\/t2b\/1\/16\/1f3aa.png\" alt=\"\ud83c\udfaa\" width=\"16\" height=\"16\" \/><\/span>! Ven\u00ed al Club Defensores del Cerro, en Bolivia 487, y disfrut\u00e1 de un espect\u00e1culo lleno de risas, colores y diversi\u00f3n para los m\u00e1s peque\u00f1os.<\/div>\n","protected":false},"excerpt":{"rendered":"<p>Celebremos el Mes de las Infancias en Tunitas \u00a1Este s\u00e1bado 31 de agosto a las 15 hs. te invitamos a una tarde m\u00e1gica con Pajarito Circo ! Ven\u00ed al Club Defensores del Cerro, en Bolivia 487, y disfrut\u00e1 de un espect\u00e1culo lleno de risas, colores y diversi\u00f3n para los m\u00e1s peque\u00f1os.<\/p>\n","protected":false},"author":5,"featured_media":9759,"comment_status":"closed","ping_status":"closed","template":"","meta":{"_tribe_events_status":"","_tribe_events_status_reason":""},"tags":[],"tribe_events_cat":[],"_links":{"self":[{"href":"https:\/\/www.arte.unicen.edu.ar\/entodas\/index.php?rest_route=\/wp\/v2\/tribe_events\/9787"}],"collection":[{"href":"https:\/\/www.arte.unicen.edu.ar\/entodas\/index.php?rest_route=\/wp\/v2\/tribe_events"}],"about":[{"href":"https:\/\/www.arte.unicen.edu.ar\/entodas\/index.php?rest_route=\/wp\/v2\/types\/tribe_events"}],"author":[{"embeddable":true,"href":"https:\/\/www.arte.unicen.edu.ar\/entodas\/index.php?rest_route=\/wp\/v2\/users\/5"}],"replies":[{"embeddable":true,"href":"https:\/\/www.arte.unicen.edu.ar\/entodas\/index.php?rest_route=%2Fwp%2Fv2%2Fcomments&post=9787"}],"version-history":[{"count":1,"href":"https:\/\/www.arte.unicen.edu.ar\/entodas\/index.php?rest_route=\/wp\/v2\/tribe_events\/9787\/revisions"}],"predecessor-version":[{"id":9789,"href":"https:\/\/www.arte.unicen.edu.ar\/entodas\/index.php?rest_route=\/wp\/v2\/tribe_events\/9787\/revisions\/9789"}],"wp:featuredmedia":[{"embeddable":true,"href":"https:\/\/www.arte.unicen.edu.ar\/entodas\/index.php?rest_route=\/wp\/v2\/media\/9759"}],"wp:attachment":[{"href":"https:\/\/www.arte.unicen.edu.ar\/entodas\/index.php?rest_route=%2Fwp%2Fv2%2Fmedia&parent=9787"}],"wp:term":[{"taxonomy":"post_tag","embeddable":true,"href":"https:\/\/www.arte.unicen.edu.ar\/entodas\/index.php?rest_route=%2Fwp%2Fv2%2Ftags&post=9787"},{"taxonomy":"tribe_events_cat","embeddable":true,"href":"https:\/\/www.arte.unicen.edu.ar\/entodas\/index.php?rest_route=%2Fwp%2Fv2%2Ftribe_events_cat&post=9787"}],"curies":[{"name":"wp","href":"https:\/\/api.w.org\/{rel}","templated":true}]}}

PAJARITO CIRCO &#8211; Espectáculo de Circo

<p><img loading="lazy" decoding="async" class="alignnone size-medium wp-image-9759 aligncenter" src="https://www.arte.unicen.edu.ar/entodas/wp-content/uploads/2024/08/457109742_900737212084654_5107389201202061519_n-300x300.jpg" alt="" width="300" height="300" srcset="https://www.arte.unicen.edu.ar/entodas/wp-content/uploads/2024/08/457109742_900737212084654_5107389201202061519_n-300x300.jpg 300w, https://www.arte.unicen.edu.ar/entodas/wp-content/uploads/2024/08/457109742_900737212084654_5107389201202061519_n-800x800.jpg 800w, https://www.arte.unicen.edu.ar/entodas/wp-content/uploads/2024/08/457109742_900737212084654_5107389201202061519_n-768x768.jpg 768w, https://www.arte.unicen.edu.ar/entodas/wp-content/uploads/2024/08/457109742_900737212084654_5107389201202061519_n.jpg 1063w" sizes="(max-width: 300px) 100vw, 300px" /></p>
<div dir="auto">Celebremos el Mes de las Infancias en Tunitas <span class="html-span xexx8yu x4uap5 x18d9i69 xkhd6sd x1hl2dhg x16tdsg8 x1vvkbs x3nfvp2 x1j61x8r x1fcty0u xdj266r xat24cr xgzva0m xhhsvwb xxymvpz xlup9mm x1kky2od"><img loading="lazy" decoding="async" class="xz74otr" src="https://static.xx.fbcdn.net/images/emoji.php/v9/t8c/1/16/1f389.png" alt="🎉" width="16" height="16" /></span></div>
<div dir="auto">¡Este sábado 31 de agosto a las 15 hs. te invitamos a una tarde mágica con Pajarito Circo <span class="html-span xexx8yu x4uap5 x18d9i69 xkhd6sd x1hl2dhg x16tdsg8 x1vvkbs x3nfvp2 x1j61x8r x1fcty0u xdj266r xat24cr xgzva0m xhhsvwb xxymvpz xlup9mm x1kky2od"><img loading="lazy" decoding="async" class="xz74otr" src="https://static.xx.fbcdn.net/images/emoji.php/v9/t2b/1/16/1f3aa.png" alt="🎪" width="16" height="16" /></span>! Vení al Club Defensores del Cerro, en Bolivia 487, y disfrutá de un espectáculo lleno de risas, colores y diversión para los más pequeños.</div>

<p>Celebremos el Mes de las Infancias en Tunitas ¡Este sábado 31 de agosto a las 15 hs. te invitamos a una tarde mágica con Pajarito Circo ! Vení al Club Defensores del Cerro, en Bolivia 487, y disfrutá de un espectáculo lleno de risas, colores y diversión para los más pequeños.</p>
