{"id":9781,"date":"2024-08-30T10:15:41","date_gmt":"2024-08-30T13:15:41","guid":{"rendered":"https:\/\/www.arte.unicen.edu.ar\/entodas\/?post_type=tribe_events&#038;p=9781"},"modified":"2024-08-30T10:15:41","modified_gmt":"2024-08-30T13:15:41","slug":"tango-y-mas-musica","status":"publish","type":"tribe_events","link":"https:\/\/www.arte.unicen.edu.ar\/entodas\/?tribe_events=tango-y-mas-musica","title":{"rendered":"TANGO Y M\u00c1S &#8211; M\u00fasica"},"content":{"rendered":"<p><img loading=\"lazy\" decoding=\"async\" class=\"alignnone size-medium wp-image-9756 aligncenter\" src=\"https:\/\/www.arte.unicen.edu.ar\/entodas\/wp-content\/uploads\/2024\/08\/456695698_10234190198525287_5554819804683756449_n-300x300.jpg\" alt=\"\" width=\"300\" height=\"300\" srcset=\"https:\/\/www.arte.unicen.edu.ar\/entodas\/wp-content\/uploads\/2024\/08\/456695698_10234190198525287_5554819804683756449_n-300x300.jpg 300w, https:\/\/www.arte.unicen.edu.ar\/entodas\/wp-content\/uploads\/2024\/08\/456695698_10234190198525287_5554819804683756449_n-800x800.jpg 800w, https:\/\/www.arte.unicen.edu.ar\/entodas\/wp-content\/uploads\/2024\/08\/456695698_10234190198525287_5554819804683756449_n-768x768.jpg 768w, https:\/\/www.arte.unicen.edu.ar\/entodas\/wp-content\/uploads\/2024\/08\/456695698_10234190198525287_5554819804683756449_n.jpg 1080w\" sizes=\"(max-width: 300px) 100vw, 300px\" \/><\/p>\n<p>&nbsp;<\/p>\n<p>Ver\u00f3nica Garc\u00eda junto a Miguel Valenzuela cantando en el Quincho Cultural. Luego del show te invitamos al micr\u00f3fono abierto!<\/p>\n<p>Reserva tu lugar al 2492 590986, la capacidad es limitada.<\/p>\n","protected":false},"excerpt":{"rendered":"<p>&nbsp; Ver\u00f3nica Garc\u00eda junto a Miguel Valenzuela cantando en el Quincho Cultural. Luego del show te invitamos al micr\u00f3fono abierto! Reserva tu lugar al 2492 590986, la capacidad es limitada.<\/p>\n","protected":false},"author":5,"featured_media":9756,"comment_status":"closed","ping_status":"closed","template":"","meta":{"_tribe_events_status":"","_tribe_events_status_reason":""},"tags":[],"tribe_events_cat":[],"_links":{"self":[{"href":"https:\/\/www.arte.unicen.edu.ar\/entodas\/index.php?rest_route=\/wp\/v2\/tribe_events\/9781"}],"collection":[{"href":"https:\/\/www.arte.unicen.edu.ar\/entodas\/index.php?rest_route=\/wp\/v2\/tribe_events"}],"about":[{"href":"https:\/\/www.arte.unicen.edu.ar\/entodas\/index.php?rest_route=\/wp\/v2\/types\/tribe_events"}],"author":[{"embeddable":true,"href":"https:\/\/www.arte.unicen.edu.ar\/entodas\/index.php?rest_route=\/wp\/v2\/users\/5"}],"replies":[{"embeddable":true,"href":"https:\/\/www.arte.unicen.edu.ar\/entodas\/index.php?rest_route=%2Fwp%2Fv2%2Fcomments&post=9781"}],"version-history":[{"count":1,"href":"https:\/\/www.arte.unicen.edu.ar\/entodas\/index.php?rest_route=\/wp\/v2\/tribe_events\/9781\/revisions"}],"predecessor-version":[{"id":9782,"href":"https:\/\/www.arte.unicen.edu.ar\/entodas\/index.php?rest_route=\/wp\/v2\/tribe_events\/9781\/revisions\/9782"}],"wp:featuredmedia":[{"embeddable":true,"href":"https:\/\/www.arte.unicen.edu.ar\/entodas\/index.php?rest_route=\/wp\/v2\/media\/9756"}],"wp:attachment":[{"href":"https:\/\/www.arte.unicen.edu.ar\/entodas\/index.php?rest_route=%2Fwp%2Fv2%2Fmedia&parent=9781"}],"wp:term":[{"taxonomy":"post_tag","embeddable":true,"href":"https:\/\/www.arte.unicen.edu.ar\/entodas\/index.php?rest_route=%2Fwp%2Fv2%2Ftags&post=9781"},{"taxonomy":"tribe_events_cat","embeddable":true,"href":"https:\/\/www.arte.unicen.edu.ar\/entodas\/index.php?rest_route=%2Fwp%2Fv2%2Ftribe_events_cat&post=9781"}],"curies":[{"name":"wp","href":"https:\/\/api.w.org\/{rel}","templated":true}]}}

TANGO Y MÁS &#8211; Música

<p><img loading="lazy" decoding="async" class="alignnone size-medium wp-image-9756 aligncenter" src="https://www.arte.unicen.edu.ar/entodas/wp-content/uploads/2024/08/456695698_10234190198525287_5554819804683756449_n-300x300.jpg" alt="" width="300" height="300" srcset="https://www.arte.unicen.edu.ar/entodas/wp-content/uploads/2024/08/456695698_10234190198525287_5554819804683756449_n-300x300.jpg 300w, https://www.arte.unicen.edu.ar/entodas/wp-content/uploads/2024/08/456695698_10234190198525287_5554819804683756449_n-800x800.jpg 800w, https://www.arte.unicen.edu.ar/entodas/wp-content/uploads/2024/08/456695698_10234190198525287_5554819804683756449_n-768x768.jpg 768w, https://www.arte.unicen.edu.ar/entodas/wp-content/uploads/2024/08/456695698_10234190198525287_5554819804683756449_n.jpg 1080w" sizes="(max-width: 300px) 100vw, 300px" /></p>
<p>&nbsp;</p>
<p>Verónica García junto a Miguel Valenzuela cantando en el Quincho Cultural. Luego del show te invitamos al micrófono abierto!</p>
<p>Reserva tu lugar al 2492 590986, la capacidad es limitada.</p>

<p>&nbsp; Verónica García junto a Miguel Valenzuela cantando en el Quincho Cultural. Luego del show te invitamos al micrófono abierto! Reserva tu lugar al 2492 590986, la capacidad es limitada.</p>
