{"id":9723,"date":"2024-08-23T09:47:45","date_gmt":"2024-08-23T12:47:45","guid":{"rendered":"https:\/\/www.arte.unicen.edu.ar\/entodas\/?post_type=tribe_events&#038;p=9723"},"modified":"2024-08-23T09:47:45","modified_gmt":"2024-08-23T12:47:45","slug":"ver-sus-teatro","status":"publish","type":"tribe_events","link":"https:\/\/www.arte.unicen.edu.ar\/entodas\/?tribe_events=ver-sus-teatro","title":{"rendered":"VER.SUS &#8211; Teatro"},"content":{"rendered":"<p style=\"text-align: center\"><img loading=\"lazy\" decoding=\"async\" class=\"alignnone size-medium wp-image-9709\" src=\"https:\/\/www.arte.unicen.edu.ar\/entodas\/wp-content\/uploads\/2024\/08\/WhatsApp-Image-2024-08-23-at-08.31.01-3-300x300.jpeg\" alt=\"\" width=\"300\" height=\"300\" srcset=\"https:\/\/www.arte.unicen.edu.ar\/entodas\/wp-content\/uploads\/2024\/08\/WhatsApp-Image-2024-08-23-at-08.31.01-3-300x300.jpeg 300w, https:\/\/www.arte.unicen.edu.ar\/entodas\/wp-content\/uploads\/2024\/08\/WhatsApp-Image-2024-08-23-at-08.31.01-3-800x800.jpeg 800w, https:\/\/www.arte.unicen.edu.ar\/entodas\/wp-content\/uploads\/2024\/08\/WhatsApp-Image-2024-08-23-at-08.31.01-3-768x768.jpeg 768w, https:\/\/www.arte.unicen.edu.ar\/entodas\/wp-content\/uploads\/2024\/08\/WhatsApp-Image-2024-08-23-at-08.31.01-3.jpeg 1400w\" sizes=\"(max-width: 300px) 100vw, 300px\" \/><img loading=\"lazy\" decoding=\"async\" class=\"alignnone size-medium wp-image-9706\" src=\"https:\/\/www.arte.unicen.edu.ar\/entodas\/wp-content\/uploads\/2024\/08\/Teatro-La-Fabrica-_-\ud83e\udee2Bueno-pasaron-cosas-con-las-publicaciones-pero-aca-estamo-\ud83d\udc95-Este-finde-semana-teatro-para-toda-la-familia-todos-los-gustos-todas-las.-_-Instagram_page-0001-300x300.jpg\" alt=\"\" width=\"300\" height=\"300\" srcset=\"https:\/\/www.arte.unicen.edu.ar\/entodas\/wp-content\/uploads\/2024\/08\/Teatro-La-Fabrica-_-\ud83e\udee2Bueno-pasaron-cosas-con-las-publicaciones-pero-aca-estamo-\ud83d\udc95-Este-finde-semana-teatro-para-toda-la-familia-todos-los-gustos-todas-las.-_-Instagram_page-0001-300x300.jpg 300w, https:\/\/www.arte.unicen.edu.ar\/entodas\/wp-content\/uploads\/2024\/08\/Teatro-La-Fabrica-_-\ud83e\udee2Bueno-pasaron-cosas-con-las-publicaciones-pero-aca-estamo-\ud83d\udc95-Este-finde-semana-teatro-para-toda-la-familia-todos-los-gustos-todas-las.-_-Instagram_page-0001-798x800.jpg 798w, https:\/\/www.arte.unicen.edu.ar\/entodas\/wp-content\/uploads\/2024\/08\/Teatro-La-Fabrica-_-\ud83e\udee2Bueno-pasaron-cosas-con-las-publicaciones-pero-aca-estamo-\ud83d\udc95-Este-finde-semana-teatro-para-toda-la-familia-todos-los-gustos-todas-las.-_-Instagram_page-0001-768x770.jpg 768w, https:\/\/www.arte.unicen.edu.ar\/entodas\/wp-content\/uploads\/2024\/08\/Teatro-La-Fabrica-_-\ud83e\udee2Bueno-pasaron-cosas-con-las-publicaciones-pero-aca-estamo-\ud83d\udc95-Este-finde-semana-teatro-para-toda-la-familia-todos-los-gustos-todas-las.-_-Instagram_page-0001.jpg 926w\" sizes=\"(max-width: 300px) 100vw, 300px\" \/><\/p>\n<p>&#8220;VER.SUS [apariencia\/esencia]&#8221;<br \/>\nUna obra de Danza Contempor\u00e1nea\/Danza Teatro que busca visibilizar y nos invita a reflexionar sobre los TCA (trastornos en conductas alimenticias)<\/p>\n<p>Funciones en el Teatro La F\u00e1brica (Pinto 359)\ud83c\udfad:<br \/>\nS\u00e1bado 24\/8 &#8211; 21hs<br \/>\nDomingo 25\/8 &#8211; 20hs<\/p>\n<p>Celebramos la danza, el arte , como forma de comunicar! \ud83d\ude4c<br \/>\nInt\u00e9rpretes: Agustina Rodr\u00edguez, Alfonsina G\u00f3mez Mart\u00ednez, Arantxa G\u00f3mez Arn, Braja M\u00e1rquez, Camila Macchi, Carolina Frogley, Juanita Rodriguez, Julia Bulnes, Mariana Rossi \ud83d\udc83<br \/>\nIdea, coreograf\u00edas y direcci\u00f3n: Natalia Micaela Landa \ud83d\udcab<\/p>\n<p>Adquir\u00ed las entradas anticipadas con descuento a trav\u00e9s de miembros del elenco.\ud83d\ude4c<\/p>\n","protected":false},"excerpt":{"rendered":"<p>&#8220;VER.SUS [apariencia\/esencia]&#8221; Una obra de Danza Contempor\u00e1nea\/Danza Teatro que busca visibilizar y nos invita a reflexionar sobre los TCA (trastornos en conductas alimenticias) Funciones en el Teatro La F\u00e1brica (Pinto 359)\ud83c\udfad: S\u00e1bado 24\/8 &#8211; 21hs Domingo 25\/8 &#8211; 20hs Celebramos la danza, el arte , como forma de comunicar! \ud83d\ude4c Int\u00e9rpretes: Agustina Rodr\u00edguez, Alfonsina G\u00f3mez Mart\u00ednez, Arantxa G\u00f3mez Arn, Braja M\u00e1rquez, Camila Macchi, Carolina Frogley, Juanita Rodriguez, Julia Bulnes, Mariana Rossi \ud83d\udc83 Idea, coreograf\u00edas y direcci\u00f3n: Natalia Micaela Landa \ud83d\udcab Adquir\u00ed las entradas anticipadas con descuento a trav\u00e9s de miembros del elenco.\ud83d\ude4c<\/p>\n","protected":false},"author":5,"featured_media":9709,"comment_status":"closed","ping_status":"closed","template":"","meta":{"_tribe_events_status":"","_tribe_events_status_reason":""},"tags":[],"tribe_events_cat":[],"_links":{"self":[{"href":"https:\/\/www.arte.unicen.edu.ar\/entodas\/index.php?rest_route=\/wp\/v2\/tribe_events\/9723"}],"collection":[{"href":"https:\/\/www.arte.unicen.edu.ar\/entodas\/index.php?rest_route=\/wp\/v2\/tribe_events"}],"about":[{"href":"https:\/\/www.arte.unicen.edu.ar\/entodas\/index.php?rest_route=\/wp\/v2\/types\/tribe_events"}],"author":[{"embeddable":true,"href":"https:\/\/www.arte.unicen.edu.ar\/entodas\/index.php?rest_route=\/wp\/v2\/users\/5"}],"replies":[{"embeddable":true,"href":"https:\/\/www.arte.unicen.edu.ar\/entodas\/index.php?rest_route=%2Fwp%2Fv2%2Fcomments&post=9723"}],"version-history":[{"count":1,"href":"https:\/\/www.arte.unicen.edu.ar\/entodas\/index.php?rest_route=\/wp\/v2\/tribe_events\/9723\/revisions"}],"predecessor-version":[{"id":9724,"href":"https:\/\/www.arte.unicen.edu.ar\/entodas\/index.php?rest_route=\/wp\/v2\/tribe_events\/9723\/revisions\/9724"}],"wp:featuredmedia":[{"embeddable":true,"href":"https:\/\/www.arte.unicen.edu.ar\/entodas\/index.php?rest_route=\/wp\/v2\/media\/9709"}],"wp:attachment":[{"href":"https:\/\/www.arte.unicen.edu.ar\/entodas\/index.php?rest_route=%2Fwp%2Fv2%2Fmedia&parent=9723"}],"wp:term":[{"taxonomy":"post_tag","embeddable":true,"href":"https:\/\/www.arte.unicen.edu.ar\/entodas\/index.php?rest_route=%2Fwp%2Fv2%2Ftags&post=9723"},{"taxonomy":"tribe_events_cat","embeddable":true,"href":"https:\/\/www.arte.unicen.edu.ar\/entodas\/index.php?rest_route=%2Fwp%2Fv2%2Ftribe_events_cat&post=9723"}],"curies":[{"name":"wp","href":"https:\/\/api.w.org\/{rel}","templated":true}]}}

<p style="text-align: center"><img loading="lazy" decoding="async" class="alignnone size-medium wp-image-9709" src="https://www.arte.unicen.edu.ar/entodas/wp-content/uploads/2024/08/WhatsApp-Image-2024-08-23-at-08.31.01-3-300x300.jpeg" alt="" width="300" height="300" srcset="https://www.arte.unicen.edu.ar/entodas/wp-content/uploads/2024/08/WhatsApp-Image-2024-08-23-at-08.31.01-3-300x300.jpeg 300w, https://www.arte.unicen.edu.ar/entodas/wp-content/uploads/2024/08/WhatsApp-Image-2024-08-23-at-08.31.01-3-800x800.jpeg 800w, https://www.arte.unicen.edu.ar/entodas/wp-content/uploads/2024/08/WhatsApp-Image-2024-08-23-at-08.31.01-3-768x768.jpeg 768w, https://www.arte.unicen.edu.ar/entodas/wp-content/uploads/2024/08/WhatsApp-Image-2024-08-23-at-08.31.01-3.jpeg 1400w" sizes="(max-width: 300px) 100vw, 300px" /><img loading="lazy" decoding="async" class="alignnone size-medium wp-image-9706" src="https://www.arte.unicen.edu.ar/entodas/wp-content/uploads/2024/08/Teatro-La-Fabrica-_-🫢Bueno-pasaron-cosas-con-las-publicaciones-pero-aca-estamo-💕-Este-finde-semana-teatro-para-toda-la-familia-todos-los-gustos-todas-las.-_-Instagram_page-0001-300x300.jpg" alt="" width="300" height="300" srcset="https://www.arte.unicen.edu.ar/entodas/wp-content/uploads/2024/08/Teatro-La-Fabrica-_-🫢Bueno-pasaron-cosas-con-las-publicaciones-pero-aca-estamo-💕-Este-finde-semana-teatro-para-toda-la-familia-todos-los-gustos-todas-las.-_-Instagram_page-0001-300x300.jpg 300w, https://www.arte.unicen.edu.ar/entodas/wp-content/uploads/2024/08/Teatro-La-Fabrica-_-🫢Bueno-pasaron-cosas-con-las-publicaciones-pero-aca-estamo-💕-Este-finde-semana-teatro-para-toda-la-familia-todos-los-gustos-todas-las.-_-Instagram_page-0001-798x800.jpg 798w, https://www.arte.unicen.edu.ar/entodas/wp-content/uploads/2024/08/Teatro-La-Fabrica-_-🫢Bueno-pasaron-cosas-con-las-publicaciones-pero-aca-estamo-💕-Este-finde-semana-teatro-para-toda-la-familia-todos-los-gustos-todas-las.-_-Instagram_page-0001-768x770.jpg 768w, https://www.arte.unicen.edu.ar/entodas/wp-content/uploads/2024/08/Teatro-La-Fabrica-_-🫢Bueno-pasaron-cosas-con-las-publicaciones-pero-aca-estamo-💕-Este-finde-semana-teatro-para-toda-la-familia-todos-los-gustos-todas-las.-_-Instagram_page-0001.jpg 926w" sizes="(max-width: 300px) 100vw, 300px" /></p>
<p>&#8220;VER.SUS [apariencia/esencia]&#8221;<br />
Una obra de Danza Contemporánea/Danza Teatro que busca visibilizar y nos invita a reflexionar sobre los TCA (trastornos en conductas alimenticias)</p>
<p>Funciones en el Teatro La Fábrica (Pinto 359)🎭:<br />
Sábado 24/8 &#8211; 21hs<br />
Domingo 25/8 &#8211; 20hs</p>
<p>Celebramos la danza, el arte , como forma de comunicar! 🙌<br />
Intérpretes: Agustina Rodríguez, Alfonsina Gómez Martínez, Arantxa Gómez Arn, Braja Márquez, Camila Macchi, Carolina Frogley, Juanita Rodriguez, Julia Bulnes, Mariana Rossi 💃<br />
Idea, coreografías y dirección: Natalia Micaela Landa 💫</p>
<p>Adquirí las entradas anticipadas con descuento a través de miembros del elenco.🙌</p>

<p>&#8220;VER.SUS [apariencia/esencia]&#8221; Una obra de Danza Contemporánea/Danza Teatro que busca visibilizar y nos invita a reflexionar sobre los TCA (trastornos en conductas alimenticias) Funciones en el Teatro La Fábrica (Pinto 359)🎭: Sábado 24/8 &#8211; 21hs Domingo 25/8 &#8211; 20hs Celebramos la danza, el arte , como forma de comunicar! 🙌 Intérpretes: Agustina Rodríguez, Alfonsina Gómez Martínez, Arantxa Gómez Arn, Braja Márquez, Camila Macchi, Carolina Frogley, Juanita Rodriguez, Julia Bulnes, Mariana Rossi 💃 Idea, coreografías y dirección: Natalia Micaela Landa 💫 Adquirí las entradas anticipadas con descuento a través de miembros del elenco.🙌</p>
