{"id":9717,"date":"2024-08-23T09:31:52","date_gmt":"2024-08-23T12:31:52","guid":{"rendered":"https:\/\/www.arte.unicen.edu.ar\/entodas\/?post_type=tribe_events&#038;p=9717"},"modified":"2024-08-23T09:31:52","modified_gmt":"2024-08-23T12:31:52","slug":"el-show-del-mago-ariel-magia-infantil","status":"publish","type":"tribe_events","link":"https:\/\/www.arte.unicen.edu.ar\/entodas\/?tribe_events=el-show-del-mago-ariel-magia-infantil","title":{"rendered":"EL SHOW DEL MAGO ARIEL &#8211; Magia Infantil"},"content":{"rendered":"<p><img loading=\"lazy\" decoding=\"async\" class=\"size-medium wp-image-9698 aligncenter\" src=\"https:\/\/www.arte.unicen.edu.ar\/entodas\/wp-content\/uploads\/2024\/08\/455861685_896010872557288_417024334240698941_n-300x300.jpg\" alt=\"\" width=\"300\" height=\"300\" srcset=\"https:\/\/www.arte.unicen.edu.ar\/entodas\/wp-content\/uploads\/2024\/08\/455861685_896010872557288_417024334240698941_n-300x300.jpg 300w, https:\/\/www.arte.unicen.edu.ar\/entodas\/wp-content\/uploads\/2024\/08\/455861685_896010872557288_417024334240698941_n-800x800.jpg 800w, https:\/\/www.arte.unicen.edu.ar\/entodas\/wp-content\/uploads\/2024\/08\/455861685_896010872557288_417024334240698941_n-768x768.jpg 768w, https:\/\/www.arte.unicen.edu.ar\/entodas\/wp-content\/uploads\/2024\/08\/455861685_896010872557288_417024334240698941_n.jpg 1063w\" sizes=\"(max-width: 300px) 100vw, 300px\" \/><\/p>\n<div dir=\"auto\"><span class=\"html-span xexx8yu x4uap5 x18d9i69 xkhd6sd x1hl2dhg x16tdsg8 x1vvkbs x3nfvp2 x1j61x8r x1fcty0u xdj266r xat24cr xgzva0m xhhsvwb xxymvpz xlup9mm x1kky2od\"><img loading=\"lazy\" decoding=\"async\" class=\"xz74otr\" src=\"https:\/\/static.xx.fbcdn.net\/images\/emoji.php\/v9\/t7e\/1\/16\/1f4c5.png\" alt=\"\ud83d\udcc5\" width=\"16\" height=\"16\" \/><\/span> Celebramos el Mes de las Infancias en Movediza<\/div>\n<div dir=\"auto\"><\/div>\n<div dir=\"auto\"><span class=\"html-span xexx8yu x4uap5 x18d9i69 xkhd6sd x1hl2dhg x16tdsg8 x1vvkbs x3nfvp2 x1j61x8r x1fcty0u xdj266r xat24cr xgzva0m xhhsvwb xxymvpz xlup9mm x1kky2od\"><img loading=\"lazy\" decoding=\"async\" class=\"xz74otr\" src=\"https:\/\/static.xx.fbcdn.net\/images\/emoji.php\/v9\/t3\/1\/16\/1f3a9.png\" alt=\"\ud83c\udfa9\" width=\"16\" height=\"16\" \/><\/span><span class=\"html-span xexx8yu x4uap5 x18d9i69 xkhd6sd x1hl2dhg x16tdsg8 x1vvkbs x3nfvp2 x1j61x8r x1fcty0u xdj266r xat24cr xgzva0m xhhsvwb xxymvpz xlup9mm x1kky2od\"><img loading=\"lazy\" decoding=\"async\" class=\"xz74otr\" src=\"https:\/\/static.xx.fbcdn.net\/images\/emoji.php\/v9\/tf4\/1\/16\/2728.png\" alt=\"\u2728\" width=\"16\" height=\"16\" \/><\/span> \u00a1Este s\u00e1bado 24 de agosto a las 14:30 hs. no te pierdas el incre\u00edble Show del Mago Ariel en Movediza! Ven\u00ed con toda la familia al Nido Movediza (Azucena 1450) y disfrut\u00e1 de una tarde llena de magia y sorpresas. <span class=\"html-span xexx8yu x4uap5 x18d9i69 xkhd6sd x1hl2dhg x16tdsg8 x1vvkbs x3nfvp2 x1j61x8r x1fcty0u xdj266r xat24cr xgzva0m xhhsvwb xxymvpz xlup9mm x1kky2od\"><img loading=\"lazy\" decoding=\"async\" class=\"xz74otr\" src=\"https:\/\/static.xx.fbcdn.net\/images\/emoji.php\/v9\/te0\/1\/16\/1f31f.png\" alt=\"\ud83c\udf1f\" width=\"16\" height=\"16\" \/><\/span> \u00a1Te esperamos!<\/div>\n<div dir=\"auto\"><\/div>\n<div dir=\"auto\">Actividad libre y gratuita<\/div>\n","protected":false},"excerpt":{"rendered":"<p>Celebramos el Mes de las Infancias en Movediza \u00a1Este s\u00e1bado 24 de agosto a las 14:30 hs. no te pierdas el incre\u00edble Show del Mago Ariel en Movediza! Ven\u00ed con toda la familia al Nido Movediza (Azucena 1450) y disfrut\u00e1 de una tarde llena de magia y sorpresas. \u00a1Te esperamos! Actividad libre y gratuita<\/p>\n","protected":false},"author":5,"featured_media":9698,"comment_status":"closed","ping_status":"closed","template":"","meta":{"_tribe_events_status":"","_tribe_events_status_reason":""},"tags":[],"tribe_events_cat":[],"_links":{"self":[{"href":"https:\/\/www.arte.unicen.edu.ar\/entodas\/index.php?rest_route=\/wp\/v2\/tribe_events\/9717"}],"collection":[{"href":"https:\/\/www.arte.unicen.edu.ar\/entodas\/index.php?rest_route=\/wp\/v2\/tribe_events"}],"about":[{"href":"https:\/\/www.arte.unicen.edu.ar\/entodas\/index.php?rest_route=\/wp\/v2\/types\/tribe_events"}],"author":[{"embeddable":true,"href":"https:\/\/www.arte.unicen.edu.ar\/entodas\/index.php?rest_route=\/wp\/v2\/users\/5"}],"replies":[{"embeddable":true,"href":"https:\/\/www.arte.unicen.edu.ar\/entodas\/index.php?rest_route=%2Fwp%2Fv2%2Fcomments&post=9717"}],"version-history":[{"count":1,"href":"https:\/\/www.arte.unicen.edu.ar\/entodas\/index.php?rest_route=\/wp\/v2\/tribe_events\/9717\/revisions"}],"predecessor-version":[{"id":9719,"href":"https:\/\/www.arte.unicen.edu.ar\/entodas\/index.php?rest_route=\/wp\/v2\/tribe_events\/9717\/revisions\/9719"}],"wp:featuredmedia":[{"embeddable":true,"href":"https:\/\/www.arte.unicen.edu.ar\/entodas\/index.php?rest_route=\/wp\/v2\/media\/9698"}],"wp:attachment":[{"href":"https:\/\/www.arte.unicen.edu.ar\/entodas\/index.php?rest_route=%2Fwp%2Fv2%2Fmedia&parent=9717"}],"wp:term":[{"taxonomy":"post_tag","embeddable":true,"href":"https:\/\/www.arte.unicen.edu.ar\/entodas\/index.php?rest_route=%2Fwp%2Fv2%2Ftags&post=9717"},{"taxonomy":"tribe_events_cat","embeddable":true,"href":"https:\/\/www.arte.unicen.edu.ar\/entodas\/index.php?rest_route=%2Fwp%2Fv2%2Ftribe_events_cat&post=9717"}],"curies":[{"name":"wp","href":"https:\/\/api.w.org\/{rel}","templated":true}]}}

<p><img loading="lazy" decoding="async" class="size-medium wp-image-9698 aligncenter" src="https://www.arte.unicen.edu.ar/entodas/wp-content/uploads/2024/08/455861685_896010872557288_417024334240698941_n-300x300.jpg" alt="" width="300" height="300" srcset="https://www.arte.unicen.edu.ar/entodas/wp-content/uploads/2024/08/455861685_896010872557288_417024334240698941_n-300x300.jpg 300w, https://www.arte.unicen.edu.ar/entodas/wp-content/uploads/2024/08/455861685_896010872557288_417024334240698941_n-800x800.jpg 800w, https://www.arte.unicen.edu.ar/entodas/wp-content/uploads/2024/08/455861685_896010872557288_417024334240698941_n-768x768.jpg 768w, https://www.arte.unicen.edu.ar/entodas/wp-content/uploads/2024/08/455861685_896010872557288_417024334240698941_n.jpg 1063w" sizes="(max-width: 300px) 100vw, 300px" /></p>
<div dir="auto"><span class="html-span xexx8yu x4uap5 x18d9i69 xkhd6sd x1hl2dhg x16tdsg8 x1vvkbs x3nfvp2 x1j61x8r x1fcty0u xdj266r xat24cr xgzva0m xhhsvwb xxymvpz xlup9mm x1kky2od"><img loading="lazy" decoding="async" class="xz74otr" src="https://static.xx.fbcdn.net/images/emoji.php/v9/t7e/1/16/1f4c5.png" alt="📅" width="16" height="16" /></span> Celebramos el Mes de las Infancias en Movediza</div>
<div dir="auto"></div>
<div dir="auto"><span class="html-span xexx8yu x4uap5 x18d9i69 xkhd6sd x1hl2dhg x16tdsg8 x1vvkbs x3nfvp2 x1j61x8r x1fcty0u xdj266r xat24cr xgzva0m xhhsvwb xxymvpz xlup9mm x1kky2od"><img loading="lazy" decoding="async" class="xz74otr" src="https://static.xx.fbcdn.net/images/emoji.php/v9/t3/1/16/1f3a9.png" alt="🎩" width="16" height="16" /></span><span class="html-span xexx8yu x4uap5 x18d9i69 xkhd6sd x1hl2dhg x16tdsg8 x1vvkbs x3nfvp2 x1j61x8r x1fcty0u xdj266r xat24cr xgzva0m xhhsvwb xxymvpz xlup9mm x1kky2od"><img loading="lazy" decoding="async" class="xz74otr" src="https://static.xx.fbcdn.net/images/emoji.php/v9/tf4/1/16/2728.png" alt="✨" width="16" height="16" /></span> ¡Este sábado 24 de agosto a las 14:30 hs. no te pierdas el increíble Show del Mago Ariel en Movediza! Vení con toda la familia al Nido Movediza (Azucena 1450) y disfrutá de una tarde llena de magia y sorpresas. <span class="html-span xexx8yu x4uap5 x18d9i69 xkhd6sd x1hl2dhg x16tdsg8 x1vvkbs x3nfvp2 x1j61x8r x1fcty0u xdj266r xat24cr xgzva0m xhhsvwb xxymvpz xlup9mm x1kky2od"><img loading="lazy" decoding="async" class="xz74otr" src="https://static.xx.fbcdn.net/images/emoji.php/v9/te0/1/16/1f31f.png" alt="🌟" width="16" height="16" /></span> ¡Te esperamos!</div>
<div dir="auto"></div>
<div dir="auto">Actividad libre y gratuita</div>

<p>Celebramos el Mes de las Infancias en Movediza ¡Este sábado 24 de agosto a las 14:30 hs. no te pierdas el increíble Show del Mago Ariel en Movediza! Vení con toda la familia al Nido Movediza (Azucena 1450) y disfrutá de una tarde llena de magia y sorpresas. ¡Te esperamos! Actividad libre y gratuita</p>
