{"id":9697,"date":"2024-08-23T09:12:55","date_gmt":"2024-08-23T12:12:55","guid":{"rendered":"https:\/\/www.arte.unicen.edu.ar\/entodas\/?post_type=tribe_events&#038;p=9697"},"modified":"2024-08-23T09:12:55","modified_gmt":"2024-08-23T12:12:55","slug":"mercano-el-maciano-cine","status":"publish","type":"tribe_events","link":"https:\/\/www.arte.unicen.edu.ar\/entodas\/?tribe_events=mercano-el-maciano-cine","title":{"rendered":"MERCANO EL MACIANO &#8211; Cine"},"content":{"rendered":"<p><img loading=\"lazy\" decoding=\"async\" class=\"size-medium wp-image-9705 aligncenter\" src=\"https:\/\/www.arte.unicen.edu.ar\/entodas\/wp-content\/uploads\/2024\/08\/Puchasia-_-\u26a1QUINTA-EDICION-ANGULAR\u26a1-\ud83c\udde6\ud83c\uddf7Especial-Animacion-Argentina\ud83c\udde6\ud83c\uddf7-\ud83d\udc7d-Acompananos-este-viernes-a-las-19hs-para-ver-_Mercano-el-Marciano_-junto-a.-_-Instagram_page-0001-1-239x300.jpg\" alt=\"\" width=\"239\" height=\"300\" srcset=\"https:\/\/www.arte.unicen.edu.ar\/entodas\/wp-content\/uploads\/2024\/08\/Puchasia-_-\u26a1QUINTA-EDICION-ANGULAR\u26a1-\ud83c\udde6\ud83c\uddf7Especial-Animacion-Argentina\ud83c\udde6\ud83c\uddf7-\ud83d\udc7d-Acompananos-este-viernes-a-las-19hs-para-ver-_Mercano-el-Marciano_-junto-a.-_-Instagram_page-0001-1-239x300.jpg 239w, https:\/\/www.arte.unicen.edu.ar\/entodas\/wp-content\/uploads\/2024\/08\/Puchasia-_-\u26a1QUINTA-EDICION-ANGULAR\u26a1-\ud83c\udde6\ud83c\uddf7Especial-Animacion-Argentina\ud83c\udde6\ud83c\uddf7-\ud83d\udc7d-Acompananos-este-viernes-a-las-19hs-para-ver-_Mercano-el-Marciano_-junto-a.-_-Instagram_page-0001-1-636x800.jpg 636w, https:\/\/www.arte.unicen.edu.ar\/entodas\/wp-content\/uploads\/2024\/08\/Puchasia-_-\u26a1QUINTA-EDICION-ANGULAR\u26a1-\ud83c\udde6\ud83c\uddf7Especial-Animacion-Argentina\ud83c\udde6\ud83c\uddf7-\ud83d\udc7d-Acompananos-este-viernes-a-las-19hs-para-ver-_Mercano-el-Marciano_-junto-a.-_-Instagram_page-0001-1.jpg 735w\" sizes=\"(max-width: 239px) 100vw, 239px\" \/><\/p>\n<p>\u26a1QUINTA EDICI\u00d3N ANGULAR\u26a1<br \/>\n\ud83c\udde6\ud83c\uddf7Especial Animaci\u00f3n Argentina\ud83c\udde6\ud83c\uddf7<\/p>\n<p>\ud83d\udc7d Acomp\u00e1\u00f1anos este viernes a las 19hs para ver &#8220;Mercano el Marciano&#8221; junto a una intervenci\u00f3n de\u00a0<a class=\"x1i10hfl xjbqb8w x1ejq31n xd10rxx x1sy0etr x17r0tee x972fbf xcfux6l x1qhh985 xm0m39n x9f619 x1ypdohk xt0psk2 xe8uvvx xdj266r x11i5rnm xat24cr x1mh8g0r xexx8yu x4uap5 x18d9i69 xkhd6sd x16tdsg8 x1hl2dhg xggy1nq x1a2a7pz notranslate _a6hd\" role=\"link\" href=\"https:\/\/www.instagram.com\/mendzlala\/\">@mendzlala<\/a>\u00a0\ud83d\udc7d<\/p>\n<p>Fecha: Viernes 23 de Agosto &#8211; 19hs<br \/>\nLugar: Teatro \u00c9ter (Rodr\u00edguez 1033)<\/p>\n","protected":false},"excerpt":{"rendered":"<p>\u26a1QUINTA EDICI\u00d3N ANGULAR\u26a1 \ud83c\udde6\ud83c\uddf7Especial Animaci\u00f3n Argentina\ud83c\udde6\ud83c\uddf7 \ud83d\udc7d Acomp\u00e1\u00f1anos este viernes a las 19hs para ver &#8220;Mercano el Marciano&#8221; junto a una intervenci\u00f3n de\u00a0@mendzlala\u00a0\ud83d\udc7d Fecha: Viernes 23 de Agosto &#8211; 19hs Lugar: Teatro \u00c9ter (Rodr\u00edguez 1033)<\/p>\n","protected":false},"author":5,"featured_media":9705,"comment_status":"closed","ping_status":"closed","template":"","meta":{"_tribe_events_status":"","_tribe_events_status_reason":""},"tags":[],"tribe_events_cat":[],"_links":{"self":[{"href":"https:\/\/www.arte.unicen.edu.ar\/entodas\/index.php?rest_route=\/wp\/v2\/tribe_events\/9697"}],"collection":[{"href":"https:\/\/www.arte.unicen.edu.ar\/entodas\/index.php?rest_route=\/wp\/v2\/tribe_events"}],"about":[{"href":"https:\/\/www.arte.unicen.edu.ar\/entodas\/index.php?rest_route=\/wp\/v2\/types\/tribe_events"}],"author":[{"embeddable":true,"href":"https:\/\/www.arte.unicen.edu.ar\/entodas\/index.php?rest_route=\/wp\/v2\/users\/5"}],"replies":[{"embeddable":true,"href":"https:\/\/www.arte.unicen.edu.ar\/entodas\/index.php?rest_route=%2Fwp%2Fv2%2Fcomments&post=9697"}],"version-history":[{"count":1,"href":"https:\/\/www.arte.unicen.edu.ar\/entodas\/index.php?rest_route=\/wp\/v2\/tribe_events\/9697\/revisions"}],"predecessor-version":[{"id":9712,"href":"https:\/\/www.arte.unicen.edu.ar\/entodas\/index.php?rest_route=\/wp\/v2\/tribe_events\/9697\/revisions\/9712"}],"wp:featuredmedia":[{"embeddable":true,"href":"https:\/\/www.arte.unicen.edu.ar\/entodas\/index.php?rest_route=\/wp\/v2\/media\/9705"}],"wp:attachment":[{"href":"https:\/\/www.arte.unicen.edu.ar\/entodas\/index.php?rest_route=%2Fwp%2Fv2%2Fmedia&parent=9697"}],"wp:term":[{"taxonomy":"post_tag","embeddable":true,"href":"https:\/\/www.arte.unicen.edu.ar\/entodas\/index.php?rest_route=%2Fwp%2Fv2%2Ftags&post=9697"},{"taxonomy":"tribe_events_cat","embeddable":true,"href":"https:\/\/www.arte.unicen.edu.ar\/entodas\/index.php?rest_route=%2Fwp%2Fv2%2Ftribe_events_cat&post=9697"}],"curies":[{"name":"wp","href":"https:\/\/api.w.org\/{rel}","templated":true}]}}

<p><img loading="lazy" decoding="async" class="size-medium wp-image-9705 aligncenter" src="https://www.arte.unicen.edu.ar/entodas/wp-content/uploads/2024/08/Puchasia-_-⚡QUINTA-EDICION-ANGULAR⚡-🇦🇷Especial-Animacion-Argentina🇦🇷-👽-Acompananos-este-viernes-a-las-19hs-para-ver-_Mercano-el-Marciano_-junto-a.-_-Instagram_page-0001-1-239x300.jpg" alt="" width="239" height="300" srcset="https://www.arte.unicen.edu.ar/entodas/wp-content/uploads/2024/08/Puchasia-_-⚡QUINTA-EDICION-ANGULAR⚡-🇦🇷Especial-Animacion-Argentina🇦🇷-👽-Acompananos-este-viernes-a-las-19hs-para-ver-_Mercano-el-Marciano_-junto-a.-_-Instagram_page-0001-1-239x300.jpg 239w, https://www.arte.unicen.edu.ar/entodas/wp-content/uploads/2024/08/Puchasia-_-⚡QUINTA-EDICION-ANGULAR⚡-🇦🇷Especial-Animacion-Argentina🇦🇷-👽-Acompananos-este-viernes-a-las-19hs-para-ver-_Mercano-el-Marciano_-junto-a.-_-Instagram_page-0001-1-636x800.jpg 636w, https://www.arte.unicen.edu.ar/entodas/wp-content/uploads/2024/08/Puchasia-_-⚡QUINTA-EDICION-ANGULAR⚡-🇦🇷Especial-Animacion-Argentina🇦🇷-👽-Acompananos-este-viernes-a-las-19hs-para-ver-_Mercano-el-Marciano_-junto-a.-_-Instagram_page-0001-1.jpg 735w" sizes="(max-width: 239px) 100vw, 239px" /></p>
<p>⚡QUINTA EDICIÓN ANGULAR⚡<br />
🇦🇷Especial Animación Argentina🇦🇷</p>
<p>👽 Acompáñanos este viernes a las 19hs para ver &#8220;Mercano el Marciano&#8221; junto a una intervención de <a class="x1i10hfl xjbqb8w x1ejq31n xd10rxx x1sy0etr x17r0tee x972fbf xcfux6l x1qhh985 xm0m39n x9f619 x1ypdohk xt0psk2 xe8uvvx xdj266r x11i5rnm xat24cr x1mh8g0r xexx8yu x4uap5 x18d9i69 xkhd6sd x16tdsg8 x1hl2dhg xggy1nq x1a2a7pz notranslate _a6hd" role="link" href="https://www.instagram.com/mendzlala/">@mendzlala</a> 👽</p>
<p>Fecha: Viernes 23 de Agosto &#8211; 19hs<br />
Lugar: Teatro Éter (Rodríguez 1033)</p>

<p>⚡QUINTA EDICIÓN ANGULAR⚡ 🇦🇷Especial Animación Argentina🇦🇷 👽 Acompáñanos este viernes a las 19hs para ver &#8220;Mercano el Marciano&#8221; junto a una intervención de @mendzlala 👽 Fecha: Viernes 23 de Agosto &#8211; 19hs Lugar: Teatro Éter (Rodríguez 1033)</p>
