{"id":9678,"date":"2024-08-16T10:55:05","date_gmt":"2024-08-16T13:55:05","guid":{"rendered":"https:\/\/www.arte.unicen.edu.ar\/entodas\/?post_type=tribe_events&#038;p=9678"},"modified":"2024-08-16T10:55:05","modified_gmt":"2024-08-16T13:55:05","slug":"carta-a-un-padre-cine","status":"publish","type":"tribe_events","link":"https:\/\/www.arte.unicen.edu.ar\/entodas\/?tribe_events=carta-a-un-padre-cine","title":{"rendered":"CARTA A UN PADRE &#8211; Cine"},"content":{"rendered":"<p><img loading=\"lazy\" decoding=\"async\" class=\"size-medium wp-image-9679 aligncenter\" src=\"https:\/\/www.arte.unicen.edu.ar\/entodas\/wp-content\/uploads\/2024\/08\/455517452_994080212515583_7587087255080301498_n-300x300.jpg\" alt=\"\" width=\"300\" height=\"300\" srcset=\"https:\/\/www.arte.unicen.edu.ar\/entodas\/wp-content\/uploads\/2024\/08\/455517452_994080212515583_7587087255080301498_n-300x300.jpg 300w, https:\/\/www.arte.unicen.edu.ar\/entodas\/wp-content\/uploads\/2024\/08\/455517452_994080212515583_7587087255080301498_n-800x800.jpg 800w, https:\/\/www.arte.unicen.edu.ar\/entodas\/wp-content\/uploads\/2024\/08\/455517452_994080212515583_7587087255080301498_n-768x768.jpg 768w, https:\/\/www.arte.unicen.edu.ar\/entodas\/wp-content\/uploads\/2024\/08\/455517452_994080212515583_7587087255080301498_n-1536x1536.jpg 1536w, https:\/\/www.arte.unicen.edu.ar\/entodas\/wp-content\/uploads\/2024\/08\/455517452_994080212515583_7587087255080301498_n.jpg 1586w\" sizes=\"(max-width: 300px) 100vw, 300px\" \/><\/p>\n<div class=\"x11i5rnm xat24cr x1mh8g0r x1vvkbs xtlvy1s x126k92a\">\n<div dir=\"auto\">Carta a un padre<\/div>\n<div dir=\"auto\">Funci\u00f3n especial en adhesi\u00f3n a la 19\u00b0 Feria del libro de Tandil<\/div>\n<div dir=\"auto\">Dir. Edgardo Cozarinsky<\/div>\n<div dir=\"auto\">ATP &#8211; Documental &#8211; 63Min.<\/div>\n<div dir=\"auto\"><\/div>\n<div dir=\"auto\">Funci\u00f3n especial en adhesi\u00f3n a la 19\u00b0 Feria del libro de Tandil<\/div>\n<div dir=\"auto\">Un cineasta parte en busca de las huellas de su padre y descubre los lazos imprevisibles que lo unen con una genealog\u00eda hecha de rupturas: abuelo gaucho jud\u00edo de fines del siglo XIX, padre oficial de marina, \u00e9l mismo: escritor y cineasta. Buenos Aires, Entre R\u00edos, Par\u00eds y Jap\u00f3n, son las etapas de una investigaci\u00f3n en la que descubre sucesivas capas de secretos y acuerdos t\u00e1citos.<\/div>\n<\/div>\n<div class=\"x11i5rnm xat24cr x1mh8g0r x1vvkbs xtlvy1s x126k92a\"><\/div>\n<div>\n<div dir=\"auto\">Domingo 18 agosto 20h<\/div>\n<div dir=\"auto\">Entrada libre y gratuita<\/div>\n<\/div>\n","protected":false},"excerpt":{"rendered":"<p>Carta a un padre Funci\u00f3n especial en adhesi\u00f3n a la 19\u00b0 Feria del libro de Tandil Dir. Edgardo Cozarinsky ATP &#8211; Documental &#8211; 63Min. Funci\u00f3n especial en adhesi\u00f3n a la 19\u00b0 Feria del libro de Tandil Un cineasta parte en busca de las huellas de su padre y descubre los lazos imprevisibles que lo unen con una genealog\u00eda hecha de rupturas: abuelo gaucho jud\u00edo de fines del siglo XIX, padre oficial de marina, \u00e9l mismo: escritor y cineasta. Buenos Aires, Entre R\u00edos, Par\u00eds y Jap\u00f3n, son las etapas de una investigaci\u00f3n en la que descubre sucesivas capas de secretos y acuerdos t\u00e1citos. Domingo 18 agosto 20h Entrada libre y gratuita<\/p>\n","protected":false},"author":5,"featured_media":9679,"comment_status":"closed","ping_status":"closed","template":"","meta":{"_tribe_events_status":"","_tribe_events_status_reason":""},"tags":[],"tribe_events_cat":[],"_links":{"self":[{"href":"https:\/\/www.arte.unicen.edu.ar\/entodas\/index.php?rest_route=\/wp\/v2\/tribe_events\/9678"}],"collection":[{"href":"https:\/\/www.arte.unicen.edu.ar\/entodas\/index.php?rest_route=\/wp\/v2\/tribe_events"}],"about":[{"href":"https:\/\/www.arte.unicen.edu.ar\/entodas\/index.php?rest_route=\/wp\/v2\/types\/tribe_events"}],"author":[{"embeddable":true,"href":"https:\/\/www.arte.unicen.edu.ar\/entodas\/index.php?rest_route=\/wp\/v2\/users\/5"}],"replies":[{"embeddable":true,"href":"https:\/\/www.arte.unicen.edu.ar\/entodas\/index.php?rest_route=%2Fwp%2Fv2%2Fcomments&post=9678"}],"version-history":[{"count":1,"href":"https:\/\/www.arte.unicen.edu.ar\/entodas\/index.php?rest_route=\/wp\/v2\/tribe_events\/9678\/revisions"}],"predecessor-version":[{"id":9680,"href":"https:\/\/www.arte.unicen.edu.ar\/entodas\/index.php?rest_route=\/wp\/v2\/tribe_events\/9678\/revisions\/9680"}],"wp:featuredmedia":[{"embeddable":true,"href":"https:\/\/www.arte.unicen.edu.ar\/entodas\/index.php?rest_route=\/wp\/v2\/media\/9679"}],"wp:attachment":[{"href":"https:\/\/www.arte.unicen.edu.ar\/entodas\/index.php?rest_route=%2Fwp%2Fv2%2Fmedia&parent=9678"}],"wp:term":[{"taxonomy":"post_tag","embeddable":true,"href":"https:\/\/www.arte.unicen.edu.ar\/entodas\/index.php?rest_route=%2Fwp%2Fv2%2Ftags&post=9678"},{"taxonomy":"tribe_events_cat","embeddable":true,"href":"https:\/\/www.arte.unicen.edu.ar\/entodas\/index.php?rest_route=%2Fwp%2Fv2%2Ftribe_events_cat&post=9678"}],"curies":[{"name":"wp","href":"https:\/\/api.w.org\/{rel}","templated":true}]}}

<p><img loading="lazy" decoding="async" class="size-medium wp-image-9679 aligncenter" src="https://www.arte.unicen.edu.ar/entodas/wp-content/uploads/2024/08/455517452_994080212515583_7587087255080301498_n-300x300.jpg" alt="" width="300" height="300" srcset="https://www.arte.unicen.edu.ar/entodas/wp-content/uploads/2024/08/455517452_994080212515583_7587087255080301498_n-300x300.jpg 300w, https://www.arte.unicen.edu.ar/entodas/wp-content/uploads/2024/08/455517452_994080212515583_7587087255080301498_n-800x800.jpg 800w, https://www.arte.unicen.edu.ar/entodas/wp-content/uploads/2024/08/455517452_994080212515583_7587087255080301498_n-768x768.jpg 768w, https://www.arte.unicen.edu.ar/entodas/wp-content/uploads/2024/08/455517452_994080212515583_7587087255080301498_n-1536x1536.jpg 1536w, https://www.arte.unicen.edu.ar/entodas/wp-content/uploads/2024/08/455517452_994080212515583_7587087255080301498_n.jpg 1586w" sizes="(max-width: 300px) 100vw, 300px" /></p>
<div class="x11i5rnm xat24cr x1mh8g0r x1vvkbs xtlvy1s x126k92a">
<div dir="auto">Carta a un padre</div>
<div dir="auto">Función especial en adhesión a la 19° Feria del libro de Tandil</div>
<div dir="auto">Dir. Edgardo Cozarinsky</div>
<div dir="auto">ATP &#8211; Documental &#8211; 63Min.</div>
<div dir="auto"></div>
<div dir="auto">Función especial en adhesión a la 19° Feria del libro de Tandil</div>
<div dir="auto">Un cineasta parte en busca de las huellas de su padre y descubre los lazos imprevisibles que lo unen con una genealogía hecha de rupturas: abuelo gaucho judío de fines del siglo XIX, padre oficial de marina, él mismo: escritor y cineasta. Buenos Aires, Entre Ríos, París y Japón, son las etapas de una investigación en la que descubre sucesivas capas de secretos y acuerdos tácitos.</div>
</div>
<div class="x11i5rnm xat24cr x1mh8g0r x1vvkbs xtlvy1s x126k92a"></div>
<div>
<div dir="auto">Domingo 18 agosto 20h</div>
<div dir="auto">Entrada libre y gratuita</div>
</div>

<p>Carta a un padre Función especial en adhesión a la 19° Feria del libro de Tandil Dir. Edgardo Cozarinsky ATP &#8211; Documental &#8211; 63Min. Función especial en adhesión a la 19° Feria del libro de Tandil Un cineasta parte en busca de las huellas de su padre y descubre los lazos imprevisibles que lo unen con una genealogía hecha de rupturas: abuelo gaucho judío de fines del siglo XIX, padre oficial de marina, él mismo: escritor y cineasta. Buenos Aires, Entre Ríos, París y Japón, son las etapas de una investigación en la que descubre sucesivas capas de secretos y acuerdos tácitos. Domingo 18 agosto 20h Entrada libre y gratuita</p>
