{"id":9676,"date":"2024-08-16T10:51:03","date_gmt":"2024-08-16T13:51:03","guid":{"rendered":"https:\/\/www.arte.unicen.edu.ar\/entodas\/?post_type=tribe_events&#038;p=9676"},"modified":"2024-08-16T10:51:03","modified_gmt":"2024-08-16T13:51:03","slug":"el-nino-y-la-garza-cine","status":"publish","type":"tribe_events","link":"https:\/\/www.arte.unicen.edu.ar\/entodas\/?tribe_events=el-nino-y-la-garza-cine","title":{"rendered":"EL NI\u00d1O Y LA GARZA &#8211; Cine"},"content":{"rendered":"<p><img loading=\"lazy\" decoding=\"async\" class=\"size-medium wp-image-9619 aligncenter\" src=\"https:\/\/www.arte.unicen.edu.ar\/entodas\/wp-content\/uploads\/2024\/08\/IMG_20240816_084457-300x300.jpg\" alt=\"\" width=\"300\" height=\"300\" srcset=\"https:\/\/www.arte.unicen.edu.ar\/entodas\/wp-content\/uploads\/2024\/08\/IMG_20240816_084457-300x300.jpg 300w, https:\/\/www.arte.unicen.edu.ar\/entodas\/wp-content\/uploads\/2024\/08\/IMG_20240816_084457.jpg 720w\" sizes=\"(max-width: 300px) 100vw, 300px\" \/><\/p>\n<div dir=\"auto\"><strong>El ni\u00f1o y la garza.<\/strong><\/div>\n<div dir=\"auto\">Funci\u00f3n especial D\u00eda de la Ni\u00f1ez. 2D Doblada<\/div>\n<div dir=\"auto\">Dir. Hayao Miyazaki<\/div>\n<div dir=\"auto\">Animaci\u00f3n, Aventura, Fantas\u00eda, Drama \u2013 ATP &#8211; 124 Min.<\/div>\n<div dir=\"auto\">Int\u00e9rpretes: Soma Santoki, Masaki Suda, Ko Shibasaki, Aimyon, Yoshino Kimura, Takuya Kimura, Keiko Takeshita, Jun Fubuki, Sawako Agawa, Karen Takizawa.<\/div>\n<div dir=\"auto\">Un joven llamado Mahito tras perder a su madre se aventura en un mundo donde habitan vivos y muertos, un lugar fant\u00e1stico donde la vida encuentra un nuevo comienzo. Un relato semi-autobiogr\u00e1fico en homenaje a la amistad, de la mente del maestro de la animaci\u00f3n Hayao Miyazaki.<\/div>\n<div dir=\"auto\"><\/div>\n<div dir=\"auto\">\n<div dir=\"auto\">Domingo 18 agosto 17:30h<\/div>\n<div dir=\"auto\">Entrada gral $400 &#8211; ni\u00f1s, est. y jub. $200<\/div>\n<\/div>\n","protected":false},"excerpt":{"rendered":"<p>El ni\u00f1o y la garza. Funci\u00f3n especial D\u00eda de la Ni\u00f1ez. 2D Doblada Dir. Hayao Miyazaki Animaci\u00f3n, Aventura, Fantas\u00eda, Drama \u2013 ATP &#8211; 124 Min. Int\u00e9rpretes: Soma Santoki, Masaki Suda, Ko Shibasaki, Aimyon, Yoshino Kimura, Takuya Kimura, Keiko Takeshita, Jun Fubuki, Sawako Agawa, Karen Takizawa. Un joven llamado Mahito tras perder a su madre se aventura en un mundo donde habitan vivos y muertos, un lugar fant\u00e1stico donde la vida encuentra un nuevo comienzo. Un relato semi-autobiogr\u00e1fico en homenaje a la amistad, de la mente del maestro de la animaci\u00f3n Hayao Miyazaki. Domingo 18 agosto 17:30h Entrada gral $400 &#8211; ni\u00f1s, est. y jub. $200<\/p>\n","protected":false},"author":5,"featured_media":9619,"comment_status":"closed","ping_status":"closed","template":"","meta":{"_tribe_events_status":"","_tribe_events_status_reason":""},"tags":[],"tribe_events_cat":[],"_links":{"self":[{"href":"https:\/\/www.arte.unicen.edu.ar\/entodas\/index.php?rest_route=\/wp\/v2\/tribe_events\/9676"}],"collection":[{"href":"https:\/\/www.arte.unicen.edu.ar\/entodas\/index.php?rest_route=\/wp\/v2\/tribe_events"}],"about":[{"href":"https:\/\/www.arte.unicen.edu.ar\/entodas\/index.php?rest_route=\/wp\/v2\/types\/tribe_events"}],"author":[{"embeddable":true,"href":"https:\/\/www.arte.unicen.edu.ar\/entodas\/index.php?rest_route=\/wp\/v2\/users\/5"}],"replies":[{"embeddable":true,"href":"https:\/\/www.arte.unicen.edu.ar\/entodas\/index.php?rest_route=%2Fwp%2Fv2%2Fcomments&post=9676"}],"version-history":[{"count":1,"href":"https:\/\/www.arte.unicen.edu.ar\/entodas\/index.php?rest_route=\/wp\/v2\/tribe_events\/9676\/revisions"}],"predecessor-version":[{"id":9677,"href":"https:\/\/www.arte.unicen.edu.ar\/entodas\/index.php?rest_route=\/wp\/v2\/tribe_events\/9676\/revisions\/9677"}],"wp:featuredmedia":[{"embeddable":true,"href":"https:\/\/www.arte.unicen.edu.ar\/entodas\/index.php?rest_route=\/wp\/v2\/media\/9619"}],"wp:attachment":[{"href":"https:\/\/www.arte.unicen.edu.ar\/entodas\/index.php?rest_route=%2Fwp%2Fv2%2Fmedia&parent=9676"}],"wp:term":[{"taxonomy":"post_tag","embeddable":true,"href":"https:\/\/www.arte.unicen.edu.ar\/entodas\/index.php?rest_route=%2Fwp%2Fv2%2Ftags&post=9676"},{"taxonomy":"tribe_events_cat","embeddable":true,"href":"https:\/\/www.arte.unicen.edu.ar\/entodas\/index.php?rest_route=%2Fwp%2Fv2%2Ftribe_events_cat&post=9676"}],"curies":[{"name":"wp","href":"https:\/\/api.w.org\/{rel}","templated":true}]}}

EL NIÑO Y LA GARZA &#8211; Cine

<p><img loading="lazy" decoding="async" class="size-medium wp-image-9619 aligncenter" src="https://www.arte.unicen.edu.ar/entodas/wp-content/uploads/2024/08/IMG_20240816_084457-300x300.jpg" alt="" width="300" height="300" srcset="https://www.arte.unicen.edu.ar/entodas/wp-content/uploads/2024/08/IMG_20240816_084457-300x300.jpg 300w, https://www.arte.unicen.edu.ar/entodas/wp-content/uploads/2024/08/IMG_20240816_084457.jpg 720w" sizes="(max-width: 300px) 100vw, 300px" /></p>
<div dir="auto"><strong>El niño y la garza.</strong></div>
<div dir="auto">Función especial Día de la Niñez. 2D Doblada</div>
<div dir="auto">Dir. Hayao Miyazaki</div>
<div dir="auto">Animación, Aventura, Fantasía, Drama – ATP &#8211; 124 Min.</div>
<div dir="auto">Intérpretes: Soma Santoki, Masaki Suda, Ko Shibasaki, Aimyon, Yoshino Kimura, Takuya Kimura, Keiko Takeshita, Jun Fubuki, Sawako Agawa, Karen Takizawa.</div>
<div dir="auto">Un joven llamado Mahito tras perder a su madre se aventura en un mundo donde habitan vivos y muertos, un lugar fantástico donde la vida encuentra un nuevo comienzo. Un relato semi-autobiográfico en homenaje a la amistad, de la mente del maestro de la animación Hayao Miyazaki.</div>
<div dir="auto"></div>
<div dir="auto">
<div dir="auto">Domingo 18 agosto 17:30h</div>
<div dir="auto">Entrada gral $400 &#8211; niñs, est. y jub. $200</div>
</div>

<p>El niño y la garza. Función especial Día de la Niñez. 2D Doblada Dir. Hayao Miyazaki Animación, Aventura, Fantasía, Drama – ATP &#8211; 124 Min. Intérpretes: Soma Santoki, Masaki Suda, Ko Shibasaki, Aimyon, Yoshino Kimura, Takuya Kimura, Keiko Takeshita, Jun Fubuki, Sawako Agawa, Karen Takizawa. Un joven llamado Mahito tras perder a su madre se aventura en un mundo donde habitan vivos y muertos, un lugar fantástico donde la vida encuentra un nuevo comienzo. Un relato semi-autobiográfico en homenaje a la amistad, de la mente del maestro de la animación Hayao Miyazaki. Domingo 18 agosto 17:30h Entrada gral $400 &#8211; niñs, est. y jub. $200</p>
