{"id":9666,"date":"2024-08-16T10:39:11","date_gmt":"2024-08-16T13:39:11","guid":{"rendered":"https:\/\/www.arte.unicen.edu.ar\/entodas\/?post_type=tribe_events&#038;p=9666"},"modified":"2024-08-16T10:39:11","modified_gmt":"2024-08-16T13:39:11","slug":"la-variete-teatro-musica-y-poesia","status":"publish","type":"tribe_events","link":"https:\/\/www.arte.unicen.edu.ar\/entodas\/?tribe_events=la-variete-teatro-musica-y-poesia","title":{"rendered":"LA VARIET\u00c9 &#8211; Teatro, M\u00fasica y Poes\u00eda"},"content":{"rendered":"<p><img loading=\"lazy\" decoding=\"async\" class=\"size-medium wp-image-9667 aligncenter\" src=\"https:\/\/www.arte.unicen.edu.ar\/entodas\/wp-content\/uploads\/2024\/08\/CEFA-_-Este-viernes-se-viene-la-segunda-edicion-de-La-Variete-A-partir-de-las-18-en-la-Facultad-de-Arte\u2728-_-Instagram_page-0001-236x300.jpg\" alt=\"\" width=\"236\" height=\"300\" srcset=\"https:\/\/www.arte.unicen.edu.ar\/entodas\/wp-content\/uploads\/2024\/08\/CEFA-_-Este-viernes-se-viene-la-segunda-edicion-de-La-Variete-A-partir-de-las-18-en-la-Facultad-de-Arte\u2728-_-Instagram_page-0001-236x300.jpg 236w, https:\/\/www.arte.unicen.edu.ar\/entodas\/wp-content\/uploads\/2024\/08\/CEFA-_-Este-viernes-se-viene-la-segunda-edicion-de-La-Variete-A-partir-de-las-18-en-la-Facultad-de-Arte\u2728-_-Instagram_page-0001-631x800.jpg 631w, https:\/\/www.arte.unicen.edu.ar\/entodas\/wp-content\/uploads\/2024\/08\/CEFA-_-Este-viernes-se-viene-la-segunda-edicion-de-La-Variete-A-partir-de-las-18-en-la-Facultad-de-Arte\u2728-_-Instagram_page-0001.jpg 737w\" sizes=\"(max-width: 236px) 100vw, 236px\" \/><\/p>\n<p>Este viernes se viene la segunda edici\u00f3n de La Variete!<br \/>\nA partir de las 18 en la Facultad de Arte<\/p>\n","protected":false},"excerpt":{"rendered":"<p>Este viernes se viene la segunda edici\u00f3n de La Variete! A partir de las 18 en la Facultad de Arte<\/p>\n","protected":false},"author":5,"featured_media":9667,"comment_status":"closed","ping_status":"closed","template":"","meta":{"_tribe_events_status":"","_tribe_events_status_reason":""},"tags":[],"tribe_events_cat":[],"_links":{"self":[{"href":"https:\/\/www.arte.unicen.edu.ar\/entodas\/index.php?rest_route=\/wp\/v2\/tribe_events\/9666"}],"collection":[{"href":"https:\/\/www.arte.unicen.edu.ar\/entodas\/index.php?rest_route=\/wp\/v2\/tribe_events"}],"about":[{"href":"https:\/\/www.arte.unicen.edu.ar\/entodas\/index.php?rest_route=\/wp\/v2\/types\/tribe_events"}],"author":[{"embeddable":true,"href":"https:\/\/www.arte.unicen.edu.ar\/entodas\/index.php?rest_route=\/wp\/v2\/users\/5"}],"replies":[{"embeddable":true,"href":"https:\/\/www.arte.unicen.edu.ar\/entodas\/index.php?rest_route=%2Fwp%2Fv2%2Fcomments&post=9666"}],"version-history":[{"count":1,"href":"https:\/\/www.arte.unicen.edu.ar\/entodas\/index.php?rest_route=\/wp\/v2\/tribe_events\/9666\/revisions"}],"predecessor-version":[{"id":9668,"href":"https:\/\/www.arte.unicen.edu.ar\/entodas\/index.php?rest_route=\/wp\/v2\/tribe_events\/9666\/revisions\/9668"}],"wp:featuredmedia":[{"embeddable":true,"href":"https:\/\/www.arte.unicen.edu.ar\/entodas\/index.php?rest_route=\/wp\/v2\/media\/9667"}],"wp:attachment":[{"href":"https:\/\/www.arte.unicen.edu.ar\/entodas\/index.php?rest_route=%2Fwp%2Fv2%2Fmedia&parent=9666"}],"wp:term":[{"taxonomy":"post_tag","embeddable":true,"href":"https:\/\/www.arte.unicen.edu.ar\/entodas\/index.php?rest_route=%2Fwp%2Fv2%2Ftags&post=9666"},{"taxonomy":"tribe_events_cat","embeddable":true,"href":"https:\/\/www.arte.unicen.edu.ar\/entodas\/index.php?rest_route=%2Fwp%2Fv2%2Ftribe_events_cat&post=9666"}],"curies":[{"name":"wp","href":"https:\/\/api.w.org\/{rel}","templated":true}]}}

LA VARIETÉ &#8211; Teatro, Música y Poesía

<p><img loading="lazy" decoding="async" class="size-medium wp-image-9667 aligncenter" src="https://www.arte.unicen.edu.ar/entodas/wp-content/uploads/2024/08/CEFA-_-Este-viernes-se-viene-la-segunda-edicion-de-La-Variete-A-partir-de-las-18-en-la-Facultad-de-Arte✨-_-Instagram_page-0001-236x300.jpg" alt="" width="236" height="300" srcset="https://www.arte.unicen.edu.ar/entodas/wp-content/uploads/2024/08/CEFA-_-Este-viernes-se-viene-la-segunda-edicion-de-La-Variete-A-partir-de-las-18-en-la-Facultad-de-Arte✨-_-Instagram_page-0001-236x300.jpg 236w, https://www.arte.unicen.edu.ar/entodas/wp-content/uploads/2024/08/CEFA-_-Este-viernes-se-viene-la-segunda-edicion-de-La-Variete-A-partir-de-las-18-en-la-Facultad-de-Arte✨-_-Instagram_page-0001-631x800.jpg 631w, https://www.arte.unicen.edu.ar/entodas/wp-content/uploads/2024/08/CEFA-_-Este-viernes-se-viene-la-segunda-edicion-de-La-Variete-A-partir-de-las-18-en-la-Facultad-de-Arte✨-_-Instagram_page-0001.jpg 737w" sizes="(max-width: 236px) 100vw, 236px" /></p>
<p>Este viernes se viene la segunda edición de La Variete!<br />
A partir de las 18 en la Facultad de Arte</p>

<p>Este viernes se viene la segunda edición de La Variete! A partir de las 18 en la Facultad de Arte</p>
