{"id":9653,"date":"2024-08-16T10:05:59","date_gmt":"2024-08-16T13:05:59","guid":{"rendered":"https:\/\/www.arte.unicen.edu.ar\/entodas\/?post_type=tribe_events&#038;p=9653"},"modified":"2024-08-16T10:10:42","modified_gmt":"2024-08-16T13:10:42","slug":"hall-abierto-exposicion","status":"publish","type":"tribe_events","link":"https:\/\/www.arte.unicen.edu.ar\/entodas\/?tribe_events=hall-abierto-exposicion","title":{"rendered":"HALL ABIERTO &#8211; Exposici\u00f3n"},"content":{"rendered":"<p><img loading=\"lazy\" decoding=\"async\" class=\"size-medium wp-image-9654 aligncenter\" src=\"https:\/\/www.arte.unicen.edu.ar\/entodas\/wp-content\/uploads\/2024\/08\/454380706_1038459994950484_2397819255161019213_n-1-300x300.jpg\" alt=\"\" width=\"300\" height=\"300\" srcset=\"https:\/\/www.arte.unicen.edu.ar\/entodas\/wp-content\/uploads\/2024\/08\/454380706_1038459994950484_2397819255161019213_n-1-300x300.jpg 300w, https:\/\/www.arte.unicen.edu.ar\/entodas\/wp-content\/uploads\/2024\/08\/454380706_1038459994950484_2397819255161019213_n-1.jpg 526w\" sizes=\"(max-width: 300px) 100vw, 300px\" \/><\/p>\n<div class=\"html-div xdj266r x11i5rnm xat24cr x1mh8g0r xexx8yu x4uap5 x18d9i69 xkhd6sd\">\n<div class=\"html-div xdj266r x11i5rnm xat24cr x1mh8g0r xexx8yu x4uap5 x18d9i69 xkhd6sd\" dir=\"auto\">\n<div id=\":rf:\" class=\"x1iorvi4 x1pi30zi x1l90r2v x1swvt13\" data-ad-comet-preview=\"message\" data-ad-preview=\"message\">\n<div class=\"x78zum5 xdt5ytf xz62fqu x16ldp7u\">\n<div class=\"xu06os2 x1ok221b\">\n<div class=\"xdj266r x11i5rnm xat24cr x1mh8g0r x1vvkbs x126k92a\">\n<div dir=\"auto\">Del 13 de agosto al 1 de septiembre se presentar\u00e1 la Muestra &#8220;Ausencias&#8221; en el marco del proyecto de extensi\u00f3n Hall Abierto, la muestra se encuentra organizada por las artistas Nora Mendivil, Mar\u00eda del Carmen Nardella , Nancy Salle y la Secretaria de Extensi\u00f3n de la Facultad de Arte.<\/div>\n<div dir=\"auto\"><\/div>\n<div dir=\"auto\"><span class=\"html-span xexx8yu x4uap5 x18d9i69 xkhd6sd x1hl2dhg x16tdsg8 x1vvkbs x3nfvp2 x1j61x8r x1fcty0u xdj266r xat24cr xgzva0m xhhsvwb xxymvpz xlup9mm x1kky2od\"><img loading=\"lazy\" decoding=\"async\" class=\"xz74otr\" src=\"https:\/\/static.xx.fbcdn.net\/images\/emoji.php\/v9\/t51\/1\/16\/1f449.png\" alt=\"\ud83d\udc49\" width=\"16\" height=\"16\" \/><\/span>Estar\u00e1 disponible de lunes a viernes de 8 a 20 hs. en el hall de la Facultad de Arte -0 de Julio 430-<\/div>\n<\/div>\n<div class=\"x11i5rnm xat24cr x1mh8g0r x1vvkbs xtlvy1s x126k92a\">\n<div dir=\"auto\"><span class=\"html-span xexx8yu x4uap5 x18d9i69 xkhd6sd x1hl2dhg x16tdsg8 x1vvkbs x3nfvp2 x1j61x8r x1fcty0u xdj266r xat24cr xgzva0m xhhsvwb xxymvpz xlup9mm x1kky2od\"><img loading=\"lazy\" decoding=\"async\" class=\"xz74otr\" src=\"https:\/\/static.xx.fbcdn.net\/images\/emoji.php\/v9\/t2d\/1\/16\/1f4cd.png\" alt=\"\ud83d\udccd\" width=\"16\" height=\"16\" \/><\/span>Se invita a las escuelas a recorrer la muestra, con inscripci\u00f3n previa en el siguiente link: <span class=\"html-span xdj266r x11i5rnm xat24cr x1mh8g0r xexx8yu x4uap5 x18d9i69 xkhd6sd x1hl2dhg x16tdsg8 x1vvkbs\"><a class=\"x1i10hfl xjbqb8w x1ejq31n xd10rxx x1sy0etr x17r0tee x972fbf xcfux6l x1qhh985 xm0m39n x9f619 x1ypdohk xt0psk2 xe8uvvx xdj266r x11i5rnm xat24cr x1mh8g0r xexx8yu x4uap5 x18d9i69 xkhd6sd x16tdsg8 x1hl2dhg xggy1nq x1a2a7pz x1sur9pj xkrqix3 x1fey0fg\" role=\"link\" href=\"https:\/\/forms.gle\/pdD7rpUCsH7xaW4v7\" target=\"_blank\" rel=\"nofollow noopener noreferrer\">https:\/\/forms.gle\/pdD7rpUCsH7xaW4v7<\/a><\/span><\/div>\n<div dir=\"auto\"><span class=\"html-span xexx8yu x4uap5 x18d9i69 xkhd6sd x1hl2dhg x16tdsg8 x1vvkbs x3nfvp2 x1j61x8r x1fcty0u xdj266r xat24cr xgzva0m xhhsvwb xxymvpz xlup9mm x1kky2od\"><img loading=\"lazy\" decoding=\"async\" class=\"xz74otr\" src=\"https:\/\/static.xx.fbcdn.net\/images\/emoji.php\/v9\/t2d\/1\/16\/1f4cd.png\" alt=\"\ud83d\udccd\" width=\"16\" height=\"16\" \/><\/span>M\u00e1s info sobre la muestra en nuestra web:<\/div>\n<div dir=\"auto\"><span class=\"html-span xdj266r x11i5rnm xat24cr x1mh8g0r xexx8yu x4uap5 x18d9i69 xkhd6sd x1hl2dhg x16tdsg8 x1vvkbs\"><a class=\"x1i10hfl xjbqb8w x1ejq31n xd10rxx x1sy0etr x17r0tee x972fbf xcfux6l x1qhh985 xm0m39n x9f619 x1ypdohk xt0psk2 xe8uvvx xdj266r x11i5rnm xat24cr x1mh8g0r xexx8yu x4uap5 x18d9i69 xkhd6sd x16tdsg8 x1hl2dhg xggy1nq x1a2a7pz x1sur9pj xkrqix3 x1fey0fg\" role=\"link\" href=\"https:\/\/www.arte.unicen.edu.ar\/muestra-ausencias-hall-abierto\/\" target=\"_blank\" rel=\"nofollow noopener noreferrer\">https:\/\/www.arte.unicen.edu.ar\/muestra-ausencias-hall&#8230;\/<\/a><\/span><\/div>\n<div dir=\"auto\">@unicen_oficial<\/div>\n<\/div>\n<\/div>\n<\/div>\n<\/div>\n<\/div>\n<\/div>\n","protected":false},"excerpt":{"rendered":"<p>Del 13 de agosto al 1 de septiembre se presentar\u00e1 la Muestra &#8220;Ausencias&#8221; en el marco del proyecto de extensi\u00f3n Hall Abierto, la muestra se encuentra organizada por las artistas Nora Mendivil, Mar\u00eda del Carmen Nardella , Nancy Salle y la Secretaria de Extensi\u00f3n de la Facultad de Arte. Estar\u00e1 disponible de lunes a viernes de 8 a 20 hs. en el hall de la Facultad de Arte -0 de Julio 430- Se invita a las escuelas a recorrer la muestra, con inscripci\u00f3n previa en el siguiente link: https:\/\/forms.gle\/pdD7rpUCsH7xaW4v7 M\u00e1s info sobre la muestra en nuestra web: https:\/\/www.arte.unicen.edu.ar\/muestra-ausencias-hall&#8230;\/ @unicen_oficial<\/p>\n","protected":false},"author":5,"featured_media":9654,"comment_status":"closed","ping_status":"closed","template":"","meta":{"_tribe_events_status":"","_tribe_events_status_reason":""},"tags":[],"tribe_events_cat":[],"_links":{"self":[{"href":"https:\/\/www.arte.unicen.edu.ar\/entodas\/index.php?rest_route=\/wp\/v2\/tribe_events\/9653"}],"collection":[{"href":"https:\/\/www.arte.unicen.edu.ar\/entodas\/index.php?rest_route=\/wp\/v2\/tribe_events"}],"about":[{"href":"https:\/\/www.arte.unicen.edu.ar\/entodas\/index.php?rest_route=\/wp\/v2\/types\/tribe_events"}],"author":[{"embeddable":true,"href":"https:\/\/www.arte.unicen.edu.ar\/entodas\/index.php?rest_route=\/wp\/v2\/users\/5"}],"replies":[{"embeddable":true,"href":"https:\/\/www.arte.unicen.edu.ar\/entodas\/index.php?rest_route=%2Fwp%2Fv2%2Fcomments&post=9653"}],"version-history":[{"count":1,"href":"https:\/\/www.arte.unicen.edu.ar\/entodas\/index.php?rest_route=\/wp\/v2\/tribe_events\/9653\/revisions"}],"predecessor-version":[{"id":9655,"href":"https:\/\/www.arte.unicen.edu.ar\/entodas\/index.php?rest_route=\/wp\/v2\/tribe_events\/9653\/revisions\/9655"}],"wp:featuredmedia":[{"embeddable":true,"href":"https:\/\/www.arte.unicen.edu.ar\/entodas\/index.php?rest_route=\/wp\/v2\/media\/9654"}],"wp:attachment":[{"href":"https:\/\/www.arte.unicen.edu.ar\/entodas\/index.php?rest_route=%2Fwp%2Fv2%2Fmedia&parent=9653"}],"wp:term":[{"taxonomy":"post_tag","embeddable":true,"href":"https:\/\/www.arte.unicen.edu.ar\/entodas\/index.php?rest_route=%2Fwp%2Fv2%2Ftags&post=9653"},{"taxonomy":"tribe_events_cat","embeddable":true,"href":"https:\/\/www.arte.unicen.edu.ar\/entodas\/index.php?rest_route=%2Fwp%2Fv2%2Ftribe_events_cat&post=9653"}],"curies":[{"name":"wp","href":"https:\/\/api.w.org\/{rel}","templated":true}]}}

HALL ABIERTO &#8211; Exposición

<p><img loading="lazy" decoding="async" class="size-medium wp-image-9654 aligncenter" src="https://www.arte.unicen.edu.ar/entodas/wp-content/uploads/2024/08/454380706_1038459994950484_2397819255161019213_n-1-300x300.jpg" alt="" width="300" height="300" srcset="https://www.arte.unicen.edu.ar/entodas/wp-content/uploads/2024/08/454380706_1038459994950484_2397819255161019213_n-1-300x300.jpg 300w, https://www.arte.unicen.edu.ar/entodas/wp-content/uploads/2024/08/454380706_1038459994950484_2397819255161019213_n-1.jpg 526w" sizes="(max-width: 300px) 100vw, 300px" /></p>
<div class="html-div xdj266r x11i5rnm xat24cr x1mh8g0r xexx8yu x4uap5 x18d9i69 xkhd6sd">
<div class="html-div xdj266r x11i5rnm xat24cr x1mh8g0r xexx8yu x4uap5 x18d9i69 xkhd6sd" dir="auto">
<div id=":rf:" class="x1iorvi4 x1pi30zi x1l90r2v x1swvt13" data-ad-comet-preview="message" data-ad-preview="message">
<div class="x78zum5 xdt5ytf xz62fqu x16ldp7u">
<div class="xu06os2 x1ok221b">
<div class="xdj266r x11i5rnm xat24cr x1mh8g0r x1vvkbs x126k92a">
<div dir="auto">Del 13 de agosto al 1 de septiembre se presentará la Muestra &#8220;Ausencias&#8221; en el marco del proyecto de extensión Hall Abierto, la muestra se encuentra organizada por las artistas Nora Mendivil, María del Carmen Nardella , Nancy Salle y la Secretaria de Extensión de la Facultad de Arte.</div>
<div dir="auto"></div>
<div dir="auto"><span class="html-span xexx8yu x4uap5 x18d9i69 xkhd6sd x1hl2dhg x16tdsg8 x1vvkbs x3nfvp2 x1j61x8r x1fcty0u xdj266r xat24cr xgzva0m xhhsvwb xxymvpz xlup9mm x1kky2od"><img loading="lazy" decoding="async" class="xz74otr" src="https://static.xx.fbcdn.net/images/emoji.php/v9/t51/1/16/1f449.png" alt="👉" width="16" height="16" /></span>Estará disponible de lunes a viernes de 8 a 20 hs. en el hall de la Facultad de Arte -0 de Julio 430-</div>
</div>
<div class="x11i5rnm xat24cr x1mh8g0r x1vvkbs xtlvy1s x126k92a">
<div dir="auto"><span class="html-span xexx8yu x4uap5 x18d9i69 xkhd6sd x1hl2dhg x16tdsg8 x1vvkbs x3nfvp2 x1j61x8r x1fcty0u xdj266r xat24cr xgzva0m xhhsvwb xxymvpz xlup9mm x1kky2od"><img loading="lazy" decoding="async" class="xz74otr" src="https://static.xx.fbcdn.net/images/emoji.php/v9/t2d/1/16/1f4cd.png" alt="📍" width="16" height="16" /></span>Se invita a las escuelas a recorrer la muestra, con inscripción previa en el siguiente link: <span class="html-span xdj266r x11i5rnm xat24cr x1mh8g0r xexx8yu x4uap5 x18d9i69 xkhd6sd x1hl2dhg x16tdsg8 x1vvkbs"><a class="x1i10hfl xjbqb8w x1ejq31n xd10rxx x1sy0etr x17r0tee x972fbf xcfux6l x1qhh985 xm0m39n x9f619 x1ypdohk xt0psk2 xe8uvvx xdj266r x11i5rnm xat24cr x1mh8g0r xexx8yu x4uap5 x18d9i69 xkhd6sd x16tdsg8 x1hl2dhg xggy1nq x1a2a7pz x1sur9pj xkrqix3 x1fey0fg" role="link" href="https://forms.gle/pdD7rpUCsH7xaW4v7" target="_blank" rel="nofollow noopener noreferrer">https://forms.gle/pdD7rpUCsH7xaW4v7</a></span></div>
<div dir="auto"><span class="html-span xexx8yu x4uap5 x18d9i69 xkhd6sd x1hl2dhg x16tdsg8 x1vvkbs x3nfvp2 x1j61x8r x1fcty0u xdj266r xat24cr xgzva0m xhhsvwb xxymvpz xlup9mm x1kky2od"><img loading="lazy" decoding="async" class="xz74otr" src="https://static.xx.fbcdn.net/images/emoji.php/v9/t2d/1/16/1f4cd.png" alt="📍" width="16" height="16" /></span>Más info sobre la muestra en nuestra web:</div>
<div dir="auto"><span class="html-span xdj266r x11i5rnm xat24cr x1mh8g0r xexx8yu x4uap5 x18d9i69 xkhd6sd x1hl2dhg x16tdsg8 x1vvkbs"><a class="x1i10hfl xjbqb8w x1ejq31n xd10rxx x1sy0etr x17r0tee x972fbf xcfux6l x1qhh985 xm0m39n x9f619 x1ypdohk xt0psk2 xe8uvvx xdj266r x11i5rnm xat24cr x1mh8g0r xexx8yu x4uap5 x18d9i69 xkhd6sd x16tdsg8 x1hl2dhg xggy1nq x1a2a7pz x1sur9pj xkrqix3 x1fey0fg" role="link" href="https://www.arte.unicen.edu.ar/muestra-ausencias-hall-abierto/" target="_blank" rel="nofollow noopener noreferrer">https://www.arte.unicen.edu.ar/muestra-ausencias-hall&#8230;/</a></span></div>
<div dir="auto">@unicen_oficial</div>
</div>
</div>
</div>
</div>
</div>
</div>

<p>Del 13 de agosto al 1 de septiembre se presentará la Muestra &#8220;Ausencias&#8221; en el marco del proyecto de extensión Hall Abierto, la muestra se encuentra organizada por las artistas Nora Mendivil, María del Carmen Nardella , Nancy Salle y la Secretaria de Extensión de la Facultad de Arte. Estará disponible de lunes a viernes de 8 a 20 hs. en el hall de la Facultad de Arte -0 de Julio 430- Se invita a las escuelas a recorrer la muestra, con inscripción previa en el siguiente link: https://forms.gle/pdD7rpUCsH7xaW4v7 Más info sobre la muestra en nuestra web: https://www.arte.unicen.edu.ar/muestra-ausencias-hall&#8230;/ @unicen_oficial</p>
