{"id":9606,"date":"2024-08-09T13:00:40","date_gmt":"2024-08-09T16:00:40","guid":{"rendered":"https:\/\/www.arte.unicen.edu.ar\/entodas\/?post_type=tribe_events&#038;p=9606"},"modified":"2024-08-09T13:10:10","modified_gmt":"2024-08-09T16:10:10","slug":"abelina-teatro-infantil","status":"publish","type":"tribe_events","link":"https:\/\/www.arte.unicen.edu.ar\/entodas\/?tribe_events=abelina-teatro-infantil","title":{"rendered":"ABELINA &#8211; Teatro Infantil"},"content":{"rendered":"<p><img loading=\"lazy\" decoding=\"async\" class=\"size-medium wp-image-9578 aligncenter\" src=\"https:\/\/www.arte.unicen.edu.ar\/entodas\/wp-content\/uploads\/2024\/08\/WhatsApp-Image-2024-08-09-at-09.30.30-300x297.jpeg\" alt=\"\" width=\"300\" height=\"297\" srcset=\"https:\/\/www.arte.unicen.edu.ar\/entodas\/wp-content\/uploads\/2024\/08\/WhatsApp-Image-2024-08-09-at-09.30.30-300x297.jpeg 300w, https:\/\/www.arte.unicen.edu.ar\/entodas\/wp-content\/uploads\/2024\/08\/WhatsApp-Image-2024-08-09-at-09.30.30-800x793.jpeg 800w, https:\/\/www.arte.unicen.edu.ar\/entodas\/wp-content\/uploads\/2024\/08\/WhatsApp-Image-2024-08-09-at-09.30.30-768x761.jpeg 768w, https:\/\/www.arte.unicen.edu.ar\/entodas\/wp-content\/uploads\/2024\/08\/WhatsApp-Image-2024-08-09-at-09.30.30.jpeg 1073w\" sizes=\"(max-width: 300px) 100vw, 300px\" \/><\/p>\n<p>Este Sabado 10 te esperamos en Irigoyen 990.<\/p>\n<p>\u272817hs Funci\u00f3n Abelina.<br \/>\nAbelina ha perdido un juguete y junto a un nuevo amigo emprender\u00e1n un viaje para encontrarlo. En la traves\u00eda construir\u00e1n un mundo lleno de personajes, m\u00fasica y color.<br \/>\nAct\u00faa: Romi P\u00e9rez.<br \/>\nDirige: Esteban Argonz y Winny Ferraro<\/p>\n<p>\ud83d\udc8c Todas las propuestas son al sobre y con cupo limitado.<\/p>\n<p>Pod\u00e9s reservar tu lugar al 249 430-9248.<\/p>\n","protected":false},"excerpt":{"rendered":"<p>Este Sabado 10 te esperamos en Irigoyen 990. \u272817hs Funci\u00f3n Abelina. Abelina ha perdido un juguete y junto a un nuevo amigo emprender\u00e1n un viaje para encontrarlo. En la traves\u00eda construir\u00e1n un mundo lleno de personajes, m\u00fasica y color. Act\u00faa: Romi P\u00e9rez. Dirige: Esteban Argonz y Winny Ferraro \ud83d\udc8c Todas las propuestas son al sobre y con cupo limitado. Pod\u00e9s reservar tu lugar al 249 430-9248.<\/p>\n","protected":false},"author":5,"featured_media":9578,"comment_status":"closed","ping_status":"closed","template":"","meta":{"_tribe_events_status":"","_tribe_events_status_reason":""},"tags":[],"tribe_events_cat":[],"_links":{"self":[{"href":"https:\/\/www.arte.unicen.edu.ar\/entodas\/index.php?rest_route=\/wp\/v2\/tribe_events\/9606"}],"collection":[{"href":"https:\/\/www.arte.unicen.edu.ar\/entodas\/index.php?rest_route=\/wp\/v2\/tribe_events"}],"about":[{"href":"https:\/\/www.arte.unicen.edu.ar\/entodas\/index.php?rest_route=\/wp\/v2\/types\/tribe_events"}],"author":[{"embeddable":true,"href":"https:\/\/www.arte.unicen.edu.ar\/entodas\/index.php?rest_route=\/wp\/v2\/users\/5"}],"replies":[{"embeddable":true,"href":"https:\/\/www.arte.unicen.edu.ar\/entodas\/index.php?rest_route=%2Fwp%2Fv2%2Fcomments&post=9606"}],"version-history":[{"count":2,"href":"https:\/\/www.arte.unicen.edu.ar\/entodas\/index.php?rest_route=\/wp\/v2\/tribe_events\/9606\/revisions"}],"predecessor-version":[{"id":9608,"href":"https:\/\/www.arte.unicen.edu.ar\/entodas\/index.php?rest_route=\/wp\/v2\/tribe_events\/9606\/revisions\/9608"}],"wp:featuredmedia":[{"embeddable":true,"href":"https:\/\/www.arte.unicen.edu.ar\/entodas\/index.php?rest_route=\/wp\/v2\/media\/9578"}],"wp:attachment":[{"href":"https:\/\/www.arte.unicen.edu.ar\/entodas\/index.php?rest_route=%2Fwp%2Fv2%2Fmedia&parent=9606"}],"wp:term":[{"taxonomy":"post_tag","embeddable":true,"href":"https:\/\/www.arte.unicen.edu.ar\/entodas\/index.php?rest_route=%2Fwp%2Fv2%2Ftags&post=9606"},{"taxonomy":"tribe_events_cat","embeddable":true,"href":"https:\/\/www.arte.unicen.edu.ar\/entodas\/index.php?rest_route=%2Fwp%2Fv2%2Ftribe_events_cat&post=9606"}],"curies":[{"name":"wp","href":"https:\/\/api.w.org\/{rel}","templated":true}]}}

<p><img loading="lazy" decoding="async" class="size-medium wp-image-9578 aligncenter" src="https://www.arte.unicen.edu.ar/entodas/wp-content/uploads/2024/08/WhatsApp-Image-2024-08-09-at-09.30.30-300x297.jpeg" alt="" width="300" height="297" srcset="https://www.arte.unicen.edu.ar/entodas/wp-content/uploads/2024/08/WhatsApp-Image-2024-08-09-at-09.30.30-300x297.jpeg 300w, https://www.arte.unicen.edu.ar/entodas/wp-content/uploads/2024/08/WhatsApp-Image-2024-08-09-at-09.30.30-800x793.jpeg 800w, https://www.arte.unicen.edu.ar/entodas/wp-content/uploads/2024/08/WhatsApp-Image-2024-08-09-at-09.30.30-768x761.jpeg 768w, https://www.arte.unicen.edu.ar/entodas/wp-content/uploads/2024/08/WhatsApp-Image-2024-08-09-at-09.30.30.jpeg 1073w" sizes="(max-width: 300px) 100vw, 300px" /></p>
<p>Este Sabado 10 te esperamos en Irigoyen 990.</p>
<p>✨17hs Función Abelina.<br />
Abelina ha perdido un juguete y junto a un nuevo amigo emprenderán un viaje para encontrarlo. En la travesía construirán un mundo lleno de personajes, música y color.<br />
Actúa: Romi Pérez.<br />
Dirige: Esteban Argonz y Winny Ferraro</p>
<p>💌 Todas las propuestas son al sobre y con cupo limitado.</p>
<p>Podés reservar tu lugar al 249 430-9248.</p>

<p>Este Sabado 10 te esperamos en Irigoyen 990. ✨17hs Función Abelina. Abelina ha perdido un juguete y junto a un nuevo amigo emprenderán un viaje para encontrarlo. En la travesía construirán un mundo lleno de personajes, música y color. Actúa: Romi Pérez. Dirige: Esteban Argonz y Winny Ferraro 💌 Todas las propuestas son al sobre y con cupo limitado. Podés reservar tu lugar al 249 430-9248.</p>
