{"id":9587,"date":"2024-08-09T11:35:58","date_gmt":"2024-08-09T14:35:58","guid":{"rendered":"https:\/\/www.arte.unicen.edu.ar\/entodas\/?post_type=tribe_events&#038;p=9587"},"modified":"2024-08-09T11:35:58","modified_gmt":"2024-08-09T14:35:58","slug":"yeca-de-angeles-caidos-teatro","status":"publish","type":"tribe_events","link":"https:\/\/www.arte.unicen.edu.ar\/entodas\/?tribe_events=yeca-de-angeles-caidos-teatro","title":{"rendered":"YECA de \u00c1ngeles ca\u00eddos &#8211; Teatro"},"content":{"rendered":"<p><img loading=\"lazy\" decoding=\"async\" class=\"size-medium wp-image-9569 aligncenter\" src=\"https:\/\/www.arte.unicen.edu.ar\/entodas\/wp-content\/uploads\/2024\/08\/WhatsApp-Image-2024-08-09-at-08.43.58-285x300.jpeg\" alt=\"\" width=\"285\" height=\"300\" srcset=\"https:\/\/www.arte.unicen.edu.ar\/entodas\/wp-content\/uploads\/2024\/08\/WhatsApp-Image-2024-08-09-at-08.43.58-285x300.jpeg 285w, https:\/\/www.arte.unicen.edu.ar\/entodas\/wp-content\/uploads\/2024\/08\/WhatsApp-Image-2024-08-09-at-08.43.58-760x800.jpeg 760w, https:\/\/www.arte.unicen.edu.ar\/entodas\/wp-content\/uploads\/2024\/08\/WhatsApp-Image-2024-08-09-at-08.43.58-768x809.jpeg 768w, https:\/\/www.arte.unicen.edu.ar\/entodas\/wp-content\/uploads\/2024\/08\/WhatsApp-Image-2024-08-09-at-08.43.58.jpeg 1080w\" sizes=\"(max-width: 285px) 100vw, 285px\" \/><\/p>\n<p>Yeca de Angeles ca\u00eddos &#8211; Teatro<\/p>\n<p>Funci\u00f3n el S\u00e1bado 10\/8 a las 21 hs, en el Teatro La Fabrica<\/p>\n<p>&nbsp;<\/p>\n","protected":false},"excerpt":{"rendered":"<p>Yeca de Angeles ca\u00eddos &#8211; Teatro Funci\u00f3n el S\u00e1bado 10\/8 a las 21 hs, en el Teatro La Fabrica &nbsp;<\/p>\n","protected":false},"author":5,"featured_media":9569,"comment_status":"closed","ping_status":"closed","template":"","meta":{"_tribe_events_status":"","_tribe_events_status_reason":""},"tags":[],"tribe_events_cat":[],"_links":{"self":[{"href":"https:\/\/www.arte.unicen.edu.ar\/entodas\/index.php?rest_route=\/wp\/v2\/tribe_events\/9587"}],"collection":[{"href":"https:\/\/www.arte.unicen.edu.ar\/entodas\/index.php?rest_route=\/wp\/v2\/tribe_events"}],"about":[{"href":"https:\/\/www.arte.unicen.edu.ar\/entodas\/index.php?rest_route=\/wp\/v2\/types\/tribe_events"}],"author":[{"embeddable":true,"href":"https:\/\/www.arte.unicen.edu.ar\/entodas\/index.php?rest_route=\/wp\/v2\/users\/5"}],"replies":[{"embeddable":true,"href":"https:\/\/www.arte.unicen.edu.ar\/entodas\/index.php?rest_route=%2Fwp%2Fv2%2Fcomments&post=9587"}],"version-history":[{"count":1,"href":"https:\/\/www.arte.unicen.edu.ar\/entodas\/index.php?rest_route=\/wp\/v2\/tribe_events\/9587\/revisions"}],"predecessor-version":[{"id":9588,"href":"https:\/\/www.arte.unicen.edu.ar\/entodas\/index.php?rest_route=\/wp\/v2\/tribe_events\/9587\/revisions\/9588"}],"wp:featuredmedia":[{"embeddable":true,"href":"https:\/\/www.arte.unicen.edu.ar\/entodas\/index.php?rest_route=\/wp\/v2\/media\/9569"}],"wp:attachment":[{"href":"https:\/\/www.arte.unicen.edu.ar\/entodas\/index.php?rest_route=%2Fwp%2Fv2%2Fmedia&parent=9587"}],"wp:term":[{"taxonomy":"post_tag","embeddable":true,"href":"https:\/\/www.arte.unicen.edu.ar\/entodas\/index.php?rest_route=%2Fwp%2Fv2%2Ftags&post=9587"},{"taxonomy":"tribe_events_cat","embeddable":true,"href":"https:\/\/www.arte.unicen.edu.ar\/entodas\/index.php?rest_route=%2Fwp%2Fv2%2Ftribe_events_cat&post=9587"}],"curies":[{"name":"wp","href":"https:\/\/api.w.org\/{rel}","templated":true}]}}

YECA de Ángeles caídos &#8211; Teatro

<p><img loading="lazy" decoding="async" class="size-medium wp-image-9569 aligncenter" src="https://www.arte.unicen.edu.ar/entodas/wp-content/uploads/2024/08/WhatsApp-Image-2024-08-09-at-08.43.58-285x300.jpeg" alt="" width="285" height="300" srcset="https://www.arte.unicen.edu.ar/entodas/wp-content/uploads/2024/08/WhatsApp-Image-2024-08-09-at-08.43.58-285x300.jpeg 285w, https://www.arte.unicen.edu.ar/entodas/wp-content/uploads/2024/08/WhatsApp-Image-2024-08-09-at-08.43.58-760x800.jpeg 760w, https://www.arte.unicen.edu.ar/entodas/wp-content/uploads/2024/08/WhatsApp-Image-2024-08-09-at-08.43.58-768x809.jpeg 768w, https://www.arte.unicen.edu.ar/entodas/wp-content/uploads/2024/08/WhatsApp-Image-2024-08-09-at-08.43.58.jpeg 1080w" sizes="(max-width: 285px) 100vw, 285px" /></p>
<p>Yeca de Angeles caídos &#8211; Teatro</p>
<p>Función el Sábado 10/8 a las 21 hs, en el Teatro La Fabrica</p>
<p>&nbsp;</p>

<p>Yeca de Angeles caídos &#8211; Teatro Función el Sábado 10/8 a las 21 hs, en el Teatro La Fabrica &nbsp;</p>
