{"id":9564,"date":"2024-08-09T11:07:21","date_gmt":"2024-08-09T14:07:21","guid":{"rendered":"https:\/\/www.arte.unicen.edu.ar\/entodas\/?post_type=tribe_events&#038;p=9564"},"modified":"2024-08-09T11:20:59","modified_gmt":"2024-08-09T14:20:59","slug":"intensamente-2-cine-3","status":"publish","type":"tribe_events","link":"https:\/\/www.arte.unicen.edu.ar\/entodas\/?tribe_events=intensamente-2-cine-3","title":{"rendered":"INTENSAMENTE 2 &#8211; Cine"},"content":{"rendered":"<p><img loading=\"lazy\" decoding=\"async\" class=\"size-medium wp-image-9565 aligncenter\" src=\"https:\/\/www.arte.unicen.edu.ar\/entodas\/wp-content\/uploads\/2024\/08\/454197148_988293843094220_1554274373085507035_n-298x300.jpg\" alt=\"\" width=\"298\" height=\"300\" srcset=\"https:\/\/www.arte.unicen.edu.ar\/entodas\/wp-content\/uploads\/2024\/08\/454197148_988293843094220_1554274373085507035_n-298x300.jpg 298w, https:\/\/www.arte.unicen.edu.ar\/entodas\/wp-content\/uploads\/2024\/08\/454197148_988293843094220_1554274373085507035_n.jpg 595w\" sizes=\"(max-width: 298px) 100vw, 298px\" \/><\/p>\n<div dir=\"auto\">Intensamente 2<\/div>\n<div dir=\"auto\">Dir. Kelsey Mann<\/div>\n<div dir=\"auto\">ATP &#8211; Animaci\u00f3n, Familia &#8211; 96 Min.<\/div>\n<div dir=\"auto\">2D Doblada<\/div>\n<div dir=\"auto\">S\u00e1bado 10 agosto 18h<\/div>\n<div dir=\"auto\">Domingo 11 agosto 18h<\/div>\n<div dir=\"auto\">Lunes 12 agosto 18h<\/div>\n<div dir=\"auto\">Martes 13 agosto 18h<\/div>\n<div dir=\"auto\">Entrada gral $5000 &#8211; ni\u00f1s, est. y jub. $2000<\/div>\n<div dir=\"auto\">Funci\u00f3n Comercial<\/div>\n<div dir=\"auto\">Esta nueva entrega regresa a la mente de la reci\u00e9n adolescente Riley justo cuando el cuartel general est\u00e1 sufriendo una repentina demolici\u00f3n para hacer sitio a algo totalmente inesperado: \u00a1nuevas emociones! Alegr\u00eda, Tristeza, Furia, Temor y Desagrado, que llevan mucho tiempo llevando a cabo una operaci\u00f3n exitosa, no est\u00e1n seguros de c\u00f3mo sentirse cuando aparece Ansiedad. Y parece que no est\u00e1 sola.<\/div>\n","protected":false},"excerpt":{"rendered":"<p>Intensamente 2 Dir. Kelsey Mann ATP &#8211; Animaci\u00f3n, Familia &#8211; 96 Min. 2D Doblada S\u00e1bado 10 agosto 18h Domingo 11 agosto 18h Lunes 12 agosto 18h Martes 13 agosto 18h Entrada gral $5000 &#8211; ni\u00f1s, est. y jub. $2000 Funci\u00f3n Comercial Esta nueva entrega regresa a la mente de la reci\u00e9n adolescente Riley justo cuando el cuartel general est\u00e1 sufriendo una repentina demolici\u00f3n para hacer sitio a algo totalmente inesperado: \u00a1nuevas emociones! Alegr\u00eda, Tristeza, Furia, Temor y Desagrado, que llevan mucho tiempo llevando a cabo una operaci\u00f3n exitosa, no est\u00e1n seguros de c\u00f3mo sentirse cuando aparece Ansiedad. Y parece que no est\u00e1 sola.<\/p>\n","protected":false},"author":5,"featured_media":9565,"comment_status":"closed","ping_status":"closed","template":"","meta":{"_tribe_events_status":"","_tribe_events_status_reason":""},"tags":[],"tribe_events_cat":[],"_links":{"self":[{"href":"https:\/\/www.arte.unicen.edu.ar\/entodas\/index.php?rest_route=\/wp\/v2\/tribe_events\/9564"}],"collection":[{"href":"https:\/\/www.arte.unicen.edu.ar\/entodas\/index.php?rest_route=\/wp\/v2\/tribe_events"}],"about":[{"href":"https:\/\/www.arte.unicen.edu.ar\/entodas\/index.php?rest_route=\/wp\/v2\/types\/tribe_events"}],"author":[{"embeddable":true,"href":"https:\/\/www.arte.unicen.edu.ar\/entodas\/index.php?rest_route=\/wp\/v2\/users\/5"}],"replies":[{"embeddable":true,"href":"https:\/\/www.arte.unicen.edu.ar\/entodas\/index.php?rest_route=%2Fwp%2Fv2%2Fcomments&post=9564"}],"version-history":[{"count":1,"href":"https:\/\/www.arte.unicen.edu.ar\/entodas\/index.php?rest_route=\/wp\/v2\/tribe_events\/9564\/revisions"}],"predecessor-version":[{"id":9580,"href":"https:\/\/www.arte.unicen.edu.ar\/entodas\/index.php?rest_route=\/wp\/v2\/tribe_events\/9564\/revisions\/9580"}],"wp:featuredmedia":[{"embeddable":true,"href":"https:\/\/www.arte.unicen.edu.ar\/entodas\/index.php?rest_route=\/wp\/v2\/media\/9565"}],"wp:attachment":[{"href":"https:\/\/www.arte.unicen.edu.ar\/entodas\/index.php?rest_route=%2Fwp%2Fv2%2Fmedia&parent=9564"}],"wp:term":[{"taxonomy":"post_tag","embeddable":true,"href":"https:\/\/www.arte.unicen.edu.ar\/entodas\/index.php?rest_route=%2Fwp%2Fv2%2Ftags&post=9564"},{"taxonomy":"tribe_events_cat","embeddable":true,"href":"https:\/\/www.arte.unicen.edu.ar\/entodas\/index.php?rest_route=%2Fwp%2Fv2%2Ftribe_events_cat&post=9564"}],"curies":[{"name":"wp","href":"https:\/\/api.w.org\/{rel}","templated":true}]}}

<p><img loading="lazy" decoding="async" class="size-medium wp-image-9565 aligncenter" src="https://www.arte.unicen.edu.ar/entodas/wp-content/uploads/2024/08/454197148_988293843094220_1554274373085507035_n-298x300.jpg" alt="" width="298" height="300" srcset="https://www.arte.unicen.edu.ar/entodas/wp-content/uploads/2024/08/454197148_988293843094220_1554274373085507035_n-298x300.jpg 298w, https://www.arte.unicen.edu.ar/entodas/wp-content/uploads/2024/08/454197148_988293843094220_1554274373085507035_n.jpg 595w" sizes="(max-width: 298px) 100vw, 298px" /></p>
<div dir="auto">Intensamente 2</div>
<div dir="auto">Dir. Kelsey Mann</div>
<div dir="auto">ATP &#8211; Animación, Familia &#8211; 96 Min.</div>
<div dir="auto">2D Doblada</div>
<div dir="auto">Sábado 10 agosto 18h</div>
<div dir="auto">Domingo 11 agosto 18h</div>
<div dir="auto">Lunes 12 agosto 18h</div>
<div dir="auto">Martes 13 agosto 18h</div>
<div dir="auto">Entrada gral $5000 &#8211; niñs, est. y jub. $2000</div>
<div dir="auto">Función Comercial</div>
<div dir="auto">Esta nueva entrega regresa a la mente de la recién adolescente Riley justo cuando el cuartel general está sufriendo una repentina demolición para hacer sitio a algo totalmente inesperado: ¡nuevas emociones! Alegría, Tristeza, Furia, Temor y Desagrado, que llevan mucho tiempo llevando a cabo una operación exitosa, no están seguros de cómo sentirse cuando aparece Ansiedad. Y parece que no está sola.</div>

<p>Intensamente 2 Dir. Kelsey Mann ATP &#8211; Animación, Familia &#8211; 96 Min. 2D Doblada Sábado 10 agosto 18h Domingo 11 agosto 18h Lunes 12 agosto 18h Martes 13 agosto 18h Entrada gral $5000 &#8211; niñs, est. y jub. $2000 Función Comercial Esta nueva entrega regresa a la mente de la recién adolescente Riley justo cuando el cuartel general está sufriendo una repentina demolición para hacer sitio a algo totalmente inesperado: ¡nuevas emociones! Alegría, Tristeza, Furia, Temor y Desagrado, que llevan mucho tiempo llevando a cabo una operación exitosa, no están seguros de cómo sentirse cuando aparece Ansiedad. Y parece que no está sola.</p>
