{"id":8082,"date":"2023-08-31T09:47:26","date_gmt":"2023-08-31T12:47:26","guid":{"rendered":"https:\/\/www.arte.unicen.edu.ar\/entodas\/?post_type=tribe_events&#038;p=8082"},"modified":"2023-08-31T09:47:26","modified_gmt":"2023-08-31T12:47:26","slug":"carnaval-y-democracia-las-voces-de-los-pueblos","status":"publish","type":"tribe_events","link":"https:\/\/www.arte.unicen.edu.ar\/entodas\/?tribe_events=carnaval-y-democracia-las-voces-de-los-pueblos","title":{"rendered":"Carnaval y Democracia. Las voces de los pueblos"},"content":{"rendered":"<p>&nbsp;<\/p>\n<p>La Facultad de Arte, junto con Cultura UNICEN, el Instituto Cultural de la provincia de Buenos Aires, el Ministerio de Cultura de la Naci\u00f3n, el Banco Credicoop y agrupaciones carnavaleras locales, organiza una propuesta para revalorizar el carnaval, la memoria y\u00a0 las identidades populares. En este marco,\u00a0<strong>Gualberto Coco Romero<\/strong>* recibir\u00e1 la declaraci\u00f3n de personalidad destacada de la cultura y de las artes, referente indiscutible del carnaval y de la po\u00e9tica de las murgas.<\/p>\n<div>\n<p dir=\"ltr\">A 40 a\u00f1os del retorno de la democracia, y celebrando los 35 a\u00f1os de la Facultad de Arte, el<strong>\u00a08 de septiembre -19:30hs.<\/strong>\u00a0en el Hall de la Facultad de Arte, 9 de julio 430-\u00a0se realizar\u00e1 la inauguraci\u00f3n de la\u00a0<em>Muestra Carnaval y Democracia<\/em>\u00a0en el Hall Abierto de la Facultad de Arte, la presentaci\u00f3n del libro \u201c<a href=\"https:\/\/www.arte.unicen.edu.ar\/wp-content\/uploads\/2023\/08\/BANDERINES-DE-FEBRERO-PRODUCTO-FINAL-RAIGAL-CANELA-LUJAN-9152-0.pdf\" target=\"_blank\" rel=\"noopener\"><em>Banderines de febrero. Historias del \u2018Carnaval de mi Tandil&#8217;\u201d<\/em><\/a>\u00a0 de Canela Raigal y el acto de\u00a0<em>reconocimiento a Coco Romero.\u00a0<\/em><\/p>\n<\/div>\n<p><img loading=\"lazy\" decoding=\"async\" class=\"\" src=\"https:\/\/www.arte.unicen.edu.ar\/wp-content\/uploads\/2023\/08\/Historias-del-Carnaval-de-mi-Tandil-1024x1011.jpg\" width=\"345\" height=\"341\" \/><\/p>\n","protected":false},"excerpt":{"rendered":"<p>&nbsp; La Facultad de Arte, junto con Cultura UNICEN, el Instituto Cultural de la provincia de Buenos Aires, el Ministerio de Cultura de la Naci\u00f3n, el Banco Credicoop y agrupaciones carnavaleras locales, organiza una propuesta para revalorizar el carnaval, la memoria y\u00a0 las identidades populares. En este marco,\u00a0Gualberto Coco Romero* recibir\u00e1 la declaraci\u00f3n de personalidad destacada de la cultura y de las artes, referente indiscutible del carnaval y de la po\u00e9tica de las murgas. A 40 a\u00f1os del retorno de la democracia, y celebrando los 35 a\u00f1os de la Facultad de Arte, el\u00a08 de septiembre -19:30hs.\u00a0en el Hall de la Facultad de Arte, 9 de julio 430-\u00a0se realizar\u00e1 la inauguraci\u00f3n de la\u00a0Muestra Carnaval y Democracia\u00a0en el Hall Abierto de la Facultad de Arte, la presentaci\u00f3n del libro \u201cBanderines de febrero. Historias del \u2018Carnaval de mi Tandil&#8217;\u201d\u00a0 de Canela Raigal y el acto de\u00a0reconocimiento a Coco Romero.\u00a0<\/p>\n","protected":false},"author":5,"featured_media":8083,"comment_status":"closed","ping_status":"closed","template":"","meta":{"_tribe_events_status":"","_tribe_events_status_reason":""},"tags":[],"tribe_events_cat":[54],"_links":{"self":[{"href":"https:\/\/www.arte.unicen.edu.ar\/entodas\/index.php?rest_route=\/wp\/v2\/tribe_events\/8082"}],"collection":[{"href":"https:\/\/www.arte.unicen.edu.ar\/entodas\/index.php?rest_route=\/wp\/v2\/tribe_events"}],"about":[{"href":"https:\/\/www.arte.unicen.edu.ar\/entodas\/index.php?rest_route=\/wp\/v2\/types\/tribe_events"}],"author":[{"embeddable":true,"href":"https:\/\/www.arte.unicen.edu.ar\/entodas\/index.php?rest_route=\/wp\/v2\/users\/5"}],"replies":[{"embeddable":true,"href":"https:\/\/www.arte.unicen.edu.ar\/entodas\/index.php?rest_route=%2Fwp%2Fv2%2Fcomments&post=8082"}],"version-history":[{"count":1,"href":"https:\/\/www.arte.unicen.edu.ar\/entodas\/index.php?rest_route=\/wp\/v2\/tribe_events\/8082\/revisions"}],"predecessor-version":[{"id":8084,"href":"https:\/\/www.arte.unicen.edu.ar\/entodas\/index.php?rest_route=\/wp\/v2\/tribe_events\/8082\/revisions\/8084"}],"wp:featuredmedia":[{"embeddable":true,"href":"https:\/\/www.arte.unicen.edu.ar\/entodas\/index.php?rest_route=\/wp\/v2\/media\/8083"}],"wp:attachment":[{"href":"https:\/\/www.arte.unicen.edu.ar\/entodas\/index.php?rest_route=%2Fwp%2Fv2%2Fmedia&parent=8082"}],"wp:term":[{"taxonomy":"post_tag","embeddable":true,"href":"https:\/\/www.arte.unicen.edu.ar\/entodas\/index.php?rest_route=%2Fwp%2Fv2%2Ftags&post=8082"},{"taxonomy":"tribe_events_cat","embeddable":true,"href":"https:\/\/www.arte.unicen.edu.ar\/entodas\/index.php?rest_route=%2Fwp%2Fv2%2Ftribe_events_cat&post=8082"}],"curies":[{"name":"wp","href":"https:\/\/api.w.org\/{rel}","templated":true}]}}

<p>&nbsp;</p>
<p>La Facultad de Arte, junto con Cultura UNICEN, el Instituto Cultural de la provincia de Buenos Aires, el Ministerio de Cultura de la Nación, el Banco Credicoop y agrupaciones carnavaleras locales, organiza una propuesta para revalorizar el carnaval, la memoria y  las identidades populares. En este marco, <strong>Gualberto Coco Romero</strong>* recibirá la declaración de personalidad destacada de la cultura y de las artes, referente indiscutible del carnaval y de la poética de las murgas.</p>
<div>
<p dir="ltr">A 40 años del retorno de la democracia, y celebrando los 35 años de la Facultad de Arte, el<strong> 8 de septiembre -19:30hs.</strong> en el Hall de la Facultad de Arte, 9 de julio 430- se realizará la inauguración de la <em>Muestra Carnaval y Democracia</em> en el Hall Abierto de la Facultad de Arte, la presentación del libro “<a href="https://www.arte.unicen.edu.ar/wp-content/uploads/2023/08/BANDERINES-DE-FEBRERO-PRODUCTO-FINAL-RAIGAL-CANELA-LUJAN-9152-0.pdf" target="_blank" rel="noopener"><em>Banderines de febrero. Historias del ‘Carnaval de mi Tandil&#8217;”</em></a>  de Canela Raigal y el acto de <em>reconocimiento a Coco Romero. </em></p>
</div>
<p><img loading="lazy" decoding="async" class="" src="https://www.arte.unicen.edu.ar/wp-content/uploads/2023/08/Historias-del-Carnaval-de-mi-Tandil-1024x1011.jpg" width="345" height="341" /></p>

<p>&nbsp; La Facultad de Arte, junto con Cultura UNICEN, el Instituto Cultural de la provincia de Buenos Aires, el Ministerio de Cultura de la Nación, el Banco Credicoop y agrupaciones carnavaleras locales, organiza una propuesta para revalorizar el carnaval, la memoria y  las identidades populares. En este marco, Gualberto Coco Romero* recibirá la declaración de personalidad destacada de la cultura y de las artes, referente indiscutible del carnaval y de la poética de las murgas. A 40 años del retorno de la democracia, y celebrando los 35 años de la Facultad de Arte, el 8 de septiembre -19:30hs. en el Hall de la Facultad de Arte, 9 de julio 430- se realizará la inauguración de la Muestra Carnaval y Democracia en el Hall Abierto de la Facultad de Arte, la presentación del libro “Banderines de febrero. Historias del ‘Carnaval de mi Tandil&#8217;”  de Canela Raigal y el acto de reconocimiento a Coco Romero. </p>
