{"id":8073,"date":"2023-08-24T13:53:07","date_gmt":"2023-08-24T16:53:07","guid":{"rendered":"https:\/\/www.arte.unicen.edu.ar\/entodas\/?post_type=tribe_events&#038;p=8073"},"modified":"2023-08-24T14:00:56","modified_gmt":"2023-08-24T17:00:56","slug":"proyeccion-el-juicio","status":"publish","type":"tribe_events","link":"https:\/\/www.arte.unicen.edu.ar\/entodas\/?tribe_events=proyeccion-el-juicio","title":{"rendered":"Proyecci\u00f3n &#8220;El juicio&#8221;"},"content":{"rendered":"<p>1985: dos a\u00f1os despu\u00e9s del fin de la dictadura militar en Argentina, los principales miembros de la junta son juzgados en los tribunales.<\/p>\n<p><img loading=\"lazy\" decoding=\"async\" class=\"alignnone size-medium wp-image-8074\" src=\"https:\/\/www.arte.unicen.edu.ar\/entodas\/wp-content\/uploads\/2023\/08\/WhatsApp-Image-2023-08-24-at-13.02.13-202x300.jpeg\" alt=\"\" width=\"202\" height=\"300\" srcset=\"https:\/\/www.arte.unicen.edu.ar\/entodas\/wp-content\/uploads\/2023\/08\/WhatsApp-Image-2023-08-24-at-13.02.13-202x300.jpeg 202w, https:\/\/www.arte.unicen.edu.ar\/entodas\/wp-content\/uploads\/2023\/08\/WhatsApp-Image-2023-08-24-at-13.02.13-539x800.jpeg 539w, https:\/\/www.arte.unicen.edu.ar\/entodas\/wp-content\/uploads\/2023\/08\/WhatsApp-Image-2023-08-24-at-13.02.13.jpeg 580w\" sizes=\"(max-width: 202px) 100vw, 202px\" \/><\/p>\n","protected":false},"excerpt":{"rendered":"<p>1985: dos a\u00f1os despu\u00e9s del fin de la dictadura militar en Argentina, los principales miembros de la junta son juzgados en los tribunales.<\/p>\n","protected":false},"author":5,"featured_media":8074,"comment_status":"closed","ping_status":"closed","template":"","meta":{"_tribe_events_status":"","_tribe_events_status_reason":""},"tags":[],"tribe_events_cat":[61],"_links":{"self":[{"href":"https:\/\/www.arte.unicen.edu.ar\/entodas\/index.php?rest_route=\/wp\/v2\/tribe_events\/8073"}],"collection":[{"href":"https:\/\/www.arte.unicen.edu.ar\/entodas\/index.php?rest_route=\/wp\/v2\/tribe_events"}],"about":[{"href":"https:\/\/www.arte.unicen.edu.ar\/entodas\/index.php?rest_route=\/wp\/v2\/types\/tribe_events"}],"author":[{"embeddable":true,"href":"https:\/\/www.arte.unicen.edu.ar\/entodas\/index.php?rest_route=\/wp\/v2\/users\/5"}],"replies":[{"embeddable":true,"href":"https:\/\/www.arte.unicen.edu.ar\/entodas\/index.php?rest_route=%2Fwp%2Fv2%2Fcomments&post=8073"}],"version-history":[{"count":1,"href":"https:\/\/www.arte.unicen.edu.ar\/entodas\/index.php?rest_route=\/wp\/v2\/tribe_events\/8073\/revisions"}],"predecessor-version":[{"id":8075,"href":"https:\/\/www.arte.unicen.edu.ar\/entodas\/index.php?rest_route=\/wp\/v2\/tribe_events\/8073\/revisions\/8075"}],"wp:featuredmedia":[{"embeddable":true,"href":"https:\/\/www.arte.unicen.edu.ar\/entodas\/index.php?rest_route=\/wp\/v2\/media\/8074"}],"wp:attachment":[{"href":"https:\/\/www.arte.unicen.edu.ar\/entodas\/index.php?rest_route=%2Fwp%2Fv2%2Fmedia&parent=8073"}],"wp:term":[{"taxonomy":"post_tag","embeddable":true,"href":"https:\/\/www.arte.unicen.edu.ar\/entodas\/index.php?rest_route=%2Fwp%2Fv2%2Ftags&post=8073"},{"taxonomy":"tribe_events_cat","embeddable":true,"href":"https:\/\/www.arte.unicen.edu.ar\/entodas\/index.php?rest_route=%2Fwp%2Fv2%2Ftribe_events_cat&post=8073"}],"curies":[{"name":"wp","href":"https:\/\/api.w.org\/{rel}","templated":true}]}}

Proyección &#8220;El juicio&#8221;

<p>1985: dos años después del fin de la dictadura militar en Argentina, los principales miembros de la junta son juzgados en los tribunales.</p>
<p><img loading="lazy" decoding="async" class="alignnone size-medium wp-image-8074" src="https://www.arte.unicen.edu.ar/entodas/wp-content/uploads/2023/08/WhatsApp-Image-2023-08-24-at-13.02.13-202x300.jpeg" alt="" width="202" height="300" srcset="https://www.arte.unicen.edu.ar/entodas/wp-content/uploads/2023/08/WhatsApp-Image-2023-08-24-at-13.02.13-202x300.jpeg 202w, https://www.arte.unicen.edu.ar/entodas/wp-content/uploads/2023/08/WhatsApp-Image-2023-08-24-at-13.02.13-539x800.jpeg 539w, https://www.arte.unicen.edu.ar/entodas/wp-content/uploads/2023/08/WhatsApp-Image-2023-08-24-at-13.02.13.jpeg 580w" sizes="(max-width: 202px) 100vw, 202px" /></p>

<p>1985: dos años después del fin de la dictadura militar en Argentina, los principales miembros de la junta son juzgados en los tribunales.</p>
