{"id":8062,"date":"2023-08-24T13:14:50","date_gmt":"2023-08-24T16:14:50","guid":{"rendered":"https:\/\/www.arte.unicen.edu.ar\/entodas\/?post_type=tribe_events&#038;p=8062"},"modified":"2023-08-24T13:14:50","modified_gmt":"2023-08-24T16:14:50","slug":"ballet-de-danzas-argentinas-25-anos-unicen","status":"publish","type":"tribe_events","link":"https:\/\/www.arte.unicen.edu.ar\/entodas\/?tribe_events=ballet-de-danzas-argentinas-25-anos-unicen","title":{"rendered":"&#8220;Ballet de danzas Argentinas&#8221; 25 a\u00f1os Unicen"},"content":{"rendered":"<p>&#8220;Mi maestro Santiago Ayala El Ch\u00facaro me ense\u00f1\u00f3 que los bailarines somos aves de paso y yo entend\u00ed que los integrantes del Ballet tambi\u00e9n lo son. Aunque algunos de ellos llegaron y se quedaron, todos han sido parte de esta historia&#8221;, comienza diciendo la profesora Rosana Romano, fundadora y directora del Ballet de Danzas Argentinas de la UNICEN -dependiente del \u00c1rea de Cultura- que el pr\u00f3ximo s\u00e1bado, a las 21, presentar\u00e1 en el Auditorium Alfa del Centro Cultural Universitario (Yrigoyen 662) el espect\u00e1culo con el que celebra sus 25 a\u00f1os, que incluye cuadros emblem\u00e1ticos y otros en car\u00e1cter de estrenos.<\/p>\n<p><img loading=\"lazy\" decoding=\"async\" class=\"alignnone size-medium wp-image-8063\" src=\"https:\/\/www.arte.unicen.edu.ar\/entodas\/wp-content\/uploads\/2023\/08\/WhatsApp-Image-2023-08-24-at-12.56.13-300x276.jpeg\" alt=\"\" width=\"300\" height=\"276\" srcset=\"https:\/\/www.arte.unicen.edu.ar\/entodas\/wp-content\/uploads\/2023\/08\/WhatsApp-Image-2023-08-24-at-12.56.13-300x276.jpeg 300w, https:\/\/www.arte.unicen.edu.ar\/entodas\/wp-content\/uploads\/2023\/08\/WhatsApp-Image-2023-08-24-at-12.56.13-800x737.jpeg 800w, https:\/\/www.arte.unicen.edu.ar\/entodas\/wp-content\/uploads\/2023\/08\/WhatsApp-Image-2023-08-24-at-12.56.13-768x708.jpeg 768w, https:\/\/www.arte.unicen.edu.ar\/entodas\/wp-content\/uploads\/2023\/08\/WhatsApp-Image-2023-08-24-at-12.56.13.jpeg 1080w\" sizes=\"(max-width: 300px) 100vw, 300px\" \/><\/p>\n","protected":false},"excerpt":{"rendered":"<p>&#8220;Mi maestro Santiago Ayala El Ch\u00facaro me ense\u00f1\u00f3 que los bailarines somos aves de paso y yo entend\u00ed que los integrantes del Ballet tambi\u00e9n lo son. Aunque algunos de ellos llegaron y se quedaron, todos han sido parte de esta historia&#8221;, comienza diciendo la profesora Rosana Romano, fundadora y directora del Ballet de Danzas Argentinas de la UNICEN -dependiente del \u00c1rea de Cultura- que el pr\u00f3ximo s\u00e1bado, a las 21, presentar\u00e1 en el Auditorium Alfa del Centro Cultural Universitario (Yrigoyen 662) el espect\u00e1culo con el que celebra sus 25 a\u00f1os, que incluye cuadros emblem\u00e1ticos y otros en car\u00e1cter de estrenos.<\/p>\n","protected":false},"author":5,"featured_media":8063,"comment_status":"closed","ping_status":"closed","template":"","meta":{"_tribe_events_status":"","_tribe_events_status_reason":""},"tags":[],"tribe_events_cat":[],"_links":{"self":[{"href":"https:\/\/www.arte.unicen.edu.ar\/entodas\/index.php?rest_route=\/wp\/v2\/tribe_events\/8062"}],"collection":[{"href":"https:\/\/www.arte.unicen.edu.ar\/entodas\/index.php?rest_route=\/wp\/v2\/tribe_events"}],"about":[{"href":"https:\/\/www.arte.unicen.edu.ar\/entodas\/index.php?rest_route=\/wp\/v2\/types\/tribe_events"}],"author":[{"embeddable":true,"href":"https:\/\/www.arte.unicen.edu.ar\/entodas\/index.php?rest_route=\/wp\/v2\/users\/5"}],"replies":[{"embeddable":true,"href":"https:\/\/www.arte.unicen.edu.ar\/entodas\/index.php?rest_route=%2Fwp%2Fv2%2Fcomments&post=8062"}],"version-history":[{"count":1,"href":"https:\/\/www.arte.unicen.edu.ar\/entodas\/index.php?rest_route=\/wp\/v2\/tribe_events\/8062\/revisions"}],"predecessor-version":[{"id":8064,"href":"https:\/\/www.arte.unicen.edu.ar\/entodas\/index.php?rest_route=\/wp\/v2\/tribe_events\/8062\/revisions\/8064"}],"wp:featuredmedia":[{"embeddable":true,"href":"https:\/\/www.arte.unicen.edu.ar\/entodas\/index.php?rest_route=\/wp\/v2\/media\/8063"}],"wp:attachment":[{"href":"https:\/\/www.arte.unicen.edu.ar\/entodas\/index.php?rest_route=%2Fwp%2Fv2%2Fmedia&parent=8062"}],"wp:term":[{"taxonomy":"post_tag","embeddable":true,"href":"https:\/\/www.arte.unicen.edu.ar\/entodas\/index.php?rest_route=%2Fwp%2Fv2%2Ftags&post=8062"},{"taxonomy":"tribe_events_cat","embeddable":true,"href":"https:\/\/www.arte.unicen.edu.ar\/entodas\/index.php?rest_route=%2Fwp%2Fv2%2Ftribe_events_cat&post=8062"}],"curies":[{"name":"wp","href":"https:\/\/api.w.org\/{rel}","templated":true}]}}

&#8220;Ballet de danzas Argentinas&#8221; 25 años Unicen

<p>&#8220;Mi maestro Santiago Ayala El Chúcaro me enseñó que los bailarines somos aves de paso y yo entendí que los integrantes del Ballet también lo son. Aunque algunos de ellos llegaron y se quedaron, todos han sido parte de esta historia&#8221;, comienza diciendo la profesora Rosana Romano, fundadora y directora del Ballet de Danzas Argentinas de la UNICEN -dependiente del Área de Cultura- que el próximo sábado, a las 21, presentará en el Auditorium Alfa del Centro Cultural Universitario (Yrigoyen 662) el espectáculo con el que celebra sus 25 años, que incluye cuadros emblemáticos y otros en carácter de estrenos.</p>
<p><img loading="lazy" decoding="async" class="alignnone size-medium wp-image-8063" src="https://www.arte.unicen.edu.ar/entodas/wp-content/uploads/2023/08/WhatsApp-Image-2023-08-24-at-12.56.13-300x276.jpeg" alt="" width="300" height="276" srcset="https://www.arte.unicen.edu.ar/entodas/wp-content/uploads/2023/08/WhatsApp-Image-2023-08-24-at-12.56.13-300x276.jpeg 300w, https://www.arte.unicen.edu.ar/entodas/wp-content/uploads/2023/08/WhatsApp-Image-2023-08-24-at-12.56.13-800x737.jpeg 800w, https://www.arte.unicen.edu.ar/entodas/wp-content/uploads/2023/08/WhatsApp-Image-2023-08-24-at-12.56.13-768x708.jpeg 768w, https://www.arte.unicen.edu.ar/entodas/wp-content/uploads/2023/08/WhatsApp-Image-2023-08-24-at-12.56.13.jpeg 1080w" sizes="(max-width: 300px) 100vw, 300px" /></p>

<p>&#8220;Mi maestro Santiago Ayala El Chúcaro me enseñó que los bailarines somos aves de paso y yo entendí que los integrantes del Ballet también lo son. Aunque algunos de ellos llegaron y se quedaron, todos han sido parte de esta historia&#8221;, comienza diciendo la profesora Rosana Romano, fundadora y directora del Ballet de Danzas Argentinas de la UNICEN -dependiente del Área de Cultura- que el próximo sábado, a las 21, presentará en el Auditorium Alfa del Centro Cultural Universitario (Yrigoyen 662) el espectáculo con el que celebra sus 25 años, que incluye cuadros emblemáticos y otros en carácter de estrenos.</p>
