{"id":8038,"date":"2023-08-17T11:03:33","date_gmt":"2023-08-17T14:03:33","guid":{"rendered":"https:\/\/www.arte.unicen.edu.ar\/entodas\/?post_type=tribe_events&#038;p=8038"},"modified":"2023-08-17T11:03:33","modified_gmt":"2023-08-17T14:03:33","slug":"feria-del-libro","status":"publish","type":"tribe_events","link":"https:\/\/www.arte.unicen.edu.ar\/entodas\/?tribe_events=feria-del-libro","title":{"rendered":"Feria del libro"},"content":{"rendered":"<p>La Feria del Libro de Tandil es una de las m\u00e1s importantes del pa\u00eds, por la cantidad de expositores, de autores y por la presencia masiva de p\u00fablico que asiste durante los cinco d\u00edas consecutivos de realizaci\u00f3n.<\/p>\n<p>Este a\u00f1o, la 18\u00b0 edici\u00f3n de la feria se llevar\u00e1 a cabo desde el mi\u00e9rcoles 16 hasta domingo 20 de agosto en las instalaciones de la C\u00e1mara Empresaria de Tandil, ubicada en Mitre 856 de nuestra ciudad.<\/p>\n<p><img loading=\"lazy\" decoding=\"async\" class=\"alignnone size-medium wp-image-8036\" src=\"https:\/\/www.arte.unicen.edu.ar\/entodas\/wp-content\/uploads\/2023\/08\/FERIA-DEL-LIBRO-2023-1-1-1024x1024-1-300x300.jpg\" alt=\"\" width=\"300\" height=\"300\" srcset=\"https:\/\/www.arte.unicen.edu.ar\/entodas\/wp-content\/uploads\/2023\/08\/FERIA-DEL-LIBRO-2023-1-1-1024x1024-1-300x300.jpg 300w, https:\/\/www.arte.unicen.edu.ar\/entodas\/wp-content\/uploads\/2023\/08\/FERIA-DEL-LIBRO-2023-1-1-1024x1024-1-800x800.jpg 800w, https:\/\/www.arte.unicen.edu.ar\/entodas\/wp-content\/uploads\/2023\/08\/FERIA-DEL-LIBRO-2023-1-1-1024x1024-1-768x768.jpg 768w, https:\/\/www.arte.unicen.edu.ar\/entodas\/wp-content\/uploads\/2023\/08\/FERIA-DEL-LIBRO-2023-1-1-1024x1024-1.jpg 1024w\" sizes=\"(max-width: 300px) 100vw, 300px\" \/><\/p>\n","protected":false},"excerpt":{"rendered":"<p>La Feria del Libro de Tandil es una de las m\u00e1s importantes del pa\u00eds, por la cantidad de expositores, de autores y por la presencia masiva de p\u00fablico que asiste durante los cinco d\u00edas consecutivos de realizaci\u00f3n. Este a\u00f1o, la 18\u00b0 edici\u00f3n de la feria se llevar\u00e1 a cabo desde el mi\u00e9rcoles 16 hasta domingo 20 de agosto en las instalaciones de la C\u00e1mara Empresaria de Tandil, ubicada en Mitre 856 de nuestra ciudad.<\/p>\n","protected":false},"author":5,"featured_media":8036,"comment_status":"closed","ping_status":"closed","template":"","meta":{"_tribe_events_status":"","_tribe_events_status_reason":""},"tags":[],"tribe_events_cat":[53],"_links":{"self":[{"href":"https:\/\/www.arte.unicen.edu.ar\/entodas\/index.php?rest_route=\/wp\/v2\/tribe_events\/8038"}],"collection":[{"href":"https:\/\/www.arte.unicen.edu.ar\/entodas\/index.php?rest_route=\/wp\/v2\/tribe_events"}],"about":[{"href":"https:\/\/www.arte.unicen.edu.ar\/entodas\/index.php?rest_route=\/wp\/v2\/types\/tribe_events"}],"author":[{"embeddable":true,"href":"https:\/\/www.arte.unicen.edu.ar\/entodas\/index.php?rest_route=\/wp\/v2\/users\/5"}],"replies":[{"embeddable":true,"href":"https:\/\/www.arte.unicen.edu.ar\/entodas\/index.php?rest_route=%2Fwp%2Fv2%2Fcomments&post=8038"}],"version-history":[{"count":1,"href":"https:\/\/www.arte.unicen.edu.ar\/entodas\/index.php?rest_route=\/wp\/v2\/tribe_events\/8038\/revisions"}],"predecessor-version":[{"id":8039,"href":"https:\/\/www.arte.unicen.edu.ar\/entodas\/index.php?rest_route=\/wp\/v2\/tribe_events\/8038\/revisions\/8039"}],"wp:featuredmedia":[{"embeddable":true,"href":"https:\/\/www.arte.unicen.edu.ar\/entodas\/index.php?rest_route=\/wp\/v2\/media\/8036"}],"wp:attachment":[{"href":"https:\/\/www.arte.unicen.edu.ar\/entodas\/index.php?rest_route=%2Fwp%2Fv2%2Fmedia&parent=8038"}],"wp:term":[{"taxonomy":"post_tag","embeddable":true,"href":"https:\/\/www.arte.unicen.edu.ar\/entodas\/index.php?rest_route=%2Fwp%2Fv2%2Ftags&post=8038"},{"taxonomy":"tribe_events_cat","embeddable":true,"href":"https:\/\/www.arte.unicen.edu.ar\/entodas\/index.php?rest_route=%2Fwp%2Fv2%2Ftribe_events_cat&post=8038"}],"curies":[{"name":"wp","href":"https:\/\/api.w.org\/{rel}","templated":true}]}}

<p>La Feria del Libro de Tandil es una de las más importantes del país, por la cantidad de expositores, de autores y por la presencia masiva de público que asiste durante los cinco días consecutivos de realización.</p>
<p>Este año, la 18° edición de la feria se llevará a cabo desde el miércoles 16 hasta domingo 20 de agosto en las instalaciones de la Cámara Empresaria de Tandil, ubicada en Mitre 856 de nuestra ciudad.</p>
<p><img loading="lazy" decoding="async" class="alignnone size-medium wp-image-8036" src="https://www.arte.unicen.edu.ar/entodas/wp-content/uploads/2023/08/FERIA-DEL-LIBRO-2023-1-1-1024x1024-1-300x300.jpg" alt="" width="300" height="300" srcset="https://www.arte.unicen.edu.ar/entodas/wp-content/uploads/2023/08/FERIA-DEL-LIBRO-2023-1-1-1024x1024-1-300x300.jpg 300w, https://www.arte.unicen.edu.ar/entodas/wp-content/uploads/2023/08/FERIA-DEL-LIBRO-2023-1-1-1024x1024-1-800x800.jpg 800w, https://www.arte.unicen.edu.ar/entodas/wp-content/uploads/2023/08/FERIA-DEL-LIBRO-2023-1-1-1024x1024-1-768x768.jpg 768w, https://www.arte.unicen.edu.ar/entodas/wp-content/uploads/2023/08/FERIA-DEL-LIBRO-2023-1-1-1024x1024-1.jpg 1024w" sizes="(max-width: 300px) 100vw, 300px" /></p>

<p>La Feria del Libro de Tandil es una de las más importantes del país, por la cantidad de expositores, de autores y por la presencia masiva de público que asiste durante los cinco días consecutivos de realización. Este año, la 18° edición de la feria se llevará a cabo desde el miércoles 16 hasta domingo 20 de agosto en las instalaciones de la Cámara Empresaria de Tandil, ubicada en Mitre 856 de nuestra ciudad.</p>
