{"id":8028,"date":"2023-08-17T10:50:30","date_gmt":"2023-08-17T13:50:30","guid":{"rendered":"https:\/\/www.arte.unicen.edu.ar\/entodas\/?post_type=tribe_events&#038;p=8028"},"modified":"2023-08-17T10:52:30","modified_gmt":"2023-08-17T13:52:30","slug":"presentacion-de-e-book-travesia-hacia-una-ritmica-en-la-actuacion","status":"publish","type":"tribe_events","link":"https:\/\/www.arte.unicen.edu.ar\/entodas\/?tribe_events=presentacion-de-e-book-travesia-hacia-una-ritmica-en-la-actuacion","title":{"rendered":"Presentaci\u00f3n de E-book &#8220;traves\u00eda hacia una r\u00edtmica en la actuaci\u00f3n &#8220;"},"content":{"rendered":"<p><strong>Traves\u00eda. Hacia una r\u00edtmica en la actuaci\u00f3n<\/strong>\u00a0emerge de una matriz de investigaci\u00f3n acad\u00e9mica enmarcada en el Proyecto de Investigaci\u00f3n\u00a0<em>La experiencia r\u00edtmica en el arte del actor\/actriz. Aproximaciones te\u00f3rico-metodol\u00f3gicas a la problem\u00e1tica del ritmo desde la investigaci\u00f3n a trav\u00e9s de la pr\u00e1ctica art\u00edstica<\/em><\/p>\n<p>Presentaci\u00f3n a cargo de Belen Errendasoro ( comp) y con la participaci\u00f3n de Josefina Villama\u00f1e.<\/p>\n<p><img loading=\"lazy\" decoding=\"async\" class=\"alignnone size-medium wp-image-8029\" src=\"https:\/\/www.arte.unicen.edu.ar\/entodas\/wp-content\/uploads\/2023\/08\/FERIA-DEL-LIBRO-2023placa-travesia-1024x1024-1-300x300.jpg\" alt=\"\" width=\"300\" height=\"300\" srcset=\"https:\/\/www.arte.unicen.edu.ar\/entodas\/wp-content\/uploads\/2023\/08\/FERIA-DEL-LIBRO-2023placa-travesia-1024x1024-1-300x300.jpg 300w, https:\/\/www.arte.unicen.edu.ar\/entodas\/wp-content\/uploads\/2023\/08\/FERIA-DEL-LIBRO-2023placa-travesia-1024x1024-1-800x800.jpg 800w, https:\/\/www.arte.unicen.edu.ar\/entodas\/wp-content\/uploads\/2023\/08\/FERIA-DEL-LIBRO-2023placa-travesia-1024x1024-1-768x768.jpg 768w, https:\/\/www.arte.unicen.edu.ar\/entodas\/wp-content\/uploads\/2023\/08\/FERIA-DEL-LIBRO-2023placa-travesia-1024x1024-1.jpg 1024w\" sizes=\"(max-width: 300px) 100vw, 300px\" \/><\/p>\n","protected":false},"excerpt":{"rendered":"<p>Traves\u00eda. Hacia una r\u00edtmica en la actuaci\u00f3n\u00a0emerge de una matriz de investigaci\u00f3n acad\u00e9mica enmarcada en el Proyecto de Investigaci\u00f3n\u00a0La experiencia r\u00edtmica en el arte del actor\/actriz. Aproximaciones te\u00f3rico-metodol\u00f3gicas a la problem\u00e1tica del ritmo desde la investigaci\u00f3n a trav\u00e9s de la pr\u00e1ctica art\u00edstica Presentaci\u00f3n a cargo de Belen Errendasoro ( comp) y con la participaci\u00f3n de Josefina Villama\u00f1e.<\/p>\n","protected":false},"author":5,"featured_media":8029,"comment_status":"closed","ping_status":"closed","template":"","meta":{"_tribe_events_status":"","_tribe_events_status_reason":""},"tags":[],"tribe_events_cat":[53,54],"_links":{"self":[{"href":"https:\/\/www.arte.unicen.edu.ar\/entodas\/index.php?rest_route=\/wp\/v2\/tribe_events\/8028"}],"collection":[{"href":"https:\/\/www.arte.unicen.edu.ar\/entodas\/index.php?rest_route=\/wp\/v2\/tribe_events"}],"about":[{"href":"https:\/\/www.arte.unicen.edu.ar\/entodas\/index.php?rest_route=\/wp\/v2\/types\/tribe_events"}],"author":[{"embeddable":true,"href":"https:\/\/www.arte.unicen.edu.ar\/entodas\/index.php?rest_route=\/wp\/v2\/users\/5"}],"replies":[{"embeddable":true,"href":"https:\/\/www.arte.unicen.edu.ar\/entodas\/index.php?rest_route=%2Fwp%2Fv2%2Fcomments&post=8028"}],"version-history":[{"count":2,"href":"https:\/\/www.arte.unicen.edu.ar\/entodas\/index.php?rest_route=\/wp\/v2\/tribe_events\/8028\/revisions"}],"predecessor-version":[{"id":8032,"href":"https:\/\/www.arte.unicen.edu.ar\/entodas\/index.php?rest_route=\/wp\/v2\/tribe_events\/8028\/revisions\/8032"}],"wp:featuredmedia":[{"embeddable":true,"href":"https:\/\/www.arte.unicen.edu.ar\/entodas\/index.php?rest_route=\/wp\/v2\/media\/8029"}],"wp:attachment":[{"href":"https:\/\/www.arte.unicen.edu.ar\/entodas\/index.php?rest_route=%2Fwp%2Fv2%2Fmedia&parent=8028"}],"wp:term":[{"taxonomy":"post_tag","embeddable":true,"href":"https:\/\/www.arte.unicen.edu.ar\/entodas\/index.php?rest_route=%2Fwp%2Fv2%2Ftags&post=8028"},{"taxonomy":"tribe_events_cat","embeddable":true,"href":"https:\/\/www.arte.unicen.edu.ar\/entodas\/index.php?rest_route=%2Fwp%2Fv2%2Ftribe_events_cat&post=8028"}],"curies":[{"name":"wp","href":"https:\/\/api.w.org\/{rel}","templated":true}]}}

Presentación de E-book &#8220;travesía hacia una rítmica en la actuación &#8220;

<p><strong>Travesía. Hacia una rítmica en la actuación</strong> emerge de una matriz de investigación académica enmarcada en el Proyecto de Investigación <em>La experiencia rítmica en el arte del actor/actriz. Aproximaciones teórico-metodológicas a la problemática del ritmo desde la investigación a través de la práctica artística</em></p>
<p>Presentación a cargo de Belen Errendasoro ( comp) y con la participación de Josefina Villamañe.</p>
<p><img loading="lazy" decoding="async" class="alignnone size-medium wp-image-8029" src="https://www.arte.unicen.edu.ar/entodas/wp-content/uploads/2023/08/FERIA-DEL-LIBRO-2023placa-travesia-1024x1024-1-300x300.jpg" alt="" width="300" height="300" srcset="https://www.arte.unicen.edu.ar/entodas/wp-content/uploads/2023/08/FERIA-DEL-LIBRO-2023placa-travesia-1024x1024-1-300x300.jpg 300w, https://www.arte.unicen.edu.ar/entodas/wp-content/uploads/2023/08/FERIA-DEL-LIBRO-2023placa-travesia-1024x1024-1-800x800.jpg 800w, https://www.arte.unicen.edu.ar/entodas/wp-content/uploads/2023/08/FERIA-DEL-LIBRO-2023placa-travesia-1024x1024-1-768x768.jpg 768w, https://www.arte.unicen.edu.ar/entodas/wp-content/uploads/2023/08/FERIA-DEL-LIBRO-2023placa-travesia-1024x1024-1.jpg 1024w" sizes="(max-width: 300px) 100vw, 300px" /></p>

<p>Travesía. Hacia una rítmica en la actuación emerge de una matriz de investigación académica enmarcada en el Proyecto de Investigación La experiencia rítmica en el arte del actor/actriz. Aproximaciones teórico-metodológicas a la problemática del ritmo desde la investigación a través de la práctica artística Presentación a cargo de Belen Errendasoro ( comp) y con la participación de Josefina Villamañe.</p>
