{"id":7825,"date":"2023-06-15T08:35:33","date_gmt":"2023-06-15T11:35:33","guid":{"rendered":"https:\/\/www.arte.unicen.edu.ar\/entodas\/?post_type=tribe_events&#038;p=7825"},"modified":"2023-06-15T08:48:44","modified_gmt":"2023-06-15T11:48:44","slug":"reapertura-teatro-la-fabrica","status":"publish","type":"tribe_events","link":"https:\/\/www.arte.unicen.edu.ar\/entodas\/?tribe_events=reapertura-teatro-la-fabrica","title":{"rendered":"Reapertura Teatro La F\u00e1brica"},"content":{"rendered":"\t\t<div data-elementor-type=\"wp-post\" data-elementor-id=\"7825\" class=\"elementor elementor-7825\">\n\t\t\t\t\t\t\t\t\t<section class=\"elementor-section elementor-top-section elementor-element elementor-element-5c37d6c elementor-section-boxed elementor-section-height-default elementor-section-height-default\" data-id=\"5c37d6c\" data-element_type=\"section\">\n\t\t\t\t\t\t<div class=\"elementor-container elementor-column-gap-default\">\n\t\t\t\t\t<div class=\"elementor-column elementor-col-50 elementor-top-column elementor-element elementor-element-2776d89\" data-id=\"2776d89\" data-element_type=\"column\">\n\t\t\t<div class=\"elementor-widget-wrap elementor-element-populated\">\n\t\t\t\t\t\t\t\t<div class=\"elementor-element elementor-element-76a63ea elementor-widget elementor-widget-image\" data-id=\"76a63ea\" data-element_type=\"widget\" data-widget_type=\"image.default\">\n\t\t\t\t<div class=\"elementor-widget-container\">\n\t\t\t<style>\/*! elementor - v3.12.2 - 23-04-2023 *\/\n.elementor-widget-image{text-align:center}.elementor-widget-image a{display:inline-block}.elementor-widget-image a img[src$=\".svg\"]{width:48px}.elementor-widget-image img{vertical-align:middle;display:inline-block}<\/style>\t\t\t\t\t\t\t\t\t\t\t\t<img loading=\"lazy\" decoding=\"async\" width=\"712\" height=\"707\" src=\"https:\/\/www.arte.unicen.edu.ar\/entodas\/wp-content\/uploads\/2023\/06\/lafabrica_reapertura.jpeg\" class=\"attachment-large size-large wp-image-7827\" alt=\"\" srcset=\"https:\/\/www.arte.unicen.edu.ar\/entodas\/wp-content\/uploads\/2023\/06\/lafabrica_reapertura.jpeg 712w, https:\/\/www.arte.unicen.edu.ar\/entodas\/wp-content\/uploads\/2023\/06\/lafabrica_reapertura-300x298.jpeg 300w\" sizes=\"(max-width: 712px) 100vw, 712px\" \/>\t\t\t\t\t\t\t\t\t\t\t\t\t\t\t<\/div>\n\t\t\t\t<\/div>\n\t\t\t\t\t<\/div>\n\t\t<\/div>\n\t\t\t\t<div class=\"elementor-column elementor-col-50 elementor-top-column elementor-element elementor-element-a0d0896\" data-id=\"a0d0896\" data-element_type=\"column\">\n\t\t\t<div class=\"elementor-widget-wrap elementor-element-populated\">\n\t\t\t\t\t\t\t\t<div class=\"elementor-element elementor-element-6d869fd elementor-widget elementor-widget-text-editor\" data-id=\"6d869fd\" data-element_type=\"widget\" data-widget_type=\"text-editor.default\">\n\t\t\t\t<div class=\"elementor-widget-container\">\n\t\t\t<style>\/*! elementor - v3.12.2 - 23-04-2023 *\/\n.elementor-widget-text-editor.elementor-drop-cap-view-stacked .elementor-drop-cap{background-color:#69727d;color:#fff}.elementor-widget-text-editor.elementor-drop-cap-view-framed .elementor-drop-cap{color:#69727d;border:3px solid;background-color:transparent}.elementor-widget-text-editor:not(.elementor-drop-cap-view-default) .elementor-drop-cap{margin-top:8px}.elementor-widget-text-editor:not(.elementor-drop-cap-view-default) .elementor-drop-cap-letter{width:1em;height:1em}.elementor-widget-text-editor .elementor-drop-cap{float:left;text-align:center;line-height:1;font-size:50px}.elementor-widget-text-editor .elementor-drop-cap-letter{display:inline-block}<\/style>\t\t\t\t<p dir=\"auto\">El\u00a0<strong>viernes 16 de junio, 18hs.,<\/strong>\u00a0se llevar\u00e1 a cabo el\u00a0<strong>acto institucional de reapertura del Teatro La F\u00e1brica<\/strong>, en el marco \u00a0de\u00a0los\u00a0<em>35 a\u00f1os de la Facultad de Arte UNICEN y 25 a\u00f1os de la Asociaci\u00f3n Civil de la sala La F\u00e1brica.\u00a0<\/em><\/p>\nComo parte del programa est\u00e1 previsto el momento oficial de reapertura, con la presencia de autoridades, la visita y recorrido por las nuevas instalaciones, una instancia de recuperaci\u00f3n de la historia de la sala y entrega de reconocimientos a personas destacadas en el desarrollo del espacio. Tambi\u00e9n se presentar\u00e1n diversos espect\u00e1culos. Evento con entrada libre y gratuita.\n<ul>\n \t<li>Se invita a toda la comunidad a ser parte de este tan esperado momento para la Facultad de Arte, y a celebrar la vuelta de una sala que representa para nuestra instituci\u00f3n un espacio de encuentro,\u00a0 formaci\u00f3n y creaci\u00f3n y que cuenta con las condiciones t\u00e9cnicas necesarias para la exhibici\u00f3n de diversas producciones esc\u00e9nicas abiertas a toda la comunidad.<\/li>\n \t<a href=\"https:\/\/www.lavozdetandil.com.ar\/2023\/06\/14\/-trabajamos-en-comunidad-dentro-del-espacio-teatral-de-tandil-\" target=\"_blank\" rel=\"noopener\">Compartimos nota de prensa<\/a>\n<\/ul>\t\t\t\t\t\t<\/div>\n\t\t\t\t<\/div>\n\t\t\t\t\t<\/div>\n\t\t<\/div>\n\t\t\t\t\t\t\t<\/div>\n\t\t<\/section>\n\t\t\t\t<section class=\"elementor-section elementor-top-section elementor-element elementor-element-5f8ca7f elementor-section-boxed elementor-section-height-default elementor-section-height-default\" data-id=\"5f8ca7f\" data-element_type=\"section\">\n\t\t\t\t\t\t<div class=\"elementor-container elementor-column-gap-default\">\n\t\t\t\t\t<div class=\"elementor-column elementor-col-33 elementor-top-column elementor-element elementor-element-8e302cf\" data-id=\"8e302cf\" data-element_type=\"column\">\n\t\t\t<div class=\"elementor-widget-wrap\">\n\t\t\t\t\t\t\t\t\t<\/div>\n\t\t<\/div>\n\t\t\t\t<div class=\"elementor-column elementor-col-33 elementor-top-column elementor-element elementor-element-234efcc\" data-id=\"234efcc\" data-element_type=\"column\">\n\t\t\t<div class=\"elementor-widget-wrap elementor-element-populated\">\n\t\t\t\t\t\t\t\t<div class=\"elementor-element elementor-element-0da72a6 elementor-arrows-position-inside elementor-pagination-position-outside elementor-widget elementor-widget-image-carousel\" data-id=\"0da72a6\" data-element_type=\"widget\" data-settings=\"{&quot;slides_to_show&quot;:&quot;2&quot;,&quot;navigation&quot;:&quot;both&quot;,&quot;autoplay&quot;:&quot;yes&quot;,&quot;pause_on_hover&quot;:&quot;yes&quot;,&quot;pause_on_interaction&quot;:&quot;yes&quot;,&quot;autoplay_speed&quot;:5000,&quot;infinite&quot;:&quot;yes&quot;,&quot;speed&quot;:500}\" data-widget_type=\"image-carousel.default\">\n\t\t\t\t<div class=\"elementor-widget-container\">\n\t\t\t<style>\/*! elementor - v3.12.2 - 23-04-2023 *\/\n.elementor-widget-image-carousel .swiper,.elementor-widget-image-carousel .swiper-container{position:static}.elementor-widget-image-carousel .swiper-container .swiper-slide figure,.elementor-widget-image-carousel .swiper .swiper-slide figure{line-height:inherit}.elementor-widget-image-carousel .swiper-slide{text-align:center}.elementor-image-carousel-wrapper:not(.swiper-container-initialized) .swiper-slide,.elementor-image-carousel-wrapper:not(.swiper-initialized) .swiper-slide{max-width:calc(100% \/ var(--e-image-carousel-slides-to-show, 3))}<\/style>\t\t<div class=\"elementor-image-carousel-wrapper swiper\" dir=\"ltr\">\n\t\t\t<div class=\"elementor-image-carousel swiper-wrapper\">\n\t\t\t\t\t\t\t\t<div class=\"swiper-slide\"><figure class=\"swiper-slide-inner\"><img decoding=\"async\" class=\"swiper-slide-image\" src=\"https:\/\/www.arte.unicen.edu.ar\/entodas\/wp-content\/uploads\/2023\/06\/PROGRAMACION-01-800x800.jpg\" alt=\"PROGRAMACION-01\" \/><\/figure><\/div><div class=\"swiper-slide\"><figure class=\"swiper-slide-inner\"><img decoding=\"async\" class=\"swiper-slide-image\" src=\"https:\/\/www.arte.unicen.edu.ar\/entodas\/wp-content\/uploads\/2023\/06\/PROGRAMACION-02-800x800.jpg\" alt=\"PROGRAMACION-02\" \/><\/figure><\/div><div class=\"swiper-slide\"><figure class=\"swiper-slide-inner\"><img decoding=\"async\" class=\"swiper-slide-image\" src=\"https:\/\/www.arte.unicen.edu.ar\/entodas\/wp-content\/uploads\/2023\/06\/PROGRAMACION-03-800x800.jpg\" alt=\"PROGRAMACION-03\" \/><\/figure><\/div><div class=\"swiper-slide\"><figure class=\"swiper-slide-inner\"><img decoding=\"async\" class=\"swiper-slide-image\" src=\"https:\/\/www.arte.unicen.edu.ar\/entodas\/wp-content\/uploads\/2023\/06\/PROGRAMACION-04-800x800.jpg\" alt=\"PROGRAMACION-04\" \/><\/figure><\/div><div class=\"swiper-slide\"><figure class=\"swiper-slide-inner\"><img decoding=\"async\" class=\"swiper-slide-image\" src=\"https:\/\/www.arte.unicen.edu.ar\/entodas\/wp-content\/uploads\/2023\/06\/PROGRAMACION-05-800x800.jpg\" alt=\"PROGRAMACION-05\" \/><\/figure><\/div><div class=\"swiper-slide\"><figure class=\"swiper-slide-inner\"><img decoding=\"async\" class=\"swiper-slide-image\" src=\"https:\/\/www.arte.unicen.edu.ar\/entodas\/wp-content\/uploads\/2023\/06\/PROGRAMACION-06-800x800.jpg\" alt=\"PROGRAMACION-06\" \/><\/figure><\/div><div class=\"swiper-slide\"><figure class=\"swiper-slide-inner\"><img decoding=\"async\" class=\"swiper-slide-image\" src=\"https:\/\/www.arte.unicen.edu.ar\/entodas\/wp-content\/uploads\/2023\/06\/INAUGURACION-07-800x800.jpg\" alt=\"INAUGURACION-07\" \/><\/figure><\/div><div class=\"swiper-slide\"><figure class=\"swiper-slide-inner\"><img decoding=\"async\" class=\"swiper-slide-image\" src=\"https:\/\/www.arte.unicen.edu.ar\/entodas\/wp-content\/uploads\/2023\/06\/INVITACION_TLF_2023_CORREGIDA-06-800x800.jpg\" alt=\"INVITACION_TLF_2023_CORREGIDA-06\" \/><\/figure><\/div><div class=\"swiper-slide\"><figure class=\"swiper-slide-inner\"><img decoding=\"async\" class=\"swiper-slide-image\" src=\"https:\/\/www.arte.unicen.edu.ar\/entodas\/wp-content\/uploads\/2023\/06\/lafabrica_reapertura-1.jpeg\" alt=\"lafabrica_reapertura\" \/><\/figure><\/div>\t\t\t<\/div>\n\t\t\t\t\t\t\t\t\t\t\t\t<div class=\"swiper-pagination\"><\/div>\n\t\t\t\t\t\t\t\t\t\t\t\t\t<div class=\"elementor-swiper-button elementor-swiper-button-prev\">\n\t\t\t\t\t\t<i aria-hidden=\"true\" class=\"eicon-chevron-left\"><\/i>\t\t\t\t\t\t<span class=\"elementor-screen-only\">Previous<\/span>\n\t\t\t\t\t<\/div>\n\t\t\t\t\t<div class=\"elementor-swiper-button elementor-swiper-button-next\">\n\t\t\t\t\t\t<i aria-hidden=\"true\" class=\"eicon-chevron-right\"><\/i>\t\t\t\t\t\t<span class=\"elementor-screen-only\">Next<\/span>\n\t\t\t\t\t<\/div>\n\t\t\t\t\t\t\t\t\t<\/div>\n\t\t\t\t<\/div>\n\t\t\t\t<\/div>\n\t\t\t\t\t<\/div>\n\t\t<\/div>\n\t\t\t\t<div class=\"elementor-column elementor-col-33 elementor-top-column elementor-element elementor-element-fd50a9b\" data-id=\"fd50a9b\" data-element_type=\"column\">\n\t\t\t<div class=\"elementor-widget-wrap\">\n\t\t\t\t\t\t\t\t\t<\/div>\n\t\t<\/div>\n\t\t\t\t\t\t\t<\/div>\n\t\t<\/section>\n\t\t\t\t\t\t\t<\/div>\n\t\t","protected":false},"excerpt":{"rendered":"<p>El viernes 16 de junio, 18hs., se llevar\u00e1 a cabo el acto institucional de reapertura del Teatro La F\u00e1brica, en el marco  de los 35 a\u00f1os de la Facultad de Arte UNICEN y 25 a\u00f1os de la Asociaci\u00f3n Civil de la sala La F\u00e1brica. <\/p>\n<p> <a class=\"more-link\" href=\"https:\/\/www.arte.unicen.edu.ar\/entodas\/?tribe_events=reapertura-teatro-la-fabrica\">Read more<\/a><\/p>","protected":false},"author":1,"featured_media":7827,"comment_status":"closed","ping_status":"closed","template":"","meta":{"_tribe_events_status":"","_tribe_events_status_reason":""},"tags":[],"tribe_events_cat":[],"_links":{"self":[{"href":"https:\/\/www.arte.unicen.edu.ar\/entodas\/index.php?rest_route=\/wp\/v2\/tribe_events\/7825"}],"collection":[{"href":"https:\/\/www.arte.unicen.edu.ar\/entodas\/index.php?rest_route=\/wp\/v2\/tribe_events"}],"about":[{"href":"https:\/\/www.arte.unicen.edu.ar\/entodas\/index.php?rest_route=\/wp\/v2\/types\/tribe_events"}],"author":[{"embeddable":true,"href":"https:\/\/www.arte.unicen.edu.ar\/entodas\/index.php?rest_route=\/wp\/v2\/users\/1"}],"replies":[{"embeddable":true,"href":"https:\/\/www.arte.unicen.edu.ar\/entodas\/index.php?rest_route=%2Fwp%2Fv2%2Fcomments&post=7825"}],"version-history":[{"count":2,"href":"https:\/\/www.arte.unicen.edu.ar\/entodas\/index.php?rest_route=\/wp\/v2\/tribe_events\/7825\/revisions"}],"predecessor-version":[{"id":7861,"href":"https:\/\/www.arte.unicen.edu.ar\/entodas\/index.php?rest_route=\/wp\/v2\/tribe_events\/7825\/revisions\/7861"}],"wp:featuredmedia":[{"embeddable":true,"href":"https:\/\/www.arte.unicen.edu.ar\/entodas\/index.php?rest_route=\/wp\/v2\/media\/7827"}],"wp:attachment":[{"href":"https:\/\/www.arte.unicen.edu.ar\/entodas\/index.php?rest_route=%2Fwp%2Fv2%2Fmedia&parent=7825"}],"wp:term":[{"taxonomy":"post_tag","embeddable":true,"href":"https:\/\/www.arte.unicen.edu.ar\/entodas\/index.php?rest_route=%2Fwp%2Fv2%2Ftags&post=7825"},{"taxonomy":"tribe_events_cat","embeddable":true,"href":"https:\/\/www.arte.unicen.edu.ar\/entodas\/index.php?rest_route=%2Fwp%2Fv2%2Ftribe_events_cat&post=7825"}],"curies":[{"name":"wp","href":"https:\/\/api.w.org\/{rel}","templated":true}]}}

Reapertura Teatro La Fábrica

<div data-elementor-type="wp-post" data-elementor-id="7825" class="elementor elementor-7825">
									<section class="elementor-section elementor-top-section elementor-element elementor-element-5c37d6c elementor-section-boxed elementor-section-height-default elementor-section-height-default" data-id="5c37d6c" data-element_type="section">
						<div class="elementor-container elementor-column-gap-default">
					<div class="elementor-column elementor-col-50 elementor-top-column elementor-element elementor-element-2776d89" data-id="2776d89" data-element_type="column">
			<div class="elementor-widget-wrap elementor-element-populated">
								<div class="elementor-element elementor-element-76a63ea elementor-widget elementor-widget-image" data-id="76a63ea" data-element_type="widget" data-widget_type="image.default">
				<div class="elementor-widget-container">
			<style>/*! elementor - v3.12.2 - 23-04-2023 */
.elementor-widget-image{text-align:center}.elementor-widget-image a{display:inline-block}.elementor-widget-image a img[src$=".svg"]{width:48px}.elementor-widget-image img{vertical-align:middle;display:inline-block}</style>												<img loading="lazy" decoding="async" width="712" height="707" src="https://www.arte.unicen.edu.ar/entodas/wp-content/uploads/2023/06/lafabrica_reapertura.jpeg" class="attachment-large size-large wp-image-7827" alt="" srcset="https://www.arte.unicen.edu.ar/entodas/wp-content/uploads/2023/06/lafabrica_reapertura.jpeg 712w, https://www.arte.unicen.edu.ar/entodas/wp-content/uploads/2023/06/lafabrica_reapertura-300x298.jpeg 300w" sizes="(max-width: 712px) 100vw, 712px" />															</div>
				</div>
					</div>
		</div>
				<div class="elementor-column elementor-col-50 elementor-top-column elementor-element elementor-element-a0d0896" data-id="a0d0896" data-element_type="column">
			<div class="elementor-widget-wrap elementor-element-populated">
								<div class="elementor-element elementor-element-6d869fd elementor-widget elementor-widget-text-editor" data-id="6d869fd" data-element_type="widget" data-widget_type="text-editor.default">
				<div class="elementor-widget-container">
			<style>/*! elementor - v3.12.2 - 23-04-2023 */
.elementor-widget-text-editor.elementor-drop-cap-view-stacked .elementor-drop-cap{background-color:#69727d;color:#fff}.elementor-widget-text-editor.elementor-drop-cap-view-framed .elementor-drop-cap{color:#69727d;border:3px solid;background-color:transparent}.elementor-widget-text-editor:not(.elementor-drop-cap-view-default) .elementor-drop-cap{margin-top:8px}.elementor-widget-text-editor:not(.elementor-drop-cap-view-default) .elementor-drop-cap-letter{width:1em;height:1em}.elementor-widget-text-editor .elementor-drop-cap{float:left;text-align:center;line-height:1;font-size:50px}.elementor-widget-text-editor .elementor-drop-cap-letter{display:inline-block}</style>				<p dir="auto">El <strong>viernes 16 de junio, 18hs.,</strong> se llevará a cabo el <strong>acto institucional de reapertura del Teatro La Fábrica</strong>, en el marco  de los <em>35 años de la Facultad de Arte UNICEN y 25 años de la Asociación Civil de la sala La Fábrica. </em></p>
Como parte del programa está previsto el momento oficial de reapertura, con la presencia de autoridades, la visita y recorrido por las nuevas instalaciones, una instancia de recuperación de la historia de la sala y entrega de reconocimientos a personas destacadas en el desarrollo del espacio. También se presentarán diversos espectáculos. Evento con entrada libre y gratuita.
<ul>
 	<li>Se invita a toda la comunidad a ser parte de este tan esperado momento para la Facultad de Arte, y a celebrar la vuelta de una sala que representa para nuestra institución un espacio de encuentro,  formación y creación y que cuenta con las condiciones técnicas necesarias para la exhibición de diversas producciones escénicas abiertas a toda la comunidad.</li>
 	<a href="https://www.lavozdetandil.com.ar/2023/06/14/-trabajamos-en-comunidad-dentro-del-espacio-teatral-de-tandil-" target="_blank" rel="noopener">Compartimos nota de prensa</a>
</ul>						</div>
				</div>
					</div>
		</div>
							</div>
		</section>
				<section class="elementor-section elementor-top-section elementor-element elementor-element-5f8ca7f elementor-section-boxed elementor-section-height-default elementor-section-height-default" data-id="5f8ca7f" data-element_type="section">
						<div class="elementor-container elementor-column-gap-default">
					<div class="elementor-column elementor-col-33 elementor-top-column elementor-element elementor-element-8e302cf" data-id="8e302cf" data-element_type="column">
			<div class="elementor-widget-wrap">
									</div>
		</div>
				<div class="elementor-column elementor-col-33 elementor-top-column elementor-element elementor-element-234efcc" data-id="234efcc" data-element_type="column">
			<div class="elementor-widget-wrap elementor-element-populated">
								<div class="elementor-element elementor-element-0da72a6 elementor-arrows-position-inside elementor-pagination-position-outside elementor-widget elementor-widget-image-carousel" data-id="0da72a6" data-element_type="widget" data-settings="{&quot;slides_to_show&quot;:&quot;2&quot;,&quot;navigation&quot;:&quot;both&quot;,&quot;autoplay&quot;:&quot;yes&quot;,&quot;pause_on_hover&quot;:&quot;yes&quot;,&quot;pause_on_interaction&quot;:&quot;yes&quot;,&quot;autoplay_speed&quot;:5000,&quot;infinite&quot;:&quot;yes&quot;,&quot;speed&quot;:500}" data-widget_type="image-carousel.default">
				<div class="elementor-widget-container">
			<style>/*! elementor - v3.12.2 - 23-04-2023 */
.elementor-widget-image-carousel .swiper,.elementor-widget-image-carousel .swiper-container{position:static}.elementor-widget-image-carousel .swiper-container .swiper-slide figure,.elementor-widget-image-carousel .swiper .swiper-slide figure{line-height:inherit}.elementor-widget-image-carousel .swiper-slide{text-align:center}.elementor-image-carousel-wrapper:not(.swiper-container-initialized) .swiper-slide,.elementor-image-carousel-wrapper:not(.swiper-initialized) .swiper-slide{max-width:calc(100% / var(--e-image-carousel-slides-to-show, 3))}</style>		<div class="elementor-image-carousel-wrapper swiper" dir="ltr">
			<div class="elementor-image-carousel swiper-wrapper">
								<div class="swiper-slide"><figure class="swiper-slide-inner"><img decoding="async" class="swiper-slide-image" src="https://www.arte.unicen.edu.ar/entodas/wp-content/uploads/2023/06/PROGRAMACION-01-800x800.jpg" alt="PROGRAMACION-01" /></figure></div><div class="swiper-slide"><figure class="swiper-slide-inner"><img decoding="async" class="swiper-slide-image" src="https://www.arte.unicen.edu.ar/entodas/wp-content/uploads/2023/06/PROGRAMACION-02-800x800.jpg" alt="PROGRAMACION-02" /></figure></div><div class="swiper-slide"><figure class="swiper-slide-inner"><img decoding="async" class="swiper-slide-image" src="https://www.arte.unicen.edu.ar/entodas/wp-content/uploads/2023/06/PROGRAMACION-03-800x800.jpg" alt="PROGRAMACION-03" /></figure></div><div class="swiper-slide"><figure class="swiper-slide-inner"><img decoding="async" class="swiper-slide-image" src="https://www.arte.unicen.edu.ar/entodas/wp-content/uploads/2023/06/PROGRAMACION-04-800x800.jpg" alt="PROGRAMACION-04" /></figure></div><div class="swiper-slide"><figure class="swiper-slide-inner"><img decoding="async" class="swiper-slide-image" src="https://www.arte.unicen.edu.ar/entodas/wp-content/uploads/2023/06/PROGRAMACION-05-800x800.jpg" alt="PROGRAMACION-05" /></figure></div><div class="swiper-slide"><figure class="swiper-slide-inner"><img decoding="async" class="swiper-slide-image" src="https://www.arte.unicen.edu.ar/entodas/wp-content/uploads/2023/06/PROGRAMACION-06-800x800.jpg" alt="PROGRAMACION-06" /></figure></div><div class="swiper-slide"><figure class="swiper-slide-inner"><img decoding="async" class="swiper-slide-image" src="https://www.arte.unicen.edu.ar/entodas/wp-content/uploads/2023/06/INAUGURACION-07-800x800.jpg" alt="INAUGURACION-07" /></figure></div><div class="swiper-slide"><figure class="swiper-slide-inner"><img decoding="async" class="swiper-slide-image" src="https://www.arte.unicen.edu.ar/entodas/wp-content/uploads/2023/06/INVITACION_TLF_2023_CORREGIDA-06-800x800.jpg" alt="INVITACION_TLF_2023_CORREGIDA-06" /></figure></div><div class="swiper-slide"><figure class="swiper-slide-inner"><img decoding="async" class="swiper-slide-image" src="https://www.arte.unicen.edu.ar/entodas/wp-content/uploads/2023/06/lafabrica_reapertura-1.jpeg" alt="lafabrica_reapertura" /></figure></div>			</div>
												<div class="swiper-pagination"></div>
													<div class="elementor-swiper-button elementor-swiper-button-prev">
						<i aria-hidden="true" class="eicon-chevron-left"></i>						<span class="elementor-screen-only">Previous</span>
					</div>
					<div class="elementor-swiper-button elementor-swiper-button-next">
						<i aria-hidden="true" class="eicon-chevron-right"></i>						<span class="elementor-screen-only">Next</span>
					</div>
									</div>
				</div>
				</div>
					</div>
		</div>
				<div class="elementor-column elementor-col-33 elementor-top-column elementor-element elementor-element-fd50a9b" data-id="fd50a9b" data-element_type="column">
			<div class="elementor-widget-wrap">
									</div>
		</div>
							</div>
		</section>
							</div>

<p>El viernes 16 de junio, 18hs., se llevará a cabo el acto institucional de reapertura del Teatro La Fábrica, en el marco  de los 35 años de la Facultad de Arte UNICEN y 25 años de la Asociación Civil de la sala La Fábrica. </p>
<p> <a class="more-link" href="https://www.arte.unicen.edu.ar/entodas/?tribe_events=reapertura-teatro-la-fabrica">Read more</a></p>
