{"id":7612,"date":"2022-12-14T10:03:10","date_gmt":"2022-12-14T13:03:10","guid":{"rendered":"http:\/\/www.arte.unicen.edu.ar\/semanarte\/?post_type=tribe_events&#038;p=7612"},"modified":"2022-12-14T10:03:10","modified_gmt":"2022-12-14T13:03:10","slug":"el-coso-espacio-incaa-unicen-2","status":"publish","type":"tribe_events","link":"https:\/\/www.arte.unicen.edu.ar\/entodas\/?tribe_events=el-coso-espacio-incaa-unicen-2","title":{"rendered":"El Coso (Espacio Incaa Unicen)"},"content":{"rendered":"<p><img loading=\"lazy\" decoding=\"async\" class=\"alignnone wp-image-7608\" src=\"http:\/\/www.arte.unicen.edu.ar\/semanarte\/wp-content\/uploads\/2022\/12\/el-coso-297x300.jpg\" alt=\"\" width=\"450\" height=\"454\" \/><\/p>\n<div dir=\"auto\"><strong>El Coso<\/strong><\/div>\n<div dir=\"auto\"><\/div>\n<div dir=\"auto\">Dir. N\u00e9stor Frenkel<\/div>\n<div dir=\"auto\">ATP \u2013 Documental &#8211; 73min.<\/div>\n<div dir=\"auto\">S\u00e1bado 17 dic 20hs<\/div>\n<div dir=\"auto\">Lunes 19 dic 18hs<\/div>\n<div dir=\"auto\">Entrada Gral $200 &#8211; Jub y Est. $100<\/div>\n<div dir=\"auto\"><\/div>\n<div dir=\"auto\" style=\"text-align: justify\">El coso transita relatos de la vida del artista Federico Manuel Peralta Ramos, con forma de documental cl\u00e1sico: obras, testimonios, documentos, im\u00e1genes y videos de archivo vuelven a pegar los pedazos fr\u00e1giles de la esfera Peralta Ramos, quien comparte excentricidad genuina con otros retratados de Frenkel como Ren\u00e9 Lavand o la banda Reynols.<\/div>\n<div dir=\"auto\"><\/div>\n<div dir=\"auto\" style=\"text-align: justify\">\u201cCosm\u00f3logo metaf\u00edsico\u201d, \u201cpsicodiferente\u201d, \u201cacuariano rubio y de ojos celestes\u201d, \u201cni\u00f1o mal de familia bien\u201d o \u201cenerg\u00fameno que pintaba\u201d son algunas de las definiciones que rodean el retrato, encarnaci\u00f3n imposible que Peralta Ramos matiz\u00f3 con rotunda ligereza.<\/div>\n","protected":false},"excerpt":{"rendered":"<p>El Coso Dir. N\u00e9stor Frenkel ATP \u2013 Documental &#8211; 73min. S\u00e1bado 17 dic 20hs Lunes 19 dic 18hs Entrada Gral $200 &#8211; Jub y Est. $100 El coso transita relatos de la vida del artista Federico Manuel Peralta Ramos, con forma de documental cl\u00e1sico: obras, testimonios, documentos, im\u00e1genes y videos de archivo vuelven a pegar los pedazos fr\u00e1giles de la esfera Peralta Ramos, quien comparte excentricidad genuina con otros retratados de Frenkel como Ren\u00e9 Lavand o la banda Reynols. \u201cCosm\u00f3logo metaf\u00edsico\u201d, \u201cpsicodiferente\u201d, \u201cacuariano rubio y de ojos celestes\u201d, \u201cni\u00f1o mal de familia bien\u201d o \u201cenerg\u00fameno que pintaba\u201d son algunas de las definiciones que rodean el retrato, encarnaci\u00f3n imposible que Peralta Ramos matiz\u00f3 con rotunda ligereza.<\/p>\n","protected":false},"author":4,"featured_media":0,"comment_status":"closed","ping_status":"closed","template":"","meta":{"_tribe_events_status":"","_tribe_events_status_reason":""},"tags":[],"tribe_events_cat":[],"_links":{"self":[{"href":"https:\/\/www.arte.unicen.edu.ar\/entodas\/index.php?rest_route=\/wp\/v2\/tribe_events\/7612"}],"collection":[{"href":"https:\/\/www.arte.unicen.edu.ar\/entodas\/index.php?rest_route=\/wp\/v2\/tribe_events"}],"about":[{"href":"https:\/\/www.arte.unicen.edu.ar\/entodas\/index.php?rest_route=\/wp\/v2\/types\/tribe_events"}],"author":[{"embeddable":true,"href":"https:\/\/www.arte.unicen.edu.ar\/entodas\/index.php?rest_route=\/wp\/v2\/users\/4"}],"replies":[{"embeddable":true,"href":"https:\/\/www.arte.unicen.edu.ar\/entodas\/index.php?rest_route=%2Fwp%2Fv2%2Fcomments&post=7612"}],"version-history":[{"count":2,"href":"https:\/\/www.arte.unicen.edu.ar\/entodas\/index.php?rest_route=\/wp\/v2\/tribe_events\/7612\/revisions"}],"predecessor-version":[{"id":7614,"href":"https:\/\/www.arte.unicen.edu.ar\/entodas\/index.php?rest_route=\/wp\/v2\/tribe_events\/7612\/revisions\/7614"}],"wp:attachment":[{"href":"https:\/\/www.arte.unicen.edu.ar\/entodas\/index.php?rest_route=%2Fwp%2Fv2%2Fmedia&parent=7612"}],"wp:term":[{"taxonomy":"post_tag","embeddable":true,"href":"https:\/\/www.arte.unicen.edu.ar\/entodas\/index.php?rest_route=%2Fwp%2Fv2%2Ftags&post=7612"},{"taxonomy":"tribe_events_cat","embeddable":true,"href":"https:\/\/www.arte.unicen.edu.ar\/entodas\/index.php?rest_route=%2Fwp%2Fv2%2Ftribe_events_cat&post=7612"}],"curies":[{"name":"wp","href":"https:\/\/api.w.org\/{rel}","templated":true}]}}

<p><img loading="lazy" decoding="async" class="alignnone wp-image-7608" src="http://www.arte.unicen.edu.ar/semanarte/wp-content/uploads/2022/12/el-coso-297x300.jpg" alt="" width="450" height="454" /></p>
<div dir="auto"><strong>El Coso</strong></div>
<div dir="auto"></div>
<div dir="auto">Dir. Néstor Frenkel</div>
<div dir="auto">ATP – Documental &#8211; 73min.</div>
<div dir="auto">Sábado 17 dic 20hs</div>
<div dir="auto">Lunes 19 dic 18hs</div>
<div dir="auto">Entrada Gral $200 &#8211; Jub y Est. $100</div>
<div dir="auto"></div>
<div dir="auto" style="text-align: justify">El coso transita relatos de la vida del artista Federico Manuel Peralta Ramos, con forma de documental clásico: obras, testimonios, documentos, imágenes y videos de archivo vuelven a pegar los pedazos frágiles de la esfera Peralta Ramos, quien comparte excentricidad genuina con otros retratados de Frenkel como René Lavand o la banda Reynols.</div>
<div dir="auto"></div>
<div dir="auto" style="text-align: justify">“Cosmólogo metafísico”, “psicodiferente”, “acuariano rubio y de ojos celestes”, “niño mal de familia bien” o “energúmeno que pintaba” son algunas de las definiciones que rodean el retrato, encarnación imposible que Peralta Ramos matizó con rotunda ligereza.</div>

<p>El Coso Dir. Néstor Frenkel ATP – Documental &#8211; 73min. Sábado 17 dic 20hs Lunes 19 dic 18hs Entrada Gral $200 &#8211; Jub y Est. $100 El coso transita relatos de la vida del artista Federico Manuel Peralta Ramos, con forma de documental clásico: obras, testimonios, documentos, imágenes y videos de archivo vuelven a pegar los pedazos frágiles de la esfera Peralta Ramos, quien comparte excentricidad genuina con otros retratados de Frenkel como René Lavand o la banda Reynols. “Cosmólogo metafísico”, “psicodiferente”, “acuariano rubio y de ojos celestes”, “niño mal de familia bien” o “energúmeno que pintaba” son algunas de las definiciones que rodean el retrato, encarnación imposible que Peralta Ramos matizó con rotunda ligereza.</p>
