{"id":7582,"date":"2022-12-07T09:18:25","date_gmt":"2022-12-07T12:18:25","guid":{"rendered":"http:\/\/www.arte.unicen.edu.ar\/semanarte\/?post_type=tribe_events&#038;p=7582"},"modified":"2022-12-07T09:18:40","modified_gmt":"2022-12-07T12:18:40","slug":"el-suplente-espacio-incaa-unicen-2","status":"publish","type":"tribe_events","link":"https:\/\/www.arte.unicen.edu.ar\/entodas\/?tribe_events=el-suplente-espacio-incaa-unicen-2","title":{"rendered":"El Suplente (Espacio Incaa Unicen)"},"content":{"rendered":"<p><img loading=\"lazy\" decoding=\"async\" class=\"alignnone wp-image-7583\" src=\"http:\/\/www.arte.unicen.edu.ar\/semanarte\/wp-content\/uploads\/2022\/12\/el-suplente-1-297x300.jpg\" alt=\"\" width=\"450\" height=\"454\" \/><\/p>\n<div class=\"tribe-events-single-event-description tribe-events-content\">\n<div dir=\"auto\"><strong>El Suplente<\/strong><\/div>\n<div dir=\"auto\"><\/div>\n<div dir=\"auto\">Dir. Diego Lerman<\/div>\n<div dir=\"auto\">SAM13 \u2013 Drama \u2013 111min.<\/div>\n<div dir=\"auto\">Con: Juan Minuj\u00edn, Alfredo Castro, Rita Cortese, B\u00e1rbara Lennie<\/div>\n<div dir=\"auto\">S\u00e1bado 10 dic 20:30hs<\/div>\n<div dir=\"auto\">Domingo 11 dic 20:30hs<\/div>\n<div dir=\"auto\">Entrada Gral $200 \u2013 Jub y Est. $100<\/div>\n<div dir=\"auto\"><\/div>\n<div dir=\"auto\" style=\"text-align: justify\">Lucio, un profesor de Letras de la Universidad de Buenos Aires, comienza a ensen\u0303ar literatura en una escuela secundaria ubicada en una zona perife\u0301rica de la ciudad y ra\u0301pidamente se ve envuelto en los conflictos de los estudiantes. El suplente debera\u0301 apelar a todo su ingenio para sacar adelante sus clases y al mismo tiempo debera\u0301 cruzar sus propios li\u0301mites y prejuicios para intentar salvar a Dilan, su alumno favorito, quien es perseguido por un grupo narco del barrio en busca de venganza.<\/div>\n<\/div>\n<div class=\"tribe-events-cal-links\"><\/div>\n<p>&nbsp;<\/p>\n","protected":false},"excerpt":{"rendered":"<p>El Suplente Dir. Diego Lerman SAM13 \u2013 Drama \u2013 111min. Con: Juan Minuj\u00edn, Alfredo Castro, Rita Cortese, B\u00e1rbara Lennie S\u00e1bado 10 dic 20:30hs Domingo 11 dic 20:30hs Entrada Gral $200 \u2013 Jub y Est. $100 Lucio, un profesor de Letras de la Universidad de Buenos Aires, comienza a ensen\u0303ar literatura en una escuela secundaria ubicada en una zona perife\u0301rica de la ciudad y ra\u0301pidamente se ve envuelto en los conflictos de los estudiantes. El suplente debera\u0301 apelar a todo su ingenio para sacar adelante sus clases y al mismo tiempo debera\u0301 cruzar sus propios li\u0301mites y prejuicios para intentar salvar a Dilan, su alumno favorito, quien es perseguido por un grupo narco del barrio en busca de venganza. &nbsp;<\/p>\n","protected":false},"author":4,"featured_media":0,"comment_status":"closed","ping_status":"closed","template":"","meta":{"_tribe_events_status":"","_tribe_events_status_reason":""},"tags":[],"tribe_events_cat":[],"_links":{"self":[{"href":"https:\/\/www.arte.unicen.edu.ar\/entodas\/index.php?rest_route=\/wp\/v2\/tribe_events\/7582"}],"collection":[{"href":"https:\/\/www.arte.unicen.edu.ar\/entodas\/index.php?rest_route=\/wp\/v2\/tribe_events"}],"about":[{"href":"https:\/\/www.arte.unicen.edu.ar\/entodas\/index.php?rest_route=\/wp\/v2\/types\/tribe_events"}],"author":[{"embeddable":true,"href":"https:\/\/www.arte.unicen.edu.ar\/entodas\/index.php?rest_route=\/wp\/v2\/users\/4"}],"replies":[{"embeddable":true,"href":"https:\/\/www.arte.unicen.edu.ar\/entodas\/index.php?rest_route=%2Fwp%2Fv2%2Fcomments&post=7582"}],"version-history":[{"count":2,"href":"https:\/\/www.arte.unicen.edu.ar\/entodas\/index.php?rest_route=\/wp\/v2\/tribe_events\/7582\/revisions"}],"predecessor-version":[{"id":7585,"href":"https:\/\/www.arte.unicen.edu.ar\/entodas\/index.php?rest_route=\/wp\/v2\/tribe_events\/7582\/revisions\/7585"}],"wp:attachment":[{"href":"https:\/\/www.arte.unicen.edu.ar\/entodas\/index.php?rest_route=%2Fwp%2Fv2%2Fmedia&parent=7582"}],"wp:term":[{"taxonomy":"post_tag","embeddable":true,"href":"https:\/\/www.arte.unicen.edu.ar\/entodas\/index.php?rest_route=%2Fwp%2Fv2%2Ftags&post=7582"},{"taxonomy":"tribe_events_cat","embeddable":true,"href":"https:\/\/www.arte.unicen.edu.ar\/entodas\/index.php?rest_route=%2Fwp%2Fv2%2Ftribe_events_cat&post=7582"}],"curies":[{"name":"wp","href":"https:\/\/api.w.org\/{rel}","templated":true}]}}

<p><img loading="lazy" decoding="async" class="alignnone wp-image-7583" src="http://www.arte.unicen.edu.ar/semanarte/wp-content/uploads/2022/12/el-suplente-1-297x300.jpg" alt="" width="450" height="454" /></p>
<div class="tribe-events-single-event-description tribe-events-content">
<div dir="auto"><strong>El Suplente</strong></div>
<div dir="auto"></div>
<div dir="auto">Dir. Diego Lerman</div>
<div dir="auto">SAM13 – Drama – 111min.</div>
<div dir="auto">Con: Juan Minujín, Alfredo Castro, Rita Cortese, Bárbara Lennie</div>
<div dir="auto">Sábado 10 dic 20:30hs</div>
<div dir="auto">Domingo 11 dic 20:30hs</div>
<div dir="auto">Entrada Gral $200 – Jub y Est. $100</div>
<div dir="auto"></div>
<div dir="auto" style="text-align: justify">Lucio, un profesor de Letras de la Universidad de Buenos Aires, comienza a enseñar literatura en una escuela secundaria ubicada en una zona periférica de la ciudad y rápidamente se ve envuelto en los conflictos de los estudiantes. El suplente deberá apelar a todo su ingenio para sacar adelante sus clases y al mismo tiempo deberá cruzar sus propios límites y prejuicios para intentar salvar a Dilan, su alumno favorito, quien es perseguido por un grupo narco del barrio en busca de venganza.</div>
</div>
<div class="tribe-events-cal-links"></div>
<p>&nbsp;</p>

<p>El Suplente Dir. Diego Lerman SAM13 – Drama – 111min. Con: Juan Minujín, Alfredo Castro, Rita Cortese, Bárbara Lennie Sábado 10 dic 20:30hs Domingo 11 dic 20:30hs Entrada Gral $200 – Jub y Est. $100 Lucio, un profesor de Letras de la Universidad de Buenos Aires, comienza a enseñar literatura en una escuela secundaria ubicada en una zona periférica de la ciudad y rápidamente se ve envuelto en los conflictos de los estudiantes. El suplente deberá apelar a todo su ingenio para sacar adelante sus clases y al mismo tiempo deberá cruzar sus propios límites y prejuicios para intentar salvar a Dilan, su alumno favorito, quien es perseguido por un grupo narco del barrio en busca de venganza. &nbsp;</p>
