{"id":7570,"date":"2022-12-02T10:36:58","date_gmt":"2022-12-02T13:36:58","guid":{"rendered":"http:\/\/www.arte.unicen.edu.ar\/semanarte\/?post_type=tribe_events&#038;p=7570"},"modified":"2022-12-02T10:43:38","modified_gmt":"2022-12-02T13:43:38","slug":"raices-musica","status":"publish","type":"tribe_events","link":"https:\/\/www.arte.unicen.edu.ar\/entodas\/?tribe_events=raices-musica","title":{"rendered":"RA\u00cdCES (M\u00daSICA)"},"content":{"rendered":"<ol>\n<li><\/li>\n<\/ol>\n<p><img loading=\"lazy\" decoding=\"async\" class=\"alignnone wp-image-7571\" src=\"http:\/\/www.arte.unicen.edu.ar\/semanarte\/wp-content\/uploads\/2022\/12\/WhatsApp-Image-2022-12-02-at-9.38.02-AM-294x300.jpeg\" alt=\"\" width=\"450\" height=\"459\" \/><\/p>\n<p>Ra\u00edces ????!<br \/>\nUn espect\u00e1culo que combina la m\u00fasica afro, afro latina y nuestra esencia principal que es el Samba Reggae ????????.<br \/>\nEs una apuesta muy fuerte que hacemos adaptando nuestro estilo a un teatro, trabajando con danza y percu muy variada.<br \/>\nEl 10\/12 en el Teatro del Fuerte, ya est\u00e1 la venta de entradas anticipadas:<br \/>\n1 x $1000<br \/>\n2 x $1500<br \/>\n3 x $2000<\/p>\n","protected":false},"excerpt":{"rendered":"<p>Ra\u00edces ????! Un espect\u00e1culo que combina la m\u00fasica afro, afro latina y nuestra esencia principal que es el Samba Reggae ????????. Es una apuesta muy fuerte que hacemos adaptando nuestro estilo a un teatro, trabajando con danza y percu muy variada. El 10\/12 en el Teatro del Fuerte, ya est\u00e1 la venta de entradas anticipadas: 1 x $1000 2 x $1500 3 x $2000<\/p>\n","protected":false},"author":4,"featured_media":0,"comment_status":"closed","ping_status":"closed","template":"","meta":{"_tribe_events_status":"","_tribe_events_status_reason":""},"tags":[],"tribe_events_cat":[],"_links":{"self":[{"href":"https:\/\/www.arte.unicen.edu.ar\/entodas\/index.php?rest_route=\/wp\/v2\/tribe_events\/7570"}],"collection":[{"href":"https:\/\/www.arte.unicen.edu.ar\/entodas\/index.php?rest_route=\/wp\/v2\/tribe_events"}],"about":[{"href":"https:\/\/www.arte.unicen.edu.ar\/entodas\/index.php?rest_route=\/wp\/v2\/types\/tribe_events"}],"author":[{"embeddable":true,"href":"https:\/\/www.arte.unicen.edu.ar\/entodas\/index.php?rest_route=\/wp\/v2\/users\/4"}],"replies":[{"embeddable":true,"href":"https:\/\/www.arte.unicen.edu.ar\/entodas\/index.php?rest_route=%2Fwp%2Fv2%2Fcomments&post=7570"}],"version-history":[{"count":2,"href":"https:\/\/www.arte.unicen.edu.ar\/entodas\/index.php?rest_route=\/wp\/v2\/tribe_events\/7570\/revisions"}],"predecessor-version":[{"id":7573,"href":"https:\/\/www.arte.unicen.edu.ar\/entodas\/index.php?rest_route=\/wp\/v2\/tribe_events\/7570\/revisions\/7573"}],"wp:attachment":[{"href":"https:\/\/www.arte.unicen.edu.ar\/entodas\/index.php?rest_route=%2Fwp%2Fv2%2Fmedia&parent=7570"}],"wp:term":[{"taxonomy":"post_tag","embeddable":true,"href":"https:\/\/www.arte.unicen.edu.ar\/entodas\/index.php?rest_route=%2Fwp%2Fv2%2Ftags&post=7570"},{"taxonomy":"tribe_events_cat","embeddable":true,"href":"https:\/\/www.arte.unicen.edu.ar\/entodas\/index.php?rest_route=%2Fwp%2Fv2%2Ftribe_events_cat&post=7570"}],"curies":[{"name":"wp","href":"https:\/\/api.w.org\/{rel}","templated":true}]}}

RAÍCES (MÚSICA)

<ol>
<li></li>
</ol>
<p><img loading="lazy" decoding="async" class="alignnone wp-image-7571" src="http://www.arte.unicen.edu.ar/semanarte/wp-content/uploads/2022/12/WhatsApp-Image-2022-12-02-at-9.38.02-AM-294x300.jpeg" alt="" width="450" height="459" /></p>
<p>Raíces ????!<br />
Un espectáculo que combina la música afro, afro latina y nuestra esencia principal que es el Samba Reggae ????????.<br />
Es una apuesta muy fuerte que hacemos adaptando nuestro estilo a un teatro, trabajando con danza y percu muy variada.<br />
El 10/12 en el Teatro del Fuerte, ya está la venta de entradas anticipadas:<br />
1 x $1000<br />
2 x $1500<br />
3 x $2000</p>

<p>Raíces ????! Un espectáculo que combina la música afro, afro latina y nuestra esencia principal que es el Samba Reggae ????????. Es una apuesta muy fuerte que hacemos adaptando nuestro estilo a un teatro, trabajando con danza y percu muy variada. El 10/12 en el Teatro del Fuerte, ya está la venta de entradas anticipadas: 1 x $1000 2 x $1500 3 x $2000</p>
