{"id":7523,"date":"2022-11-30T10:36:21","date_gmt":"2022-11-30T13:36:21","guid":{"rendered":"http:\/\/www.arte.unicen.edu.ar\/semanarte\/?post_type=tribe_events&#038;p=7523"},"modified":"2022-11-30T10:36:21","modified_gmt":"2022-11-30T13:36:21","slug":"archivos-vih-sida-historias-y-voces-de-una-pandemia-espacio-incaa-unicen","status":"publish","type":"tribe_events","link":"https:\/\/www.arte.unicen.edu.ar\/entodas\/?tribe_events=archivos-vih-sida-historias-y-voces-de-una-pandemia-espacio-incaa-unicen","title":{"rendered":"Archivos VIH\/SIDA, Historias y Voces de una Pandemia (Espacio Incaa Unicen)"},"content":{"rendered":"<p><img loading=\"lazy\" decoding=\"async\" class=\"alignnone wp-image-7524\" src=\"http:\/\/www.arte.unicen.edu.ar\/semanarte\/wp-content\/uploads\/2022\/11\/vih-1111-297x300.jpg\" alt=\"\" width=\"450\" height=\"454\" \/><\/p>\n<div dir=\"auto\" style=\"text-align: justify\"><strong>Archivos VIH\/SIDA, Historias y Voces de una Pandemia<\/strong><\/div>\n<div dir=\"auto\"><\/div>\n<div dir=\"auto\" style=\"text-align: justify\">Dir. Mat\u00edas Alejandro Romero<\/div>\n<div dir=\"auto\" style=\"text-align: justify\">Documental<\/div>\n<div dir=\"auto\" style=\"text-align: justify\">S\u00e1bado 3 dic 20hs<\/div>\n<div dir=\"auto\" style=\"text-align: justify\">Entrada gratuita<\/div>\n<div dir=\"auto\"><\/div>\n<div dir=\"auto\" style=\"text-align: justify\">Sinopsis: Ocho mujeres afectadas directa o indirectamente por el virus del VIH\/ sida intentan reconstruir a trav\u00e9s de fotograf\u00edas, material de archivo documental y relatos en primera persona, la historia de las personas que murieron a causa del sida. El relato de las y los sobrevivientes y de la primera generaci\u00f3n de ni\u00f1os y ni\u00f1as (hoy adultos\/as) que nacieron con VIH \/ sida en Argentina.<\/div>\n<div dir=\"auto\"><\/div>\n<div dir=\"auto\" style=\"text-align: justify\">Pel\u00edcula Documental producida en el a\u00f1o 2021 durante la Emergencia Sanitaria desatada a causa de la COVID-19, realizada con apoyo t\u00e9cnico y financiero del Programa Conjunto de las Naciones Unidas sobre el VIH\/sida ONUSIDA y del Fondo de Poblaci\u00f3n de las Naciones Unidas en la Argentina UNFPA.<\/div>\n<div dir=\"auto\"><\/div>\n<div dir=\"auto\" style=\"text-align: justify\">Una vez emitido el documental se realizar\u00e1 un panel conversatorio\/debate integrado por: Mat\u00edas Alejandro Romero, Asesor Legislativo Director\/Productor Audiovisual, testimonies de personas que participaron en el documental, testimonies de personas viviendo con VIH de Tandil, integrantes de la ong Convivencia en Diversidad Tandil e integrantes de la Direcci\u00f3n de Respuesta al VIH, ITS, Hepatitis y Tuberculosis del Ministerio de Salud de la Naci\u00f3n.<\/div>\n","protected":false},"excerpt":{"rendered":"<p>Archivos VIH\/SIDA, Historias y Voces de una Pandemia Dir. Mat\u00edas Alejandro Romero Documental S\u00e1bado 3 dic 20hs Entrada gratuita Sinopsis: Ocho mujeres afectadas directa o indirectamente por el virus del VIH\/ sida intentan reconstruir a trav\u00e9s de fotograf\u00edas, material de archivo documental y relatos en primera persona, la historia de las personas que murieron a causa del sida. El relato de las y los sobrevivientes y de la primera generaci\u00f3n de ni\u00f1os y ni\u00f1as (hoy adultos\/as) que nacieron con VIH \/ sida en Argentina. Pel\u00edcula Documental producida en el a\u00f1o 2021 durante la Emergencia Sanitaria desatada a causa de la COVID-19, realizada con apoyo t\u00e9cnico y financiero del Programa Conjunto de las Naciones Unidas sobre el VIH\/sida ONUSIDA y del Fondo de Poblaci\u00f3n de las Naciones Unidas en la Argentina UNFPA. Una vez emitido el documental se realizar\u00e1 un panel conversatorio\/debate integrado por: Mat\u00edas Alejandro Romero, Asesor Legislativo Director\/Productor Audiovisual,&hellip;<\/p>\n<p> <a class=\"more-link\" href=\"https:\/\/www.arte.unicen.edu.ar\/entodas\/?tribe_events=archivos-vih-sida-historias-y-voces-de-una-pandemia-espacio-incaa-unicen\">Read more<\/a><\/p>\n","protected":false},"author":4,"featured_media":0,"comment_status":"closed","ping_status":"closed","template":"","meta":{"_tribe_events_status":"","_tribe_events_status_reason":""},"tags":[],"tribe_events_cat":[],"_links":{"self":[{"href":"https:\/\/www.arte.unicen.edu.ar\/entodas\/index.php?rest_route=\/wp\/v2\/tribe_events\/7523"}],"collection":[{"href":"https:\/\/www.arte.unicen.edu.ar\/entodas\/index.php?rest_route=\/wp\/v2\/tribe_events"}],"about":[{"href":"https:\/\/www.arte.unicen.edu.ar\/entodas\/index.php?rest_route=\/wp\/v2\/types\/tribe_events"}],"author":[{"embeddable":true,"href":"https:\/\/www.arte.unicen.edu.ar\/entodas\/index.php?rest_route=\/wp\/v2\/users\/4"}],"replies":[{"embeddable":true,"href":"https:\/\/www.arte.unicen.edu.ar\/entodas\/index.php?rest_route=%2Fwp%2Fv2%2Fcomments&post=7523"}],"version-history":[{"count":2,"href":"https:\/\/www.arte.unicen.edu.ar\/entodas\/index.php?rest_route=\/wp\/v2\/tribe_events\/7523\/revisions"}],"predecessor-version":[{"id":7526,"href":"https:\/\/www.arte.unicen.edu.ar\/entodas\/index.php?rest_route=\/wp\/v2\/tribe_events\/7523\/revisions\/7526"}],"wp:attachment":[{"href":"https:\/\/www.arte.unicen.edu.ar\/entodas\/index.php?rest_route=%2Fwp%2Fv2%2Fmedia&parent=7523"}],"wp:term":[{"taxonomy":"post_tag","embeddable":true,"href":"https:\/\/www.arte.unicen.edu.ar\/entodas\/index.php?rest_route=%2Fwp%2Fv2%2Ftags&post=7523"},{"taxonomy":"tribe_events_cat","embeddable":true,"href":"https:\/\/www.arte.unicen.edu.ar\/entodas\/index.php?rest_route=%2Fwp%2Fv2%2Ftribe_events_cat&post=7523"}],"curies":[{"name":"wp","href":"https:\/\/api.w.org\/{rel}","templated":true}]}}

<p><img loading="lazy" decoding="async" class="alignnone wp-image-7524" src="http://www.arte.unicen.edu.ar/semanarte/wp-content/uploads/2022/11/vih-1111-297x300.jpg" alt="" width="450" height="454" /></p>
<div dir="auto" style="text-align: justify"><strong>Archivos VIH/SIDA, Historias y Voces de una Pandemia</strong></div>
<div dir="auto"></div>
<div dir="auto" style="text-align: justify">Dir. Matías Alejandro Romero</div>
<div dir="auto" style="text-align: justify">Documental</div>
<div dir="auto" style="text-align: justify">Sábado 3 dic 20hs</div>
<div dir="auto" style="text-align: justify">Entrada gratuita</div>
<div dir="auto"></div>
<div dir="auto" style="text-align: justify">Sinopsis: Ocho mujeres afectadas directa o indirectamente por el virus del VIH/ sida intentan reconstruir a través de fotografías, material de archivo documental y relatos en primera persona, la historia de las personas que murieron a causa del sida. El relato de las y los sobrevivientes y de la primera generación de niños y niñas (hoy adultos/as) que nacieron con VIH / sida en Argentina.</div>
<div dir="auto"></div>
<div dir="auto" style="text-align: justify">Película Documental producida en el año 2021 durante la Emergencia Sanitaria desatada a causa de la COVID-19, realizada con apoyo técnico y financiero del Programa Conjunto de las Naciones Unidas sobre el VIH/sida ONUSIDA y del Fondo de Población de las Naciones Unidas en la Argentina UNFPA.</div>
<div dir="auto"></div>
<div dir="auto" style="text-align: justify">Una vez emitido el documental se realizará un panel conversatorio/debate integrado por: Matías Alejandro Romero, Asesor Legislativo Director/Productor Audiovisual, testimonies de personas que participaron en el documental, testimonies de personas viviendo con VIH de Tandil, integrantes de la ong Convivencia en Diversidad Tandil e integrantes de la Dirección de Respuesta al VIH, ITS, Hepatitis y Tuberculosis del Ministerio de Salud de la Nación.</div>

<p>Archivos VIH/SIDA, Historias y Voces de una Pandemia Dir. Matías Alejandro Romero Documental Sábado 3 dic 20hs Entrada gratuita Sinopsis: Ocho mujeres afectadas directa o indirectamente por el virus del VIH/ sida intentan reconstruir a través de fotografías, material de archivo documental y relatos en primera persona, la historia de las personas que murieron a causa del sida. El relato de las y los sobrevivientes y de la primera generación de niños y niñas (hoy adultos/as) que nacieron con VIH / sida en Argentina. Película Documental producida en el año 2021 durante la Emergencia Sanitaria desatada a causa de la COVID-19, realizada con apoyo técnico y financiero del Programa Conjunto de las Naciones Unidas sobre el VIH/sida ONUSIDA y del Fondo de Población de las Naciones Unidas en la Argentina UNFPA. Una vez emitido el documental se realizará un panel conversatorio/debate integrado por: Matías Alejandro Romero, Asesor Legislativo Director/Productor Audiovisual,&hellip;</p>
<p> <a class="more-link" href="https://www.arte.unicen.edu.ar/entodas/?tribe_events=archivos-vih-sida-historias-y-voces-de-una-pandemia-espacio-incaa-unicen">Read more</a></p>
