{"id":7501,"date":"2022-11-24T08:52:41","date_gmt":"2022-11-24T11:52:41","guid":{"rendered":"http:\/\/www.arte.unicen.edu.ar\/semanarte\/?post_type=tribe_events&#038;p=7501"},"modified":"2022-11-24T08:53:47","modified_gmt":"2022-11-24T11:53:47","slug":"cria-escenas-criadas-en-catedra-festival-escenico","status":"publish","type":"tribe_events","link":"https:\/\/www.arte.unicen.edu.ar\/entodas\/?tribe_events=cria-escenas-criadas-en-catedra-festival-escenico","title":{"rendered":"CRIA Escenas Criadas en C\u00e1tedra. Festival Esc\u00e9nico"},"content":{"rendered":"<p><img loading=\"lazy\" decoding=\"async\" class=\"alignnone wp-image-7503\" src=\"http:\/\/www.arte.unicen.edu.ar\/semanarte\/wp-content\/uploads\/2022\/11\/316214778_582859523839154_352840449202462758_n-240x300.jpg\" alt=\"\" width=\"450\" height=\"563\" \/><\/p>\n<div class=\"x11i5rnm xat24cr x1mh8g0r x1vvkbs xdj266r x126k92a\">\n<div dir=\"auto\">Todxs invitadxs este viernes 25\/11!<\/div>\n<\/div>\n<div class=\"x11i5rnm xat24cr x1mh8g0r x1vvkbs xtlvy1s x126k92a\">\n<div dir=\"auto\"><span class=\"x3nfvp2 x1j61x8r x1fcty0u xdj266r xhhsvwb xat24cr xgzva0m xxymvpz xlup9mm x1kky2od\"><img loading=\"lazy\" decoding=\"async\" src=\"https:\/\/static.xx.fbcdn.net\/images\/emoji.php\/v9\/t50\/1\/16\/2757.png\" alt=\"\u2757\" width=\"16\" height=\"16\" \/><\/span> CRIA: Creaciones Realizadas e Interpretadas por Artistas &#8211; Ciclo 2022<\/div>\n<\/div>\n<div class=\"x11i5rnm xat24cr x1mh8g0r x1vvkbs xtlvy1s x126k92a\">\n<div dir=\"auto\"><span class=\"x3nfvp2 x1j61x8r x1fcty0u xdj266r xhhsvwb xat24cr xgzva0m xxymvpz xlup9mm x1kky2od\"><img loading=\"lazy\" decoding=\"async\" src=\"https:\/\/static.xx.fbcdn.net\/images\/emoji.php\/v9\/t34\/1\/16\/23f0.png\" alt=\"\u23f0\" width=\"16\" height=\"16\" \/><\/span> Desde las 18hs a 21hs: Exhibici\u00f3n de escenas.<\/div>\n<div dir=\"auto\"><span class=\"x3nfvp2 x1j61x8r x1fcty0u xdj266r xhhsvwb xat24cr xgzva0m xxymvpz xlup9mm x1kky2od\"><img loading=\"lazy\" decoding=\"async\" src=\"https:\/\/static.xx.fbcdn.net\/images\/emoji.php\/v9\/t34\/1\/16\/23f0.png\" alt=\"\u23f0\" width=\"16\" height=\"16\" \/><\/span> Despu\u00e9s de las 21hs: Encuentro y festejo por el cierre del ciclo.<\/div>\n<\/div>\n<div class=\"x11i5rnm xat24cr x1mh8g0r x1vvkbs xtlvy1s x126k92a\">\n<div dir=\"auto\"><span class=\"x3nfvp2 x1j61x8r x1fcty0u xdj266r xhhsvwb xat24cr xgzva0m xxymvpz xlup9mm x1kky2od\"><img loading=\"lazy\" decoding=\"async\" src=\"https:\/\/static.xx.fbcdn.net\/images\/emoji.php\/v9\/t51\/1\/16\/1f449.png\" alt=\"????\" width=\"16\" height=\"16\" \/><\/span> Objetivo: difundir las producciones esc\u00e9nicas realizadas al interior de las distintas c\u00e1tedras de la carrera de Teatro de la Facultad de Arte durante el presente ciclo lectivo.<\/div>\n<\/div>\n<div class=\"x11i5rnm xat24cr x1mh8g0r x1vvkbs xtlvy1s x126k92a\">\n<div dir=\"auto\"><span class=\"x3nfvp2 x1j61x8r x1fcty0u xdj266r xhhsvwb xat24cr xgzva0m xxymvpz xlup9mm x1kky2od\"><img loading=\"lazy\" decoding=\"async\" src=\"https:\/\/static.xx.fbcdn.net\/images\/emoji.php\/v9\/tc0\/1\/16\/1f30e.png\" alt=\"????\" width=\"16\" height=\"16\" \/><\/span> Lugar: Facultad de Arte &#8211; UNICEN (9 de Julio 430).<\/div>\n<\/div>\n<div class=\"x11i5rnm xat24cr x1mh8g0r x1vvkbs xtlvy1s x126k92a\">\n<div dir=\"auto\"><span class=\"x3nfvp2 x1j61x8r x1fcty0u xdj266r xhhsvwb xat24cr xgzva0m xxymvpz xlup9mm x1kky2od\"><img loading=\"lazy\" decoding=\"async\" src=\"https:\/\/static.xx.fbcdn.net\/images\/emoji.php\/v9\/tcc\/1\/16\/1f4dd.png\" alt=\"????\" width=\"16\" height=\"16\" \/><\/span> Organiza: Departamento de Teatro, en colaboraci\u00f3n con el Centro de Estudiantes y la Secretar\u00eda de Extensi\u00f3n de la Facultad de Arte.<\/div>\n<\/div>\n<div class=\"x11i5rnm xat24cr x1mh8g0r x1vvkbs xtlvy1s x126k92a\">\n<div dir=\"auto\"><span class=\"x3nfvp2 x1j61x8r x1fcty0u xdj266r xhhsvwb xat24cr xgzva0m xxymvpz xlup9mm x1kky2od\"><img loading=\"lazy\" decoding=\"async\" src=\"https:\/\/static.xx.fbcdn.net\/images\/emoji.php\/v9\/t50\/1\/16\/2757.png\" alt=\"\u2757\ufe0f\" width=\"16\" height=\"16\" \/><\/span> Entrada libre y gratuita.<\/div>\n<\/div>\n","protected":false},"excerpt":{"rendered":"<p>Todxs invitadxs este viernes 25\/11! CRIA: Creaciones Realizadas e Interpretadas por Artistas &#8211; Ciclo 2022 Desde las 18hs a 21hs: Exhibici\u00f3n de escenas. Despu\u00e9s de las 21hs: Encuentro y festejo por el cierre del ciclo. Objetivo: difundir las producciones esc\u00e9nicas realizadas al interior de las distintas c\u00e1tedras de la carrera de Teatro de la Facultad de Arte durante el presente ciclo lectivo. Lugar: Facultad de Arte &#8211; UNICEN (9 de Julio 430). Organiza: Departamento de Teatro, en colaboraci\u00f3n con el Centro de Estudiantes y la Secretar\u00eda de Extensi\u00f3n de la Facultad de Arte. Entrada libre y gratuita.<\/p>\n","protected":false},"author":4,"featured_media":0,"comment_status":"closed","ping_status":"closed","template":"","meta":{"_tribe_events_status":"","_tribe_events_status_reason":""},"tags":[],"tribe_events_cat":[],"_links":{"self":[{"href":"https:\/\/www.arte.unicen.edu.ar\/entodas\/index.php?rest_route=\/wp\/v2\/tribe_events\/7501"}],"collection":[{"href":"https:\/\/www.arte.unicen.edu.ar\/entodas\/index.php?rest_route=\/wp\/v2\/tribe_events"}],"about":[{"href":"https:\/\/www.arte.unicen.edu.ar\/entodas\/index.php?rest_route=\/wp\/v2\/types\/tribe_events"}],"author":[{"embeddable":true,"href":"https:\/\/www.arte.unicen.edu.ar\/entodas\/index.php?rest_route=\/wp\/v2\/users\/4"}],"replies":[{"embeddable":true,"href":"https:\/\/www.arte.unicen.edu.ar\/entodas\/index.php?rest_route=%2Fwp%2Fv2%2Fcomments&post=7501"}],"version-history":[{"count":1,"href":"https:\/\/www.arte.unicen.edu.ar\/entodas\/index.php?rest_route=\/wp\/v2\/tribe_events\/7501\/revisions"}],"predecessor-version":[{"id":7505,"href":"https:\/\/www.arte.unicen.edu.ar\/entodas\/index.php?rest_route=\/wp\/v2\/tribe_events\/7501\/revisions\/7505"}],"wp:attachment":[{"href":"https:\/\/www.arte.unicen.edu.ar\/entodas\/index.php?rest_route=%2Fwp%2Fv2%2Fmedia&parent=7501"}],"wp:term":[{"taxonomy":"post_tag","embeddable":true,"href":"https:\/\/www.arte.unicen.edu.ar\/entodas\/index.php?rest_route=%2Fwp%2Fv2%2Ftags&post=7501"},{"taxonomy":"tribe_events_cat","embeddable":true,"href":"https:\/\/www.arte.unicen.edu.ar\/entodas\/index.php?rest_route=%2Fwp%2Fv2%2Ftribe_events_cat&post=7501"}],"curies":[{"name":"wp","href":"https:\/\/api.w.org\/{rel}","templated":true}]}}

CRIA Escenas Criadas en Cátedra. Festival Escénico

<p><img loading="lazy" decoding="async" class="alignnone wp-image-7503" src="http://www.arte.unicen.edu.ar/semanarte/wp-content/uploads/2022/11/316214778_582859523839154_352840449202462758_n-240x300.jpg" alt="" width="450" height="563" /></p>
<div class="x11i5rnm xat24cr x1mh8g0r x1vvkbs xdj266r x126k92a">
<div dir="auto">Todxs invitadxs este viernes 25/11!</div>
</div>
<div class="x11i5rnm xat24cr x1mh8g0r x1vvkbs xtlvy1s x126k92a">
<div dir="auto"><span class="x3nfvp2 x1j61x8r x1fcty0u xdj266r xhhsvwb xat24cr xgzva0m xxymvpz xlup9mm x1kky2od"><img loading="lazy" decoding="async" src="https://static.xx.fbcdn.net/images/emoji.php/v9/t50/1/16/2757.png" alt="❗" width="16" height="16" /></span> CRIA: Creaciones Realizadas e Interpretadas por Artistas &#8211; Ciclo 2022</div>
</div>
<div class="x11i5rnm xat24cr x1mh8g0r x1vvkbs xtlvy1s x126k92a">
<div dir="auto"><span class="x3nfvp2 x1j61x8r x1fcty0u xdj266r xhhsvwb xat24cr xgzva0m xxymvpz xlup9mm x1kky2od"><img loading="lazy" decoding="async" src="https://static.xx.fbcdn.net/images/emoji.php/v9/t34/1/16/23f0.png" alt="⏰" width="16" height="16" /></span> Desde las 18hs a 21hs: Exhibición de escenas.</div>
<div dir="auto"><span class="x3nfvp2 x1j61x8r x1fcty0u xdj266r xhhsvwb xat24cr xgzva0m xxymvpz xlup9mm x1kky2od"><img loading="lazy" decoding="async" src="https://static.xx.fbcdn.net/images/emoji.php/v9/t34/1/16/23f0.png" alt="⏰" width="16" height="16" /></span> Después de las 21hs: Encuentro y festejo por el cierre del ciclo.</div>
</div>
<div class="x11i5rnm xat24cr x1mh8g0r x1vvkbs xtlvy1s x126k92a">
<div dir="auto"><span class="x3nfvp2 x1j61x8r x1fcty0u xdj266r xhhsvwb xat24cr xgzva0m xxymvpz xlup9mm x1kky2od"><img loading="lazy" decoding="async" src="https://static.xx.fbcdn.net/images/emoji.php/v9/t51/1/16/1f449.png" alt="????" width="16" height="16" /></span> Objetivo: difundir las producciones escénicas realizadas al interior de las distintas cátedras de la carrera de Teatro de la Facultad de Arte durante el presente ciclo lectivo.</div>
</div>
<div class="x11i5rnm xat24cr x1mh8g0r x1vvkbs xtlvy1s x126k92a">
<div dir="auto"><span class="x3nfvp2 x1j61x8r x1fcty0u xdj266r xhhsvwb xat24cr xgzva0m xxymvpz xlup9mm x1kky2od"><img loading="lazy" decoding="async" src="https://static.xx.fbcdn.net/images/emoji.php/v9/tc0/1/16/1f30e.png" alt="????" width="16" height="16" /></span> Lugar: Facultad de Arte &#8211; UNICEN (9 de Julio 430).</div>
</div>
<div class="x11i5rnm xat24cr x1mh8g0r x1vvkbs xtlvy1s x126k92a">
<div dir="auto"><span class="x3nfvp2 x1j61x8r x1fcty0u xdj266r xhhsvwb xat24cr xgzva0m xxymvpz xlup9mm x1kky2od"><img loading="lazy" decoding="async" src="https://static.xx.fbcdn.net/images/emoji.php/v9/tcc/1/16/1f4dd.png" alt="????" width="16" height="16" /></span> Organiza: Departamento de Teatro, en colaboración con el Centro de Estudiantes y la Secretaría de Extensión de la Facultad de Arte.</div>
</div>
<div class="x11i5rnm xat24cr x1mh8g0r x1vvkbs xtlvy1s x126k92a">
<div dir="auto"><span class="x3nfvp2 x1j61x8r x1fcty0u xdj266r xhhsvwb xat24cr xgzva0m xxymvpz xlup9mm x1kky2od"><img loading="lazy" decoding="async" src="https://static.xx.fbcdn.net/images/emoji.php/v9/t50/1/16/2757.png" alt="❗️" width="16" height="16" /></span> Entrada libre y gratuita.</div>
</div>

<p>Todxs invitadxs este viernes 25/11! CRIA: Creaciones Realizadas e Interpretadas por Artistas &#8211; Ciclo 2022 Desde las 18hs a 21hs: Exhibición de escenas. Después de las 21hs: Encuentro y festejo por el cierre del ciclo. Objetivo: difundir las producciones escénicas realizadas al interior de las distintas cátedras de la carrera de Teatro de la Facultad de Arte durante el presente ciclo lectivo. Lugar: Facultad de Arte &#8211; UNICEN (9 de Julio 430). Organiza: Departamento de Teatro, en colaboración con el Centro de Estudiantes y la Secretaría de Extensión de la Facultad de Arte. Entrada libre y gratuita.</p>
