{"id":4915,"date":"2022-03-28T13:37:18","date_gmt":"2022-03-28T16:37:18","guid":{"rendered":"http:\/\/www.arte.unicen.edu.ar\/semanarte\/?post_type=tribe_events&#038;p=4915"},"modified":"2022-03-28T13:56:59","modified_gmt":"2022-03-28T16:56:59","slug":"el-pais-de-los-geranios-2","status":"publish","type":"tribe_events","link":"https:\/\/www.arte.unicen.edu.ar\/entodas\/?tribe_events=el-pais-de-los-geranios-2","title":{"rendered":"EL PA\u00cdS DE LOS GERANIOS"},"content":{"rendered":"<p><img loading=\"lazy\" decoding=\"async\" class=\"alignleft wp-image-4880\" src=\"http:\/\/www.arte.unicen.edu.ar\/semanarte\/wp-content\/uploads\/2022\/03\/275896686_10158884256117644_4030315030146655423_n-1-300x300.jpg\" alt=\"\" width=\"450\" height=\"450\" \/><\/p>\n<p>&nbsp;<\/p>\n<p>&nbsp;<\/p>\n<p>&nbsp;<\/p>\n<p>&nbsp;<\/p>\n<p>&nbsp;<\/p>\n<p>&nbsp;<\/p>\n<p>&nbsp;<\/p>\n<p>&nbsp;<\/p>\n<p>&nbsp;<\/p>\n<p>&nbsp;<\/p>\n<p>&nbsp;<\/p>\n<p>&nbsp;<\/p>\n<div class=\"kvgmc6g5 cxmmr5t8 oygrvhab hcukyx3x c1et5uql ii04i59q\">\n<div dir=\"auto\"><strong>EL PA\u00cdS DE LOS GERANIOS.<\/strong><\/div>\n<div dir=\"auto\" style=\"text-align: justify\">En Loma Sola se preparan para La fiesta Nacional del Geranio.<\/div>\n<div dir=\"auto\" style=\"text-align: justify\">Sara, su abuela Rosa y todos los habitantes del pueblo est\u00e1n tan entusiasmados, que no paran de sembrar semillas. Nadie quiere quedarse afuera del concurso.<\/div>\n<div dir=\"auto\" style=\"text-align: justify\">Pero Sara va a descubrir que detr\u00e1s de los brillos de la fiesta se esconde un plan que pone en peligro a la naturaleza y junto a su abuela, va a intentar salvarla.<\/div>\n<\/div>\n<div class=\"cxmmr5t8 oygrvhab hcukyx3x c1et5uql o9v6fnle ii04i59q\" style=\"text-align: justify\">\n<div dir=\"auto\">El pa\u00eds de los geranios es una historia llena de magia y emoci\u00f3n.<\/div>\n<\/div>\n<div class=\"cxmmr5t8 oygrvhab hcukyx3x c1et5uql o9v6fnle ii04i59q\">\n<div dir=\"auto\" style=\"text-align: justify\">Ideal para compartir en familia<\/div>\n<\/div>\n<div class=\"cxmmr5t8 oygrvhab hcukyx3x c1et5uql o9v6fnle ii04i59q\">\n<div dir=\"auto\" style=\"text-align: justify\">Act\u00faa: Julia Esquibel. Dramaturgia: Julia Esquibel, Catalina Land\u00edvar. M\u00fasica original: Francisco Olano. Vestuario: Julieta Candia. Escenograf\u00eda: Luciano Enriquez. Producci\u00f3n: Cuento con vos. Difusi\u00f3n y audiovisuales: Manuela Pose. Asesor\u00eda en producci\u00f3n: Andr\u00e9s Erro. Coreograf\u00eda: Ayel\u00e9n Lazaro.<\/div>\n<div dir=\"auto\" style=\"text-align: justify\">Producci\u00f3n ejecutiva: Marianela Vallazza. Fotograf\u00eda: Adrian Botella. Dise\u00f1o gr\u00e1fico: Agust\u00edn Medina. Direcci\u00f3n: Catalina Land\u00edvar.<\/div>\n<\/div>\n","protected":false},"excerpt":{"rendered":"<p>&nbsp; &nbsp; &nbsp; &nbsp; &nbsp; &nbsp; &nbsp; &nbsp; &nbsp; &nbsp; &nbsp; &nbsp; EL PA\u00cdS DE LOS GERANIOS. En Loma Sola se preparan para La fiesta Nacional del Geranio. Sara, su abuela Rosa y todos los habitantes del pueblo est\u00e1n tan entusiasmados, que no paran de sembrar semillas. Nadie quiere quedarse afuera del concurso. Pero Sara va a descubrir que detr\u00e1s de los brillos de la fiesta se esconde un plan que pone en peligro a la naturaleza y junto a su abuela, va a intentar salvarla. El pa\u00eds de los geranios es una historia llena de magia y emoci\u00f3n. Ideal para compartir en familia Act\u00faa: Julia Esquibel. Dramaturgia: Julia Esquibel, Catalina Land\u00edvar. M\u00fasica original: Francisco Olano. Vestuario: Julieta Candia. Escenograf\u00eda: Luciano Enriquez. Producci\u00f3n: Cuento con vos. Difusi\u00f3n y audiovisuales: Manuela Pose. Asesor\u00eda en producci\u00f3n: Andr\u00e9s Erro. Coreograf\u00eda: Ayel\u00e9n Lazaro. Producci\u00f3n ejecutiva: Marianela Vallazza. Fotograf\u00eda: Adrian Botella. Dise\u00f1o gr\u00e1fico: Agust\u00edn Medina.&hellip;<\/p>\n<p> <a class=\"more-link\" href=\"https:\/\/www.arte.unicen.edu.ar\/entodas\/?tribe_events=el-pais-de-los-geranios-2\">Read more<\/a><\/p>\n","protected":false},"author":4,"featured_media":0,"comment_status":"closed","ping_status":"closed","template":"","meta":{"_tribe_events_status":"","_tribe_events_status_reason":""},"tags":[],"tribe_events_cat":[],"_links":{"self":[{"href":"https:\/\/www.arte.unicen.edu.ar\/entodas\/index.php?rest_route=\/wp\/v2\/tribe_events\/4915"}],"collection":[{"href":"https:\/\/www.arte.unicen.edu.ar\/entodas\/index.php?rest_route=\/wp\/v2\/tribe_events"}],"about":[{"href":"https:\/\/www.arte.unicen.edu.ar\/entodas\/index.php?rest_route=\/wp\/v2\/types\/tribe_events"}],"author":[{"embeddable":true,"href":"https:\/\/www.arte.unicen.edu.ar\/entodas\/index.php?rest_route=\/wp\/v2\/users\/4"}],"replies":[{"embeddable":true,"href":"https:\/\/www.arte.unicen.edu.ar\/entodas\/index.php?rest_route=%2Fwp%2Fv2%2Fcomments&post=4915"}],"version-history":[{"count":1,"href":"https:\/\/www.arte.unicen.edu.ar\/entodas\/index.php?rest_route=\/wp\/v2\/tribe_events\/4915\/revisions"}],"predecessor-version":[{"id":4916,"href":"https:\/\/www.arte.unicen.edu.ar\/entodas\/index.php?rest_route=\/wp\/v2\/tribe_events\/4915\/revisions\/4916"}],"wp:attachment":[{"href":"https:\/\/www.arte.unicen.edu.ar\/entodas\/index.php?rest_route=%2Fwp%2Fv2%2Fmedia&parent=4915"}],"wp:term":[{"taxonomy":"post_tag","embeddable":true,"href":"https:\/\/www.arte.unicen.edu.ar\/entodas\/index.php?rest_route=%2Fwp%2Fv2%2Ftags&post=4915"},{"taxonomy":"tribe_events_cat","embeddable":true,"href":"https:\/\/www.arte.unicen.edu.ar\/entodas\/index.php?rest_route=%2Fwp%2Fv2%2Ftribe_events_cat&post=4915"}],"curies":[{"name":"wp","href":"https:\/\/api.w.org\/{rel}","templated":true}]}}

EL PAÍS DE LOS GERANIOS

<p><img loading="lazy" decoding="async" class="alignleft wp-image-4880" src="http://www.arte.unicen.edu.ar/semanarte/wp-content/uploads/2022/03/275896686_10158884256117644_4030315030146655423_n-1-300x300.jpg" alt="" width="450" height="450" /></p>
<p>&nbsp;</p>
<p>&nbsp;</p>
<p>&nbsp;</p>
<p>&nbsp;</p>
<p>&nbsp;</p>
<p>&nbsp;</p>
<p>&nbsp;</p>
<p>&nbsp;</p>
<p>&nbsp;</p>
<p>&nbsp;</p>
<p>&nbsp;</p>
<p>&nbsp;</p>
<div class="kvgmc6g5 cxmmr5t8 oygrvhab hcukyx3x c1et5uql ii04i59q">
<div dir="auto"><strong>EL PAÍS DE LOS GERANIOS.</strong></div>
<div dir="auto" style="text-align: justify">En Loma Sola se preparan para La fiesta Nacional del Geranio.</div>
<div dir="auto" style="text-align: justify">Sara, su abuela Rosa y todos los habitantes del pueblo están tan entusiasmados, que no paran de sembrar semillas. Nadie quiere quedarse afuera del concurso.</div>
<div dir="auto" style="text-align: justify">Pero Sara va a descubrir que detrás de los brillos de la fiesta se esconde un plan que pone en peligro a la naturaleza y junto a su abuela, va a intentar salvarla.</div>
</div>
<div class="cxmmr5t8 oygrvhab hcukyx3x c1et5uql o9v6fnle ii04i59q" style="text-align: justify">
<div dir="auto">El país de los geranios es una historia llena de magia y emoción.</div>
</div>
<div class="cxmmr5t8 oygrvhab hcukyx3x c1et5uql o9v6fnle ii04i59q">
<div dir="auto" style="text-align: justify">Ideal para compartir en familia</div>
</div>
<div class="cxmmr5t8 oygrvhab hcukyx3x c1et5uql o9v6fnle ii04i59q">
<div dir="auto" style="text-align: justify">Actúa: Julia Esquibel. Dramaturgia: Julia Esquibel, Catalina Landívar. Música original: Francisco Olano. Vestuario: Julieta Candia. Escenografía: Luciano Enriquez. Producción: Cuento con vos. Difusión y audiovisuales: Manuela Pose. Asesoría en producción: Andrés Erro. Coreografía: Ayelén Lazaro.</div>
<div dir="auto" style="text-align: justify">Producción ejecutiva: Marianela Vallazza. Fotografía: Adrian Botella. Diseño gráfico: Agustín Medina. Dirección: Catalina Landívar.</div>
</div>

<p>&nbsp; &nbsp; &nbsp; &nbsp; &nbsp; &nbsp; &nbsp; &nbsp; &nbsp; &nbsp; &nbsp; &nbsp; EL PAÍS DE LOS GERANIOS. En Loma Sola se preparan para La fiesta Nacional del Geranio. Sara, su abuela Rosa y todos los habitantes del pueblo están tan entusiasmados, que no paran de sembrar semillas. Nadie quiere quedarse afuera del concurso. Pero Sara va a descubrir que detrás de los brillos de la fiesta se esconde un plan que pone en peligro a la naturaleza y junto a su abuela, va a intentar salvarla. El país de los geranios es una historia llena de magia y emoción. Ideal para compartir en familia Actúa: Julia Esquibel. Dramaturgia: Julia Esquibel, Catalina Landívar. Música original: Francisco Olano. Vestuario: Julieta Candia. Escenografía: Luciano Enriquez. Producción: Cuento con vos. Difusión y audiovisuales: Manuela Pose. Asesoría en producción: Andrés Erro. Coreografía: Ayelén Lazaro. Producción ejecutiva: Marianela Vallazza. Fotografía: Adrian Botella. Diseño gráfico: Agustín Medina.&hellip;</p>
<p> <a class="more-link" href="https://www.arte.unicen.edu.ar/entodas/?tribe_events=el-pais-de-los-geranios-2">Read more</a></p>
