{"id":4841,"date":"2022-03-22T13:19:24","date_gmt":"2022-03-22T16:19:24","guid":{"rendered":"http:\/\/www.arte.unicen.edu.ar\/semanarte\/?post_type=tribe_events&#038;p=4841"},"modified":"2022-03-22T13:19:24","modified_gmt":"2022-03-22T16:19:24","slug":"marzo-por-la-memoria-proyeccion-de-pelicula-vera-no-mas-el-silencio","status":"publish","type":"tribe_events","link":"https:\/\/www.arte.unicen.edu.ar\/entodas\/?tribe_events=marzo-por-la-memoria-proyeccion-de-pelicula-vera-no-mas-el-silencio","title":{"rendered":"Marzo por la Memoria &#8211; Proyecci\u00f3n de pel\u00edcula &#8220;Vera, no m\u00e1s el silencio&#8221;"},"content":{"rendered":"<p>Proyecci\u00f3n de pel\u00edcula &#8220;Vera, no m\u00e1s el silencio&#8221;<\/p>\n<p><img loading=\"lazy\" decoding=\"async\" class=\"alignnone wp-image-4842\" src=\"http:\/\/www.arte.unicen.edu.ar\/semanarte\/wp-content\/uploads\/2022\/03\/26-21-300x300.jpg\" alt=\"\" width=\"450\" height=\"450\" \/><\/p>\n","protected":false},"excerpt":{"rendered":"<p>Proyecci\u00f3n de pel\u00edcula &#8220;Vera, no m\u00e1s el silencio&#8221;<\/p>\n","protected":false},"author":4,"featured_media":0,"comment_status":"closed","ping_status":"closed","template":"","meta":{"_tribe_events_status":"","_tribe_events_status_reason":""},"tags":[],"tribe_events_cat":[],"_links":{"self":[{"href":"https:\/\/www.arte.unicen.edu.ar\/entodas\/index.php?rest_route=\/wp\/v2\/tribe_events\/4841"}],"collection":[{"href":"https:\/\/www.arte.unicen.edu.ar\/entodas\/index.php?rest_route=\/wp\/v2\/tribe_events"}],"about":[{"href":"https:\/\/www.arte.unicen.edu.ar\/entodas\/index.php?rest_route=\/wp\/v2\/types\/tribe_events"}],"author":[{"embeddable":true,"href":"https:\/\/www.arte.unicen.edu.ar\/entodas\/index.php?rest_route=\/wp\/v2\/users\/4"}],"replies":[{"embeddable":true,"href":"https:\/\/www.arte.unicen.edu.ar\/entodas\/index.php?rest_route=%2Fwp%2Fv2%2Fcomments&post=4841"}],"version-history":[{"count":1,"href":"https:\/\/www.arte.unicen.edu.ar\/entodas\/index.php?rest_route=\/wp\/v2\/tribe_events\/4841\/revisions"}],"predecessor-version":[{"id":4843,"href":"https:\/\/www.arte.unicen.edu.ar\/entodas\/index.php?rest_route=\/wp\/v2\/tribe_events\/4841\/revisions\/4843"}],"wp:attachment":[{"href":"https:\/\/www.arte.unicen.edu.ar\/entodas\/index.php?rest_route=%2Fwp%2Fv2%2Fmedia&parent=4841"}],"wp:term":[{"taxonomy":"post_tag","embeddable":true,"href":"https:\/\/www.arte.unicen.edu.ar\/entodas\/index.php?rest_route=%2Fwp%2Fv2%2Ftags&post=4841"},{"taxonomy":"tribe_events_cat","embeddable":true,"href":"https:\/\/www.arte.unicen.edu.ar\/entodas\/index.php?rest_route=%2Fwp%2Fv2%2Ftribe_events_cat&post=4841"}],"curies":[{"name":"wp","href":"https:\/\/api.w.org\/{rel}","templated":true}]}}

Marzo por la Memoria &#8211; Proyección de película &#8220;Vera, no más el silencio&#8221;

<p>Proyección de película &#8220;Vera, no más el silencio&#8221;</p>
<p><img loading="lazy" decoding="async" class="alignnone wp-image-4842" src="http://www.arte.unicen.edu.ar/semanarte/wp-content/uploads/2022/03/26-21-300x300.jpg" alt="" width="450" height="450" /></p>

<p>Proyección de película &#8220;Vera, no más el silencio&#8221;</p>
