{"id":4762,"date":"2022-03-16T08:49:20","date_gmt":"2022-03-16T11:49:20","guid":{"rendered":"http:\/\/www.arte.unicen.edu.ar\/semanarte\/?post_type=tribe_events&#038;p=4762"},"modified":"2022-03-16T08:49:20","modified_gmt":"2022-03-16T11:49:20","slug":"suenos","status":"publish","type":"tribe_events","link":"https:\/\/www.arte.unicen.edu.ar\/entodas\/?tribe_events=suenos","title":{"rendered":"SUE\u00d1OS"},"content":{"rendered":"<p><img loading=\"lazy\" decoding=\"async\" class=\"alignnone wp-image-4763\" src=\"http:\/\/www.arte.unicen.edu.ar\/semanarte\/wp-content\/uploads\/2022\/03\/SUE\u00d1OS-300x300.jpg\" alt=\"\" width=\"450\" height=\"450\" \/><\/p>\n<p><strong>SUE\u00d1OS\u00a0<\/strong><\/p>\n<div class=\"kvgmc6g5 cxmmr5t8 oygrvhab hcukyx3x c1et5uql ii04i59q\">\n<div dir=\"auto\" style=\"text-align: justify\"><\/div>\n<\/div>\n<div class=\"cxmmr5t8 oygrvhab hcukyx3x c1et5uql o9v6fnle ii04i59q\">\n<div dir=\"auto\" style=\"text-align: justify\">Dir. Marcos Mart\u00ednez<\/div>\n<div dir=\"auto\" style=\"text-align: justify\">ATP &#8211; Documental \u2013 84min.<\/div>\n<div dir=\"auto\"><\/div>\n<div dir=\"auto\" style=\"text-align: justify\">*S\u00e1bado 19\/3 20hs*<\/div>\n<\/div>\n<div dir=\"auto\"><\/div>\n<div dir=\"auto\">Sinopsis:<\/div>\n<div class=\"cxmmr5t8 oygrvhab hcukyx3x c1et5uql o9v6fnle ii04i59q\">\n<div dir=\"auto\" style=\"text-align: justify\">A partir de la narraci\u00f3n de sus sue\u00f1os, m\u00e1s im\u00e1genes cotidianas de d\u00f3nde viven, el director construye un relato coral que describe y reflexiona sobre la vida de las personas en situaci\u00f3n de calle en la ciudad de Buenos Aires. Su pasado y presente, tambi\u00e9n de alg\u00fan modo su futuro, aparecen en los relatos de sus sue\u00f1os.<\/div>\n<\/div>\n<div dir=\"auto\">\n<div dir=\"auto\"><\/div>\n<div dir=\"auto\" style=\"text-align: justify\"><\/div>\n<\/div>\n","protected":false},"excerpt":{"rendered":"<p>SUE\u00d1OS\u00a0 Dir. Marcos Mart\u00ednez ATP &#8211; Documental \u2013 84min. *S\u00e1bado 19\/3 20hs* Sinopsis: A partir de la narraci\u00f3n de sus sue\u00f1os, m\u00e1s im\u00e1genes cotidianas de d\u00f3nde viven, el director construye un relato coral que describe y reflexiona sobre la vida de las personas en situaci\u00f3n de calle en la ciudad de Buenos Aires. Su pasado y presente, tambi\u00e9n de alg\u00fan modo su futuro, aparecen en los relatos de sus sue\u00f1os.<\/p>\n","protected":false},"author":4,"featured_media":0,"comment_status":"closed","ping_status":"closed","template":"","meta":{"_tribe_events_status":"","_tribe_events_status_reason":""},"tags":[],"tribe_events_cat":[],"_links":{"self":[{"href":"https:\/\/www.arte.unicen.edu.ar\/entodas\/index.php?rest_route=\/wp\/v2\/tribe_events\/4762"}],"collection":[{"href":"https:\/\/www.arte.unicen.edu.ar\/entodas\/index.php?rest_route=\/wp\/v2\/tribe_events"}],"about":[{"href":"https:\/\/www.arte.unicen.edu.ar\/entodas\/index.php?rest_route=\/wp\/v2\/types\/tribe_events"}],"author":[{"embeddable":true,"href":"https:\/\/www.arte.unicen.edu.ar\/entodas\/index.php?rest_route=\/wp\/v2\/users\/4"}],"replies":[{"embeddable":true,"href":"https:\/\/www.arte.unicen.edu.ar\/entodas\/index.php?rest_route=%2Fwp%2Fv2%2Fcomments&post=4762"}],"version-history":[{"count":2,"href":"https:\/\/www.arte.unicen.edu.ar\/entodas\/index.php?rest_route=\/wp\/v2\/tribe_events\/4762\/revisions"}],"predecessor-version":[{"id":4773,"href":"https:\/\/www.arte.unicen.edu.ar\/entodas\/index.php?rest_route=\/wp\/v2\/tribe_events\/4762\/revisions\/4773"}],"wp:attachment":[{"href":"https:\/\/www.arte.unicen.edu.ar\/entodas\/index.php?rest_route=%2Fwp%2Fv2%2Fmedia&parent=4762"}],"wp:term":[{"taxonomy":"post_tag","embeddable":true,"href":"https:\/\/www.arte.unicen.edu.ar\/entodas\/index.php?rest_route=%2Fwp%2Fv2%2Ftags&post=4762"},{"taxonomy":"tribe_events_cat","embeddable":true,"href":"https:\/\/www.arte.unicen.edu.ar\/entodas\/index.php?rest_route=%2Fwp%2Fv2%2Ftribe_events_cat&post=4762"}],"curies":[{"name":"wp","href":"https:\/\/api.w.org\/{rel}","templated":true}]}}

SUEÑOS

<p><img loading="lazy" decoding="async" class="alignnone wp-image-4763" src="http://www.arte.unicen.edu.ar/semanarte/wp-content/uploads/2022/03/SUEÑOS-300x300.jpg" alt="" width="450" height="450" /></p>
<p><strong>SUEÑOS </strong></p>
<div class="kvgmc6g5 cxmmr5t8 oygrvhab hcukyx3x c1et5uql ii04i59q">
<div dir="auto" style="text-align: justify"></div>
</div>
<div class="cxmmr5t8 oygrvhab hcukyx3x c1et5uql o9v6fnle ii04i59q">
<div dir="auto" style="text-align: justify">Dir. Marcos Martínez</div>
<div dir="auto" style="text-align: justify">ATP &#8211; Documental – 84min.</div>
<div dir="auto"></div>
<div dir="auto" style="text-align: justify">*Sábado 19/3 20hs*</div>
</div>
<div dir="auto"></div>
<div dir="auto">Sinopsis:</div>
<div class="cxmmr5t8 oygrvhab hcukyx3x c1et5uql o9v6fnle ii04i59q">
<div dir="auto" style="text-align: justify">A partir de la narración de sus sueños, más imágenes cotidianas de dónde viven, el director construye un relato coral que describe y reflexiona sobre la vida de las personas en situación de calle en la ciudad de Buenos Aires. Su pasado y presente, también de algún modo su futuro, aparecen en los relatos de sus sueños.</div>
</div>
<div dir="auto">
<div dir="auto"></div>
<div dir="auto" style="text-align: justify"></div>
</div>

<p>SUEÑOS  Dir. Marcos Martínez ATP &#8211; Documental – 84min. *Sábado 19/3 20hs* Sinopsis: A partir de la narración de sus sueños, más imágenes cotidianas de dónde viven, el director construye un relato coral que describe y reflexiona sobre la vida de las personas en situación de calle en la ciudad de Buenos Aires. Su pasado y presente, también de algún modo su futuro, aparecen en los relatos de sus sueños.</p>
