{"id":4731,"date":"2022-03-09T13:04:18","date_gmt":"2022-03-09T16:04:18","guid":{"rendered":"http:\/\/www.arte.unicen.edu.ar\/semanarte\/?post_type=tribe_events&#038;p=4731"},"modified":"2022-03-09T13:04:18","modified_gmt":"2022-03-09T16:04:18","slug":"8m-jornada-de-montaje-de-dispositivos-sonoros","status":"publish","type":"tribe_events","link":"https:\/\/www.arte.unicen.edu.ar\/entodas\/?tribe_events=8m-jornada-de-montaje-de-dispositivos-sonoros","title":{"rendered":"#8M. Jornada de montaje de dispositivos sonoros."},"content":{"rendered":"<p><img loading=\"lazy\" decoding=\"async\" class=\"alignnone wp-image-4733\" src=\"http:\/\/www.arte.unicen.edu.ar\/semanarte\/wp-content\/uploads\/2022\/03\/electrohacedorasflyer-212x300.jpg\" alt=\"\" width=\"450\" height=\"636\" \/><\/p>\n<p><span style=\"font-weight: 400\">Organiza: C\u00e1tedra Pensamiento Proyectual y Diplomatura Universitaria en Arte y Tecnolog\u00eda, en el marco de la agenda federal de las @electrohacedoras. Con el apoyo de la Secretar\u00eda de Extensi\u00f3n de la Facultad de Arte. Con inscripci\u00f3n previa.\u00a0<\/span><\/p>\n<p><b>Sal\u00f3n Multimedial 1 &#8211; Facultad de Arte<\/b><\/p>\n","protected":false},"excerpt":{"rendered":"<p>Organiza: C\u00e1tedra Pensamiento Proyectual y Diplomatura Universitaria en Arte y Tecnolog\u00eda, en el marco de la agenda federal de las @electrohacedoras. Con el apoyo de la Secretar\u00eda de Extensi\u00f3n de la Facultad de Arte. Con inscripci\u00f3n previa.\u00a0 Sal\u00f3n Multimedial 1 &#8211; Facultad de Arte<\/p>\n","protected":false},"author":4,"featured_media":0,"comment_status":"closed","ping_status":"closed","template":"","meta":{"_tribe_events_status":"","_tribe_events_status_reason":""},"tags":[],"tribe_events_cat":[],"_links":{"self":[{"href":"https:\/\/www.arte.unicen.edu.ar\/entodas\/index.php?rest_route=\/wp\/v2\/tribe_events\/4731"}],"collection":[{"href":"https:\/\/www.arte.unicen.edu.ar\/entodas\/index.php?rest_route=\/wp\/v2\/tribe_events"}],"about":[{"href":"https:\/\/www.arte.unicen.edu.ar\/entodas\/index.php?rest_route=\/wp\/v2\/types\/tribe_events"}],"author":[{"embeddable":true,"href":"https:\/\/www.arte.unicen.edu.ar\/entodas\/index.php?rest_route=\/wp\/v2\/users\/4"}],"replies":[{"embeddable":true,"href":"https:\/\/www.arte.unicen.edu.ar\/entodas\/index.php?rest_route=%2Fwp%2Fv2%2Fcomments&post=4731"}],"version-history":[{"count":1,"href":"https:\/\/www.arte.unicen.edu.ar\/entodas\/index.php?rest_route=\/wp\/v2\/tribe_events\/4731\/revisions"}],"predecessor-version":[{"id":4734,"href":"https:\/\/www.arte.unicen.edu.ar\/entodas\/index.php?rest_route=\/wp\/v2\/tribe_events\/4731\/revisions\/4734"}],"wp:attachment":[{"href":"https:\/\/www.arte.unicen.edu.ar\/entodas\/index.php?rest_route=%2Fwp%2Fv2%2Fmedia&parent=4731"}],"wp:term":[{"taxonomy":"post_tag","embeddable":true,"href":"https:\/\/www.arte.unicen.edu.ar\/entodas\/index.php?rest_route=%2Fwp%2Fv2%2Ftags&post=4731"},{"taxonomy":"tribe_events_cat","embeddable":true,"href":"https:\/\/www.arte.unicen.edu.ar\/entodas\/index.php?rest_route=%2Fwp%2Fv2%2Ftribe_events_cat&post=4731"}],"curies":[{"name":"wp","href":"https:\/\/api.w.org\/{rel}","templated":true}]}}

<p><img loading="lazy" decoding="async" class="alignnone wp-image-4733" src="http://www.arte.unicen.edu.ar/semanarte/wp-content/uploads/2022/03/electrohacedorasflyer-212x300.jpg" alt="" width="450" height="636" /></p>
<p><span style="font-weight: 400">Organiza: Cátedra Pensamiento Proyectual y Diplomatura Universitaria en Arte y Tecnología, en el marco de la agenda federal de las @electrohacedoras. Con el apoyo de la Secretaría de Extensión de la Facultad de Arte. Con inscripción previa. </span></p>
<p><b>Salón Multimedial 1 &#8211; Facultad de Arte</b></p>

<p>Organiza: Cátedra Pensamiento Proyectual y Diplomatura Universitaria en Arte y Tecnología, en el marco de la agenda federal de las @electrohacedoras. Con el apoyo de la Secretaría de Extensión de la Facultad de Arte. Con inscripción previa.  Salón Multimedial 1 &#8211; Facultad de Arte</p>
