{"id":4727,"date":"2022-03-09T13:02:04","date_gmt":"2022-03-09T16:02:04","guid":{"rendered":"http:\/\/www.arte.unicen.edu.ar\/semanarte\/?post_type=tribe_events&#038;p=4727"},"modified":"2022-03-09T13:02:04","modified_gmt":"2022-03-09T16:02:04","slug":"8m-regina-celis","status":"publish","type":"tribe_events","link":"https:\/\/www.arte.unicen.edu.ar\/entodas\/?tribe_events=8m-regina-celis","title":{"rendered":"#8M. Regina Celis"},"content":{"rendered":"<p><img loading=\"lazy\" decoding=\"async\" class=\"alignnone wp-image-4729\" src=\"http:\/\/www.arte.unicen.edu.ar\/semanarte\/wp-content\/uploads\/2022\/03\/REGINA_CELIS_REDES-01-300x300.jpg\" alt=\"\" width=\"450\" height=\"450\" \/><\/p>\n<p><span style=\"font-weight: 400\">Direcci\u00f3n Julia Lavatelli. Act\u00faan: Agustina G. Hoffman, Daniela Ferrari, Anal\u00eda R\u00edos, Lucas M\u00e1ximo, Pedro Sanzano y Gabriela Perez Cubas.\u00a0<\/span><\/p>\n<p><span style=\"font-weight: 400\">Se trata de la puesta en escena de un auditorio de radio de los a\u00f1os \u201950 donde el p\u00fablico ve a los actores grabando el radioteatro REGINA CELIS.<\/span><\/p>\n","protected":false},"excerpt":{"rendered":"<p>Direcci\u00f3n Julia Lavatelli. Act\u00faan: Agustina G. Hoffman, Daniela Ferrari, Anal\u00eda R\u00edos, Lucas M\u00e1ximo, Pedro Sanzano y Gabriela Perez Cubas.\u00a0 Se trata de la puesta en escena de un auditorio de radio de los a\u00f1os \u201950 donde el p\u00fablico ve a los actores grabando el radioteatro REGINA CELIS.<\/p>\n","protected":false},"author":4,"featured_media":0,"comment_status":"closed","ping_status":"closed","template":"","meta":{"_tribe_events_status":"","_tribe_events_status_reason":""},"tags":[],"tribe_events_cat":[],"_links":{"self":[{"href":"https:\/\/www.arte.unicen.edu.ar\/entodas\/index.php?rest_route=\/wp\/v2\/tribe_events\/4727"}],"collection":[{"href":"https:\/\/www.arte.unicen.edu.ar\/entodas\/index.php?rest_route=\/wp\/v2\/tribe_events"}],"about":[{"href":"https:\/\/www.arte.unicen.edu.ar\/entodas\/index.php?rest_route=\/wp\/v2\/types\/tribe_events"}],"author":[{"embeddable":true,"href":"https:\/\/www.arte.unicen.edu.ar\/entodas\/index.php?rest_route=\/wp\/v2\/users\/4"}],"replies":[{"embeddable":true,"href":"https:\/\/www.arte.unicen.edu.ar\/entodas\/index.php?rest_route=%2Fwp%2Fv2%2Fcomments&post=4727"}],"version-history":[{"count":1,"href":"https:\/\/www.arte.unicen.edu.ar\/entodas\/index.php?rest_route=\/wp\/v2\/tribe_events\/4727\/revisions"}],"predecessor-version":[{"id":4730,"href":"https:\/\/www.arte.unicen.edu.ar\/entodas\/index.php?rest_route=\/wp\/v2\/tribe_events\/4727\/revisions\/4730"}],"wp:attachment":[{"href":"https:\/\/www.arte.unicen.edu.ar\/entodas\/index.php?rest_route=%2Fwp%2Fv2%2Fmedia&parent=4727"}],"wp:term":[{"taxonomy":"post_tag","embeddable":true,"href":"https:\/\/www.arte.unicen.edu.ar\/entodas\/index.php?rest_route=%2Fwp%2Fv2%2Ftags&post=4727"},{"taxonomy":"tribe_events_cat","embeddable":true,"href":"https:\/\/www.arte.unicen.edu.ar\/entodas\/index.php?rest_route=%2Fwp%2Fv2%2Ftribe_events_cat&post=4727"}],"curies":[{"name":"wp","href":"https:\/\/api.w.org\/{rel}","templated":true}]}}

<p><img loading="lazy" decoding="async" class="alignnone wp-image-4729" src="http://www.arte.unicen.edu.ar/semanarte/wp-content/uploads/2022/03/REGINA_CELIS_REDES-01-300x300.jpg" alt="" width="450" height="450" /></p>
<p><span style="font-weight: 400">Dirección Julia Lavatelli. Actúan: Agustina G. Hoffman, Daniela Ferrari, Analía Ríos, Lucas Máximo, Pedro Sanzano y Gabriela Perez Cubas. </span></p>
<p><span style="font-weight: 400">Se trata de la puesta en escena de un auditorio de radio de los años ’50 donde el público ve a los actores grabando el radioteatro REGINA CELIS.</span></p>

<p>Dirección Julia Lavatelli. Actúan: Agustina G. Hoffman, Daniela Ferrari, Analía Ríos, Lucas Máximo, Pedro Sanzano y Gabriela Perez Cubas.  Se trata de la puesta en escena de un auditorio de radio de los años ’50 donde el público ve a los actores grabando el radioteatro REGINA CELIS.</p>
