{"id":4724,"date":"2022-03-09T12:56:52","date_gmt":"2022-03-09T15:56:52","guid":{"rendered":"http:\/\/www.arte.unicen.edu.ar\/semanarte\/?post_type=tribe_events&#038;p=4724"},"modified":"2022-03-09T12:56:52","modified_gmt":"2022-03-09T15:56:52","slug":"8m-semana-violeta-en-el-cdab","status":"publish","type":"tribe_events","link":"https:\/\/www.arte.unicen.edu.ar\/entodas\/?tribe_events=8m-semana-violeta-en-el-cdab","title":{"rendered":"#8M. Semana Violeta en el CDAB"},"content":{"rendered":"<p><b>SEMANA VIOLETA en el CDAB<\/b><\/p>\n<p><b>EXHIBICI\u00d3N DE LA BIBLIOTECA ARTE Y DERECHOS en el Hall de la Facultad de Arte.<\/b><\/p>\n<p><span style=\"font-weight: 400\">&#8211; <\/span><span style=\"font-weight: 400\">Exposici\u00f3n y apertura al p\u00fablico de la colecci\u00f3n &#8220;Arte y G\u00e9nero&#8221; <\/span><span style=\"font-weight: 400\"><br \/>\n<\/span><span style=\"font-weight: 400\">&#8211; Muestra audiovisual con contenidos que visibilicen, aborden y\/o reflexionen en torno a g\u00e9nero y diversidades <\/span><span style=\"font-weight: 400\"><br \/>\n<\/span><span style=\"font-weight: 400\">&#8211; Se destinar\u00e1 un espacio en el que los lectores podr\u00e1n intervenir con recomendaciones de libros, fragmentos que los interpelen de aquellos que encuentren en la exposici\u00f3n y deseos\/mensajes sobre el 8M. <\/span><span style=\"font-weight: 400\"><br \/>\n<\/span><span style=\"font-weight: 400\">&#8211; Voces en Ronda &#8211; Fanzines. Escritos de graduadas. \u00c1rea de Formaci\u00f3n Continua.<\/span><\/p>\n<p><span style=\"font-weight: 400\">Organiza: Centro de Documentaci\u00f3n Audiovisual y Biblioteca en coordinaci\u00f3n con Secretar\u00eda Acad\u00e9mica y Secretar\u00eda de Investigaci\u00f3n y Posgrado. <\/span><span style=\"font-weight: 400\">CDAB <\/span><\/p>\n<p><span style=\"font-weight: 400\">cdab@arte.unicen.edu.ar<\/span><\/p>\n<p>&nbsp;<\/p>\n","protected":false},"excerpt":{"rendered":"<p>SEMANA VIOLETA en el CDAB EXHIBICI\u00d3N DE LA BIBLIOTECA ARTE Y DERECHOS en el Hall de la Facultad de Arte. &#8211; Exposici\u00f3n y apertura al p\u00fablico de la colecci\u00f3n &#8220;Arte y G\u00e9nero&#8221; &#8211; Muestra audiovisual con contenidos que visibilicen, aborden y\/o reflexionen en torno a g\u00e9nero y diversidades &#8211; Se destinar\u00e1 un espacio en el que los lectores podr\u00e1n intervenir con recomendaciones de libros, fragmentos que los interpelen de aquellos que encuentren en la exposici\u00f3n y deseos\/mensajes sobre el 8M. &#8211; Voces en Ronda &#8211; Fanzines. Escritos de graduadas. \u00c1rea de Formaci\u00f3n Continua. Organiza: Centro de Documentaci\u00f3n Audiovisual y Biblioteca en coordinaci\u00f3n con Secretar\u00eda Acad\u00e9mica y Secretar\u00eda de Investigaci\u00f3n y Posgrado. CDAB cdab@arte.unicen.edu.ar &nbsp;<\/p>\n","protected":false},"author":4,"featured_media":0,"comment_status":"closed","ping_status":"closed","template":"","meta":{"_tribe_events_status":"","_tribe_events_status_reason":""},"tags":[],"tribe_events_cat":[],"_links":{"self":[{"href":"https:\/\/www.arte.unicen.edu.ar\/entodas\/index.php?rest_route=\/wp\/v2\/tribe_events\/4724"}],"collection":[{"href":"https:\/\/www.arte.unicen.edu.ar\/entodas\/index.php?rest_route=\/wp\/v2\/tribe_events"}],"about":[{"href":"https:\/\/www.arte.unicen.edu.ar\/entodas\/index.php?rest_route=\/wp\/v2\/types\/tribe_events"}],"author":[{"embeddable":true,"href":"https:\/\/www.arte.unicen.edu.ar\/entodas\/index.php?rest_route=\/wp\/v2\/users\/4"}],"replies":[{"embeddable":true,"href":"https:\/\/www.arte.unicen.edu.ar\/entodas\/index.php?rest_route=%2Fwp%2Fv2%2Fcomments&post=4724"}],"version-history":[{"count":1,"href":"https:\/\/www.arte.unicen.edu.ar\/entodas\/index.php?rest_route=\/wp\/v2\/tribe_events\/4724\/revisions"}],"predecessor-version":[{"id":4725,"href":"https:\/\/www.arte.unicen.edu.ar\/entodas\/index.php?rest_route=\/wp\/v2\/tribe_events\/4724\/revisions\/4725"}],"wp:attachment":[{"href":"https:\/\/www.arte.unicen.edu.ar\/entodas\/index.php?rest_route=%2Fwp%2Fv2%2Fmedia&parent=4724"}],"wp:term":[{"taxonomy":"post_tag","embeddable":true,"href":"https:\/\/www.arte.unicen.edu.ar\/entodas\/index.php?rest_route=%2Fwp%2Fv2%2Ftags&post=4724"},{"taxonomy":"tribe_events_cat","embeddable":true,"href":"https:\/\/www.arte.unicen.edu.ar\/entodas\/index.php?rest_route=%2Fwp%2Fv2%2Ftribe_events_cat&post=4724"}],"curies":[{"name":"wp","href":"https:\/\/api.w.org\/{rel}","templated":true}]}}

<p><b>SEMANA VIOLETA en el CDAB</b></p>
<p><b>EXHIBICIÓN DE LA BIBLIOTECA ARTE Y DERECHOS en el Hall de la Facultad de Arte.</b></p>
<p><span style="font-weight: 400">&#8211; </span><span style="font-weight: 400">Exposición y apertura al público de la colección &#8220;Arte y Género&#8221; </span><span style="font-weight: 400"><br />
</span><span style="font-weight: 400">&#8211; Muestra audiovisual con contenidos que visibilicen, aborden y/o reflexionen en torno a género y diversidades </span><span style="font-weight: 400"><br />
</span><span style="font-weight: 400">&#8211; Se destinará un espacio en el que los lectores podrán intervenir con recomendaciones de libros, fragmentos que los interpelen de aquellos que encuentren en la exposición y deseos/mensajes sobre el 8M. </span><span style="font-weight: 400"><br />
</span><span style="font-weight: 400">&#8211; Voces en Ronda &#8211; Fanzines. Escritos de graduadas. Área de Formación Continua.</span></p>
<p><span style="font-weight: 400">Organiza: Centro de Documentación Audiovisual y Biblioteca en coordinación con Secretaría Académica y Secretaría de Investigación y Posgrado. </span><span style="font-weight: 400">CDAB </span></p>
<p><span style="font-weight: 400">cdab@arte.unicen.edu.ar</span></p>
<p>&nbsp;</p>

<p>SEMANA VIOLETA en el CDAB EXHIBICIÓN DE LA BIBLIOTECA ARTE Y DERECHOS en el Hall de la Facultad de Arte. &#8211; Exposición y apertura al público de la colección &#8220;Arte y Género&#8221; &#8211; Muestra audiovisual con contenidos que visibilicen, aborden y/o reflexionen en torno a género y diversidades &#8211; Se destinará un espacio en el que los lectores podrán intervenir con recomendaciones de libros, fragmentos que los interpelen de aquellos que encuentren en la exposición y deseos/mensajes sobre el 8M. &#8211; Voces en Ronda &#8211; Fanzines. Escritos de graduadas. Área de Formación Continua. Organiza: Centro de Documentación Audiovisual y Biblioteca en coordinación con Secretaría Académica y Secretaría de Investigación y Posgrado. CDAB cdab@arte.unicen.edu.ar &nbsp;</p>
