{"id":4698,"date":"2022-03-09T09:22:31","date_gmt":"2022-03-09T12:22:31","guid":{"rendered":"http:\/\/www.arte.unicen.edu.ar\/semanarte\/?post_type=tribe_events&#038;p=4698"},"modified":"2022-03-09T09:23:44","modified_gmt":"2022-03-09T12:23:44","slug":"jesus-lopez","status":"publish","type":"tribe_events","link":"https:\/\/www.arte.unicen.edu.ar\/entodas\/?tribe_events=jesus-lopez","title":{"rendered":"JES\u00daS L\u00d3PEZ"},"content":{"rendered":"<p><img loading=\"lazy\" decoding=\"async\" class=\"alignnone wp-image-4699\" src=\"http:\/\/www.arte.unicen.edu.ar\/semanarte\/wp-content\/uploads\/2022\/03\/jesus-lopez-300x300.jpg\" alt=\"\" width=\"450\" height=\"450\" \/><\/p>\n<p><strong>Jes\u00fas L\u00f3pez<\/strong><\/p>\n<div dir=\"auto\" style=\"text-align: justify\">Dir. Maximiliano Schonfeld<\/div>\n<div dir=\"auto\" style=\"text-align: justify\">SAM13 &#8211; Drama \u2013 87min.<\/div>\n<div dir=\"auto\" style=\"text-align: justify\">Con: Lucas Schell, Joaqu\u00edn Spahn, Sof\u00eda Palomino<\/div>\n<div dir=\"auto\"><\/div>\n<div dir=\"auto\" style=\"text-align: justify\">*S\u00e1bado 12\/3 20hs*<\/div>\n<div dir=\"auto\" style=\"text-align: justify\"><\/div>\n<div dir=\"auto\"><strong>Sinopsis:\u00a0<\/strong><\/div>\n<div dir=\"auto\" style=\"text-align: justify\">Jes\u00fas L\u00f3pez, un joven piloto de carreras, muere accidentalmente dejando su pueblo conmocionado. Su primo Abel, un adolescente sin rumbo, se siente poco a poco tentado a ocupar su lugar. Se instala con los padres de Jes\u00fas, viste su ropa, sale con sus amigos y su exnovia. Al principio la gente lo acepta y a Abel le gusta este papel. Pero el parecido con su primo se vuelve inquietante, hasta el punto de que acaba transform\u00e1ndose en Jes\u00fas L\u00f3pez. En el pueblo se organiza una carrera en homenaje a Jes\u00fas. Animado por el esp\u00edritu de su primo, Abel conduce el coche del difunto. El resultado de esta carrera determinar\u00e1 si la transformaci\u00f3n se vuelve o no definitiva.<\/div>\n","protected":false},"excerpt":{"rendered":"<p>Jes\u00fas L\u00f3pez Dir. Maximiliano Schonfeld SAM13 &#8211; Drama \u2013 87min. Con: Lucas Schell, Joaqu\u00edn Spahn, Sof\u00eda Palomino *S\u00e1bado 12\/3 20hs* Sinopsis:\u00a0 Jes\u00fas L\u00f3pez, un joven piloto de carreras, muere accidentalmente dejando su pueblo conmocionado. Su primo Abel, un adolescente sin rumbo, se siente poco a poco tentado a ocupar su lugar. Se instala con los padres de Jes\u00fas, viste su ropa, sale con sus amigos y su exnovia. Al principio la gente lo acepta y a Abel le gusta este papel. Pero el parecido con su primo se vuelve inquietante, hasta el punto de que acaba transform\u00e1ndose en Jes\u00fas L\u00f3pez. En el pueblo se organiza una carrera en homenaje a Jes\u00fas. Animado por el esp\u00edritu de su primo, Abel conduce el coche del difunto. El resultado de esta carrera determinar\u00e1 si la transformaci\u00f3n se vuelve o no definitiva.<\/p>\n","protected":false},"author":4,"featured_media":0,"comment_status":"closed","ping_status":"closed","template":"","meta":{"_tribe_events_status":"","_tribe_events_status_reason":""},"tags":[],"tribe_events_cat":[],"_links":{"self":[{"href":"https:\/\/www.arte.unicen.edu.ar\/entodas\/index.php?rest_route=\/wp\/v2\/tribe_events\/4698"}],"collection":[{"href":"https:\/\/www.arte.unicen.edu.ar\/entodas\/index.php?rest_route=\/wp\/v2\/tribe_events"}],"about":[{"href":"https:\/\/www.arte.unicen.edu.ar\/entodas\/index.php?rest_route=\/wp\/v2\/types\/tribe_events"}],"author":[{"embeddable":true,"href":"https:\/\/www.arte.unicen.edu.ar\/entodas\/index.php?rest_route=\/wp\/v2\/users\/4"}],"replies":[{"embeddable":true,"href":"https:\/\/www.arte.unicen.edu.ar\/entodas\/index.php?rest_route=%2Fwp%2Fv2%2Fcomments&post=4698"}],"version-history":[{"count":2,"href":"https:\/\/www.arte.unicen.edu.ar\/entodas\/index.php?rest_route=\/wp\/v2\/tribe_events\/4698\/revisions"}],"predecessor-version":[{"id":4701,"href":"https:\/\/www.arte.unicen.edu.ar\/entodas\/index.php?rest_route=\/wp\/v2\/tribe_events\/4698\/revisions\/4701"}],"wp:attachment":[{"href":"https:\/\/www.arte.unicen.edu.ar\/entodas\/index.php?rest_route=%2Fwp%2Fv2%2Fmedia&parent=4698"}],"wp:term":[{"taxonomy":"post_tag","embeddable":true,"href":"https:\/\/www.arte.unicen.edu.ar\/entodas\/index.php?rest_route=%2Fwp%2Fv2%2Ftags&post=4698"},{"taxonomy":"tribe_events_cat","embeddable":true,"href":"https:\/\/www.arte.unicen.edu.ar\/entodas\/index.php?rest_route=%2Fwp%2Fv2%2Ftribe_events_cat&post=4698"}],"curies":[{"name":"wp","href":"https:\/\/api.w.org\/{rel}","templated":true}]}}

JESÚS LÓPEZ

<p><img loading="lazy" decoding="async" class="alignnone wp-image-4699" src="http://www.arte.unicen.edu.ar/semanarte/wp-content/uploads/2022/03/jesus-lopez-300x300.jpg" alt="" width="450" height="450" /></p>
<p><strong>Jesús López</strong></p>
<div dir="auto" style="text-align: justify">Dir. Maximiliano Schonfeld</div>
<div dir="auto" style="text-align: justify">SAM13 &#8211; Drama – 87min.</div>
<div dir="auto" style="text-align: justify">Con: Lucas Schell, Joaquín Spahn, Sofía Palomino</div>
<div dir="auto"></div>
<div dir="auto" style="text-align: justify">*Sábado 12/3 20hs*</div>
<div dir="auto" style="text-align: justify"></div>
<div dir="auto"><strong>Sinopsis: </strong></div>
<div dir="auto" style="text-align: justify">Jesús López, un joven piloto de carreras, muere accidentalmente dejando su pueblo conmocionado. Su primo Abel, un adolescente sin rumbo, se siente poco a poco tentado a ocupar su lugar. Se instala con los padres de Jesús, viste su ropa, sale con sus amigos y su exnovia. Al principio la gente lo acepta y a Abel le gusta este papel. Pero el parecido con su primo se vuelve inquietante, hasta el punto de que acaba transformándose en Jesús López. En el pueblo se organiza una carrera en homenaje a Jesús. Animado por el espíritu de su primo, Abel conduce el coche del difunto. El resultado de esta carrera determinará si la transformación se vuelve o no definitiva.</div>

<p>Jesús López Dir. Maximiliano Schonfeld SAM13 &#8211; Drama – 87min. Con: Lucas Schell, Joaquín Spahn, Sofía Palomino *Sábado 12/3 20hs* Sinopsis:  Jesús López, un joven piloto de carreras, muere accidentalmente dejando su pueblo conmocionado. Su primo Abel, un adolescente sin rumbo, se siente poco a poco tentado a ocupar su lugar. Se instala con los padres de Jesús, viste su ropa, sale con sus amigos y su exnovia. Al principio la gente lo acepta y a Abel le gusta este papel. Pero el parecido con su primo se vuelve inquietante, hasta el punto de que acaba transformándose en Jesús López. En el pueblo se organiza una carrera en homenaje a Jesús. Animado por el espíritu de su primo, Abel conduce el coche del difunto. El resultado de esta carrera determinará si la transformación se vuelve o no definitiva.</p>
