{"id":4679,"date":"2022-03-03T10:36:42","date_gmt":"2022-03-03T13:36:42","guid":{"rendered":"http:\/\/www.arte.unicen.edu.ar\/semanarte\/?post_type=tribe_events&#038;p=4679"},"modified":"2022-03-03T10:37:21","modified_gmt":"2022-03-03T13:37:21","slug":"la-vida-dormida-espacio-incaa-unicen","status":"publish","type":"tribe_events","link":"https:\/\/www.arte.unicen.edu.ar\/entodas\/?tribe_events=la-vida-dormida-espacio-incaa-unicen","title":{"rendered":"LA VIDA DORMIDA (Espacio Incaa Unicen)"},"content":{"rendered":"<p><img loading=\"lazy\" decoding=\"async\" class=\"alignnone wp-image-4680\" src=\"http:\/\/www.arte.unicen.edu.ar\/semanarte\/wp-content\/uploads\/2022\/03\/la-vida-dormida-300x300.jpg\" alt=\"\" width=\"450\" height=\"450\" \/><\/p>\n<p><strong>LA VIDA DORMIDA<\/strong><\/p>\n<div dir=\"auto\">Dir. Natalia Labak\u00e9<\/div>\n<div dir=\"auto\">SAM13 &#8211; Documental \u2013 74min.<\/div>\n<div dir=\"auto\"><\/div>\n<div dir=\"auto\"><strong>Sinopsis:<\/strong><\/div>\n<div dir=\"auto\" style=\"text-align: justify\">\u00bfC\u00f3mo hacer visible lo invisible? En la primera media hora de La vida dormida, seguimos el ascenso del abogado y pol\u00edtico argentino Juan Gabriel Labak\u00e9, quien respald\u00f3 a Carlos Menem y al partido peronista en la d\u00e9cada de 1990. Los videos caseros grabados por su esposa muestran a Labak\u00e9 viajando, en la campa\u00f1a electoral y en casa con su familia.<\/div>\n","protected":false},"excerpt":{"rendered":"<p>LA VIDA DORMIDA Dir. Natalia Labak\u00e9 SAM13 &#8211; Documental \u2013 74min. Sinopsis: \u00bfC\u00f3mo hacer visible lo invisible? En la primera media hora de La vida dormida, seguimos el ascenso del abogado y pol\u00edtico argentino Juan Gabriel Labak\u00e9, quien respald\u00f3 a Carlos Menem y al partido peronista en la d\u00e9cada de 1990. Los videos caseros grabados por su esposa muestran a Labak\u00e9 viajando, en la campa\u00f1a electoral y en casa con su familia.<\/p>\n","protected":false},"author":4,"featured_media":0,"comment_status":"closed","ping_status":"closed","template":"","meta":{"_tribe_events_status":"","_tribe_events_status_reason":""},"tags":[],"tribe_events_cat":[],"_links":{"self":[{"href":"https:\/\/www.arte.unicen.edu.ar\/entodas\/index.php?rest_route=\/wp\/v2\/tribe_events\/4679"}],"collection":[{"href":"https:\/\/www.arte.unicen.edu.ar\/entodas\/index.php?rest_route=\/wp\/v2\/tribe_events"}],"about":[{"href":"https:\/\/www.arte.unicen.edu.ar\/entodas\/index.php?rest_route=\/wp\/v2\/types\/tribe_events"}],"author":[{"embeddable":true,"href":"https:\/\/www.arte.unicen.edu.ar\/entodas\/index.php?rest_route=\/wp\/v2\/users\/4"}],"replies":[{"embeddable":true,"href":"https:\/\/www.arte.unicen.edu.ar\/entodas\/index.php?rest_route=%2Fwp%2Fv2%2Fcomments&post=4679"}],"version-history":[{"count":2,"href":"https:\/\/www.arte.unicen.edu.ar\/entodas\/index.php?rest_route=\/wp\/v2\/tribe_events\/4679\/revisions"}],"predecessor-version":[{"id":4682,"href":"https:\/\/www.arte.unicen.edu.ar\/entodas\/index.php?rest_route=\/wp\/v2\/tribe_events\/4679\/revisions\/4682"}],"wp:attachment":[{"href":"https:\/\/www.arte.unicen.edu.ar\/entodas\/index.php?rest_route=%2Fwp%2Fv2%2Fmedia&parent=4679"}],"wp:term":[{"taxonomy":"post_tag","embeddable":true,"href":"https:\/\/www.arte.unicen.edu.ar\/entodas\/index.php?rest_route=%2Fwp%2Fv2%2Ftags&post=4679"},{"taxonomy":"tribe_events_cat","embeddable":true,"href":"https:\/\/www.arte.unicen.edu.ar\/entodas\/index.php?rest_route=%2Fwp%2Fv2%2Ftribe_events_cat&post=4679"}],"curies":[{"name":"wp","href":"https:\/\/api.w.org\/{rel}","templated":true}]}}

<p><img loading="lazy" decoding="async" class="alignnone wp-image-4680" src="http://www.arte.unicen.edu.ar/semanarte/wp-content/uploads/2022/03/la-vida-dormida-300x300.jpg" alt="" width="450" height="450" /></p>
<p><strong>LA VIDA DORMIDA</strong></p>
<div dir="auto">Dir. Natalia Labaké</div>
<div dir="auto">SAM13 &#8211; Documental – 74min.</div>
<div dir="auto"></div>
<div dir="auto"><strong>Sinopsis:</strong></div>
<div dir="auto" style="text-align: justify">¿Cómo hacer visible lo invisible? En la primera media hora de La vida dormida, seguimos el ascenso del abogado y político argentino Juan Gabriel Labaké, quien respaldó a Carlos Menem y al partido peronista en la década de 1990. Los videos caseros grabados por su esposa muestran a Labaké viajando, en la campaña electoral y en casa con su familia.</div>

<p>LA VIDA DORMIDA Dir. Natalia Labaké SAM13 &#8211; Documental – 74min. Sinopsis: ¿Cómo hacer visible lo invisible? En la primera media hora de La vida dormida, seguimos el ascenso del abogado y político argentino Juan Gabriel Labaké, quien respaldó a Carlos Menem y al partido peronista en la década de 1990. Los videos caseros grabados por su esposa muestran a Labaké viajando, en la campaña electoral y en casa con su familia.</p>
