{"id":4676,"date":"2022-03-03T10:29:09","date_gmt":"2022-03-03T13:29:09","guid":{"rendered":"http:\/\/www.arte.unicen.edu.ar\/semanarte\/?post_type=tribe_events&#038;p=4676"},"modified":"2022-03-03T10:29:09","modified_gmt":"2022-03-03T13:29:09","slug":"karakol-espacio-incaa-unicen","status":"publish","type":"tribe_events","link":"https:\/\/www.arte.unicen.edu.ar\/entodas\/?tribe_events=karakol-espacio-incaa-unicen","title":{"rendered":"KARAKOL (Espacio Incaa Unicen)"},"content":{"rendered":"<p><img loading=\"lazy\" decoding=\"async\" class=\"alignnone wp-image-4677\" src=\"http:\/\/www.arte.unicen.edu.ar\/semanarte\/wp-content\/uploads\/2022\/03\/karakol-300x300.jpg\" alt=\"\" width=\"450\" height=\"450\" \/><\/p>\n<p><strong>KARAKOL<\/strong><\/p>\n<div dir=\"auto\">Dir. Saula Benavente<\/div>\n<div dir=\"auto\">SAM13 &#8211; Drama \u2013 93min.<\/div>\n<div dir=\"auto\">Con: Agustina Mu\u00f1oz, Soledad Silveyra, Dominique Sanda<\/div>\n<div dir=\"auto\"><\/div>\n<div dir=\"auto\"><strong>Sinopsis:\u00a0<\/strong><\/div>\n<div dir=\"auto\" style=\"text-align: justify\">Clara no logra aceptar la reciente muerte de su padre: tiene que haber algo m\u00e1s. As\u00ed, revolviendo papeles encuentra se\u00f1ales que la llevan a un lago remoto en Tajikist\u00e1n donde cree que su padre ten\u00eda otra vida. Pero una vez all\u00e1, \u00bfde qu\u00e9 sirve develar el secreto profundo de quien uno ama? \u00bfQu\u00e9 sentido tiene revelarlo? \u00bfAcaso empe\u00f1arse a descubrirlo no responde solo a sus propias mezquindades? Sin darse cuenta, construyendo su propio secreto, Clara comprender\u00e1 que existe en todos un lugar bien hondo, s\u00f3lo para uno mismo.<\/div>\n","protected":false},"excerpt":{"rendered":"<p>KARAKOL Dir. Saula Benavente SAM13 &#8211; Drama \u2013 93min. Con: Agustina Mu\u00f1oz, Soledad Silveyra, Dominique Sanda Sinopsis:\u00a0 Clara no logra aceptar la reciente muerte de su padre: tiene que haber algo m\u00e1s. As\u00ed, revolviendo papeles encuentra se\u00f1ales que la llevan a un lago remoto en Tajikist\u00e1n donde cree que su padre ten\u00eda otra vida. Pero una vez all\u00e1, \u00bfde qu\u00e9 sirve develar el secreto profundo de quien uno ama? \u00bfQu\u00e9 sentido tiene revelarlo? \u00bfAcaso empe\u00f1arse a descubrirlo no responde solo a sus propias mezquindades? Sin darse cuenta, construyendo su propio secreto, Clara comprender\u00e1 que existe en todos un lugar bien hondo, s\u00f3lo para uno mismo.<\/p>\n","protected":false},"author":4,"featured_media":0,"comment_status":"closed","ping_status":"closed","template":"","meta":{"_tribe_events_status":"","_tribe_events_status_reason":""},"tags":[],"tribe_events_cat":[],"_links":{"self":[{"href":"https:\/\/www.arte.unicen.edu.ar\/entodas\/index.php?rest_route=\/wp\/v2\/tribe_events\/4676"}],"collection":[{"href":"https:\/\/www.arte.unicen.edu.ar\/entodas\/index.php?rest_route=\/wp\/v2\/tribe_events"}],"about":[{"href":"https:\/\/www.arte.unicen.edu.ar\/entodas\/index.php?rest_route=\/wp\/v2\/types\/tribe_events"}],"author":[{"embeddable":true,"href":"https:\/\/www.arte.unicen.edu.ar\/entodas\/index.php?rest_route=\/wp\/v2\/users\/4"}],"replies":[{"embeddable":true,"href":"https:\/\/www.arte.unicen.edu.ar\/entodas\/index.php?rest_route=%2Fwp%2Fv2%2Fcomments&post=4676"}],"version-history":[{"count":1,"href":"https:\/\/www.arte.unicen.edu.ar\/entodas\/index.php?rest_route=\/wp\/v2\/tribe_events\/4676\/revisions"}],"predecessor-version":[{"id":4678,"href":"https:\/\/www.arte.unicen.edu.ar\/entodas\/index.php?rest_route=\/wp\/v2\/tribe_events\/4676\/revisions\/4678"}],"wp:attachment":[{"href":"https:\/\/www.arte.unicen.edu.ar\/entodas\/index.php?rest_route=%2Fwp%2Fv2%2Fmedia&parent=4676"}],"wp:term":[{"taxonomy":"post_tag","embeddable":true,"href":"https:\/\/www.arte.unicen.edu.ar\/entodas\/index.php?rest_route=%2Fwp%2Fv2%2Ftags&post=4676"},{"taxonomy":"tribe_events_cat","embeddable":true,"href":"https:\/\/www.arte.unicen.edu.ar\/entodas\/index.php?rest_route=%2Fwp%2Fv2%2Ftribe_events_cat&post=4676"}],"curies":[{"name":"wp","href":"https:\/\/api.w.org\/{rel}","templated":true}]}}

<p><img loading="lazy" decoding="async" class="alignnone wp-image-4677" src="http://www.arte.unicen.edu.ar/semanarte/wp-content/uploads/2022/03/karakol-300x300.jpg" alt="" width="450" height="450" /></p>
<p><strong>KARAKOL</strong></p>
<div dir="auto">Dir. Saula Benavente</div>
<div dir="auto">SAM13 &#8211; Drama – 93min.</div>
<div dir="auto">Con: Agustina Muñoz, Soledad Silveyra, Dominique Sanda</div>
<div dir="auto"></div>
<div dir="auto"><strong>Sinopsis: </strong></div>
<div dir="auto" style="text-align: justify">Clara no logra aceptar la reciente muerte de su padre: tiene que haber algo más. Así, revolviendo papeles encuentra señales que la llevan a un lago remoto en Tajikistán donde cree que su padre tenía otra vida. Pero una vez allá, ¿de qué sirve develar el secreto profundo de quien uno ama? ¿Qué sentido tiene revelarlo? ¿Acaso empeñarse a descubrirlo no responde solo a sus propias mezquindades? Sin darse cuenta, construyendo su propio secreto, Clara comprenderá que existe en todos un lugar bien hondo, sólo para uno mismo.</div>

<p>KARAKOL Dir. Saula Benavente SAM13 &#8211; Drama – 93min. Con: Agustina Muñoz, Soledad Silveyra, Dominique Sanda Sinopsis:  Clara no logra aceptar la reciente muerte de su padre: tiene que haber algo más. Así, revolviendo papeles encuentra señales que la llevan a un lago remoto en Tajikistán donde cree que su padre tenía otra vida. Pero una vez allá, ¿de qué sirve develar el secreto profundo de quien uno ama? ¿Qué sentido tiene revelarlo? ¿Acaso empeñarse a descubrirlo no responde solo a sus propias mezquindades? Sin darse cuenta, construyendo su propio secreto, Clara comprenderá que existe en todos un lugar bien hondo, sólo para uno mismo.</p>
