{"id":4659,"date":"2022-03-02T10:09:15","date_gmt":"2022-03-02T13:09:15","guid":{"rendered":"http:\/\/www.arte.unicen.edu.ar\/semanarte\/?post_type=tribe_events&#038;p=4659"},"modified":"2022-03-02T10:09:47","modified_gmt":"2022-03-02T13:09:47","slug":"desvistiendo-silencios","status":"publish","type":"tribe_events","link":"https:\/\/www.arte.unicen.edu.ar\/entodas\/?tribe_events=desvistiendo-silencios","title":{"rendered":"DESVISTIENDO SILENCIOS"},"content":{"rendered":"<p><img loading=\"lazy\" decoding=\"async\" class=\"alignnone wp-image-4660\" src=\"http:\/\/www.arte.unicen.edu.ar\/semanarte\/wp-content\/uploads\/2022\/03\/273850307_3299663193597527_4276775236157917355_n-300x212.jpg\" alt=\"\" width=\"450\" height=\"318\" \/><\/p>\n<p><strong>&#8220;DESVISTIENDO SILENCIOS&#8221;<\/strong><\/p>\n<p style=\"text-align: justify\">Dramaturgia: Yanina Crescente, \u00c9rica Lanzini, Mar\u00eda Elena Nemi, Nora Sanabria<br \/>\nDirecci\u00f3n: Mar\u00eda Elena Nemi<br \/>\nMusicalizaci\u00f3n: Gabriel Alegretti<br \/>\nImagen de fotograf\u00eda: Manuela Pose<br \/>\nD\u00edselo gr\u00e1fico: Ezequiel Alvarez<\/p>\n<div class=\"kvgmc6g5 cxmmr5t8 oygrvhab hcukyx3x c1et5uql\" style=\"text-align: justify\">DESVISTIENDO SILENCIOS (Dramaturgias amalgamadas)<\/div>\n<div class=\"cxmmr5t8 oygrvhab hcukyx3x c1et5uql o9v6fnle\" style=\"text-align: justify\">\u00bfQui\u00e9n escribe los silencios de tu historia? \u00bfQui\u00e9n los escucha?<br \/>\nVoces, cuerpos , pasos que hablan y avanzan revelando sus historias&#8230; Historias que pueden ser la tuya, la m\u00eda, la nuestra.<\/div>\n","protected":false},"excerpt":{"rendered":"<p>&#8220;DESVISTIENDO SILENCIOS&#8221; Dramaturgia: Yanina Crescente, \u00c9rica Lanzini, Mar\u00eda Elena Nemi, Nora Sanabria Direcci\u00f3n: Mar\u00eda Elena Nemi Musicalizaci\u00f3n: Gabriel Alegretti Imagen de fotograf\u00eda: Manuela Pose D\u00edselo gr\u00e1fico: Ezequiel Alvarez DESVISTIENDO SILENCIOS (Dramaturgias amalgamadas) \u00bfQui\u00e9n escribe los silencios de tu historia? \u00bfQui\u00e9n los escucha? Voces, cuerpos , pasos que hablan y avanzan revelando sus historias&#8230; Historias que pueden ser la tuya, la m\u00eda, la nuestra.<\/p>\n","protected":false},"author":4,"featured_media":0,"comment_status":"closed","ping_status":"closed","template":"","meta":{"_tribe_events_status":"","_tribe_events_status_reason":""},"tags":[],"tribe_events_cat":[],"_links":{"self":[{"href":"https:\/\/www.arte.unicen.edu.ar\/entodas\/index.php?rest_route=\/wp\/v2\/tribe_events\/4659"}],"collection":[{"href":"https:\/\/www.arte.unicen.edu.ar\/entodas\/index.php?rest_route=\/wp\/v2\/tribe_events"}],"about":[{"href":"https:\/\/www.arte.unicen.edu.ar\/entodas\/index.php?rest_route=\/wp\/v2\/types\/tribe_events"}],"author":[{"embeddable":true,"href":"https:\/\/www.arte.unicen.edu.ar\/entodas\/index.php?rest_route=\/wp\/v2\/users\/4"}],"replies":[{"embeddable":true,"href":"https:\/\/www.arte.unicen.edu.ar\/entodas\/index.php?rest_route=%2Fwp%2Fv2%2Fcomments&post=4659"}],"version-history":[{"count":1,"href":"https:\/\/www.arte.unicen.edu.ar\/entodas\/index.php?rest_route=\/wp\/v2\/tribe_events\/4659\/revisions"}],"predecessor-version":[{"id":4661,"href":"https:\/\/www.arte.unicen.edu.ar\/entodas\/index.php?rest_route=\/wp\/v2\/tribe_events\/4659\/revisions\/4661"}],"wp:attachment":[{"href":"https:\/\/www.arte.unicen.edu.ar\/entodas\/index.php?rest_route=%2Fwp%2Fv2%2Fmedia&parent=4659"}],"wp:term":[{"taxonomy":"post_tag","embeddable":true,"href":"https:\/\/www.arte.unicen.edu.ar\/entodas\/index.php?rest_route=%2Fwp%2Fv2%2Ftags&post=4659"},{"taxonomy":"tribe_events_cat","embeddable":true,"href":"https:\/\/www.arte.unicen.edu.ar\/entodas\/index.php?rest_route=%2Fwp%2Fv2%2Ftribe_events_cat&post=4659"}],"curies":[{"name":"wp","href":"https:\/\/api.w.org\/{rel}","templated":true}]}}

<p><img loading="lazy" decoding="async" class="alignnone wp-image-4660" src="http://www.arte.unicen.edu.ar/semanarte/wp-content/uploads/2022/03/273850307_3299663193597527_4276775236157917355_n-300x212.jpg" alt="" width="450" height="318" /></p>
<p><strong>&#8220;DESVISTIENDO SILENCIOS&#8221;</strong></p>
<p style="text-align: justify">Dramaturgia: Yanina Crescente, Érica Lanzini, María Elena Nemi, Nora Sanabria<br />
Dirección: María Elena Nemi<br />
Musicalización: Gabriel Alegretti<br />
Imagen de fotografía: Manuela Pose<br />
Díselo gráfico: Ezequiel Alvarez</p>
<div class="kvgmc6g5 cxmmr5t8 oygrvhab hcukyx3x c1et5uql" style="text-align: justify">DESVISTIENDO SILENCIOS (Dramaturgias amalgamadas)</div>
<div class="cxmmr5t8 oygrvhab hcukyx3x c1et5uql o9v6fnle" style="text-align: justify">¿Quién escribe los silencios de tu historia? ¿Quién los escucha?<br />
Voces, cuerpos , pasos que hablan y avanzan revelando sus historias&#8230; Historias que pueden ser la tuya, la mía, la nuestra.</div>

<p>&#8220;DESVISTIENDO SILENCIOS&#8221; Dramaturgia: Yanina Crescente, Érica Lanzini, María Elena Nemi, Nora Sanabria Dirección: María Elena Nemi Musicalización: Gabriel Alegretti Imagen de fotografía: Manuela Pose Díselo gráfico: Ezequiel Alvarez DESVISTIENDO SILENCIOS (Dramaturgias amalgamadas) ¿Quién escribe los silencios de tu historia? ¿Quién los escucha? Voces, cuerpos , pasos que hablan y avanzan revelando sus historias&#8230; Historias que pueden ser la tuya, la mía, la nuestra.</p>
