{"id":4604,"date":"2022-02-22T09:36:51","date_gmt":"2022-02-22T12:36:51","guid":{"rendered":"http:\/\/www.arte.unicen.edu.ar\/semanarte\/?post_type=tribe_events&#038;p=4604"},"modified":"2022-02-22T09:37:53","modified_gmt":"2022-02-22T12:37:53","slug":"4604","status":"publish","type":"tribe_events","link":"https:\/\/www.arte.unicen.edu.ar\/entodas\/?tribe_events=4604","title":{"rendered":"El Hall se muestra. Marzo por la Memoria"},"content":{"rendered":"<div><img loading=\"lazy\" decoding=\"async\" class=\"alignnone wp-image-4605\" src=\"http:\/\/www.arte.unicen.edu.ar\/semanarte\/wp-content\/uploads\/2022\/02\/MARZ-POR-LA-MEMORIA-213x300.jpg\" alt=\"\" width=\"450\" height=\"634\" \/><\/div>\n<div><\/div>\n<div>La propuesta se enmarca en las actividades organizadas por la Facultad de Arte, a trav\u00e9s de su Secretar\u00eda de Extensi\u00f3n, en conmemoraci\u00f3n de la \u00faltima dictadura argentina.<\/div>\n<div style=\"padding-left: 30px\"><\/div>\n<div><\/div>\n<div>La muestra <strong>\u201cJ\u00f3venes en escena\u201d<\/strong> est\u00e1 constituida por un conjunto de fotos de diferentes acontecimientos hist\u00f3ricos que tuvieron a lxs j\u00f3venes como protagonistas de la escena p\u00fablica, en un recorrido que va desde la d\u00e9cada del 60 hasta la actualidad.<\/div>\n<div><\/div>\n<div><\/div>\n<div>Por su parte, <strong>\u201cViolencias\u201d<\/strong> es una muestra donde el fot\u00f3grafo Eduardo Longoni expone las huellas del terror y el despojo material instaurados en la historia argentina a partir del golpe militar de 1976, encabezado por Jorge Rafael Videla, Emilio Eduardo Massera y Orlando Ram\u00f3n Agosti. Una pol\u00edtica de tortura y represi\u00f3n para acallar las resistencias a un plan econ\u00f3mico al mando de Mart\u00ednez de Hoz, de concentraci\u00f3n de riquezas en los sectores m\u00e1s poderosos nacionales y multinacionales, endeudamiento p\u00fablico, hambre y desocupaci\u00f3n para las mayor\u00edas populares. Las consecuencias del Genocidio implicaron la muerte y desaparici\u00f3n de 30.000 personas, el desamparo econ\u00f3mico y la desaparici\u00f3n social. Una pobreza estructural que lleg\u00f3 para quedarse.<\/div>\n","protected":false},"excerpt":{"rendered":"<p>La propuesta se enmarca en las actividades organizadas por la Facultad de Arte, a trav\u00e9s de su Secretar\u00eda de Extensi\u00f3n, en conmemoraci\u00f3n de la \u00faltima dictadura argentina. La muestra \u201cJ\u00f3venes en escena\u201d est\u00e1 constituida por un conjunto de fotos de diferentes acontecimientos hist\u00f3ricos que tuvieron a lxs j\u00f3venes como protagonistas de la escena p\u00fablica, en un recorrido que va desde la d\u00e9cada del 60 hasta la actualidad. Por su parte, \u201cViolencias\u201d es una muestra donde el fot\u00f3grafo Eduardo Longoni expone las huellas del terror y el despojo material instaurados en la historia argentina a partir del golpe militar de 1976, encabezado por Jorge Rafael Videla, Emilio Eduardo Massera y Orlando Ram\u00f3n Agosti. Una pol\u00edtica de tortura y represi\u00f3n para acallar las resistencias a un plan econ\u00f3mico al mando de Mart\u00ednez de Hoz, de concentraci\u00f3n de riquezas en los sectores m\u00e1s poderosos nacionales y multinacionales, endeudamiento p\u00fablico, hambre y desocupaci\u00f3n para&hellip;<\/p>\n<p> <a class=\"more-link\" href=\"https:\/\/www.arte.unicen.edu.ar\/entodas\/?tribe_events=4604\">Read more<\/a><\/p>\n","protected":false},"author":4,"featured_media":0,"comment_status":"closed","ping_status":"closed","template":"","meta":{"_tribe_events_status":"","_tribe_events_status_reason":""},"tags":[],"tribe_events_cat":[],"_links":{"self":[{"href":"https:\/\/www.arte.unicen.edu.ar\/entodas\/index.php?rest_route=\/wp\/v2\/tribe_events\/4604"}],"collection":[{"href":"https:\/\/www.arte.unicen.edu.ar\/entodas\/index.php?rest_route=\/wp\/v2\/tribe_events"}],"about":[{"href":"https:\/\/www.arte.unicen.edu.ar\/entodas\/index.php?rest_route=\/wp\/v2\/types\/tribe_events"}],"author":[{"embeddable":true,"href":"https:\/\/www.arte.unicen.edu.ar\/entodas\/index.php?rest_route=\/wp\/v2\/users\/4"}],"replies":[{"embeddable":true,"href":"https:\/\/www.arte.unicen.edu.ar\/entodas\/index.php?rest_route=%2Fwp%2Fv2%2Fcomments&post=4604"}],"version-history":[{"count":3,"href":"https:\/\/www.arte.unicen.edu.ar\/entodas\/index.php?rest_route=\/wp\/v2\/tribe_events\/4604\/revisions"}],"predecessor-version":[{"id":4607,"href":"https:\/\/www.arte.unicen.edu.ar\/entodas\/index.php?rest_route=\/wp\/v2\/tribe_events\/4604\/revisions\/4607"}],"wp:attachment":[{"href":"https:\/\/www.arte.unicen.edu.ar\/entodas\/index.php?rest_route=%2Fwp%2Fv2%2Fmedia&parent=4604"}],"wp:term":[{"taxonomy":"post_tag","embeddable":true,"href":"https:\/\/www.arte.unicen.edu.ar\/entodas\/index.php?rest_route=%2Fwp%2Fv2%2Ftags&post=4604"},{"taxonomy":"tribe_events_cat","embeddable":true,"href":"https:\/\/www.arte.unicen.edu.ar\/entodas\/index.php?rest_route=%2Fwp%2Fv2%2Ftribe_events_cat&post=4604"}],"curies":[{"name":"wp","href":"https:\/\/api.w.org\/{rel}","templated":true}]}}

<div><img loading="lazy" decoding="async" class="alignnone wp-image-4605" src="http://www.arte.unicen.edu.ar/semanarte/wp-content/uploads/2022/02/MARZ-POR-LA-MEMORIA-213x300.jpg" alt="" width="450" height="634" /></div>
<div></div>
<div>La propuesta se enmarca en las actividades organizadas por la Facultad de Arte, a través de su Secretaría de Extensión, en conmemoración de la última dictadura argentina.</div>
<div style="padding-left: 30px"></div>
<div></div>
<div>La muestra <strong>“Jóvenes en escena”</strong> está constituida por un conjunto de fotos de diferentes acontecimientos históricos que tuvieron a lxs jóvenes como protagonistas de la escena pública, en un recorrido que va desde la década del 60 hasta la actualidad.</div>
<div></div>
<div></div>
<div>Por su parte, <strong>“Violencias”</strong> es una muestra donde el fotógrafo Eduardo Longoni expone las huellas del terror y el despojo material instaurados en la historia argentina a partir del golpe militar de 1976, encabezado por Jorge Rafael Videla, Emilio Eduardo Massera y Orlando Ramón Agosti. Una política de tortura y represión para acallar las resistencias a un plan económico al mando de Martínez de Hoz, de concentración de riquezas en los sectores más poderosos nacionales y multinacionales, endeudamiento público, hambre y desocupación para las mayorías populares. Las consecuencias del Genocidio implicaron la muerte y desaparición de 30.000 personas, el desamparo económico y la desaparición social. Una pobreza estructural que llegó para quedarse.</div>

<p>La propuesta se enmarca en las actividades organizadas por la Facultad de Arte, a través de su Secretaría de Extensión, en conmemoración de la última dictadura argentina. La muestra “Jóvenes en escena” está constituida por un conjunto de fotos de diferentes acontecimientos históricos que tuvieron a lxs jóvenes como protagonistas de la escena pública, en un recorrido que va desde la década del 60 hasta la actualidad. Por su parte, “Violencias” es una muestra donde el fotógrafo Eduardo Longoni expone las huellas del terror y el despojo material instaurados en la historia argentina a partir del golpe militar de 1976, encabezado por Jorge Rafael Videla, Emilio Eduardo Massera y Orlando Ramón Agosti. Una política de tortura y represión para acallar las resistencias a un plan económico al mando de Martínez de Hoz, de concentración de riquezas en los sectores más poderosos nacionales y multinacionales, endeudamiento público, hambre y desocupación para&hellip;</p>
<p> <a class="more-link" href="https://www.arte.unicen.edu.ar/entodas/?tribe_events=4604">Read more</a></p>
