{"id":4383,"date":"2019-10-30T12:00:02","date_gmt":"2019-10-30T15:00:02","guid":{"rendered":"http:\/\/www.arte.unicen.edu.ar\/semanarte\/?post_type=tribe_events&#038;p=4383"},"modified":"2019-10-30T12:02:01","modified_gmt":"2019-10-30T15:02:01","slug":"ciclo-de-conferencias-del-sindicato-de-prensa-de-tandil-y-azul","status":"publish","type":"tribe_events","link":"https:\/\/www.arte.unicen.edu.ar\/entodas\/?tribe_events=ciclo-de-conferencias-del-sindicato-de-prensa-de-tandil-y-azul","title":{"rendered":"Ciclo de conferencias del Sindicato de Prensa de Tandil y Azul"},"content":{"rendered":"<p>Ricardo Ragendorfer presentar\u00e1 &#8220;El oto\u00f1o de los genocidas&#8221;<br \/>\nEl 8 de noviembre, a las 19, en el Aula Magna de la UNICEN (Pinto y Chacabuco) el periodista e investigador Ricardo Ragendorfer presentar\u00e1 su libro &#8220;El oto\u00f1o de los genocidas&#8221;, publicado por la Editorial Punto de Encuentro. Ragendorfer realiza un recorrido por los \u00faltimos a\u00f1os de los militares y de los nombres ligados a las fuerzas armadas, que formaron parte del aparato del terrorismo de Estado de la \u00faltima dictadura c\u00edvico-militar.<br \/>\nEsas cr\u00f3nicas fueron publicadas en varios medios nacionales y compiladas con un hilo conductor: echar luz sobre estos personajesque alguna vez decidieron sobre la vida y la muerte de muchos argentinos.<br \/>\nRicardo Ragendorfer naci\u00f3 en La Paz (Bolivia), inici\u00f3 su carrera period\u00edstica en 1978 como redactor de la edici\u00f3n mexicana del semanario espa\u00f1ol Intervi\u00fa.<br \/>\nEn Argentina, desde 1984, trabaj\u00f3 en las revistas El Porte\u00f1o, P\u00e1gina\/30, Noticias, Pistas, Tres Puntos, Gente, TXT y Miradas al Sur. Y en los diarios P\u00e1gina\/12, Nuevo Sur, \u00c1mbito Financiero y Tiempo Argentino. Public\u00f3 colaboraciones en el diario La Prensa y La Naci\u00f3n, tambi\u00e9n en las revistas Delitos y Castigos, First, Cerdos &amp; Peces, Rolling Stone, Geograf\u00eda Universal, Veintitr\u00e9s, 7 D\u00edas, El Tajo, Le Monde Diplomatique, Newsweek y Caras y Caretas.<br \/>\nEs autor de los siguientes libros: Robo y falsificaci\u00f3n de obras de arte en Argentina (Letra Buena\/1992), La Bonaerense (Planeta\/1997), La secta del gatillo (Planeta\/2003), Historias a pura sangre (Fundaci\u00f3n Octubre\/2006), La Maldici\u00f3n de Salsipuedes (Ediciones B\/2016) y Los Doblados \/ Las infiltraciones del Batall\u00f3n 601 en la guerrilla argentina (Sudamericana\/2016). Fue coguionista del film &#8220;El Bonaerense&#8221; (Pablo Trapero\/2002). Tambi\u00e9n hizo la investigaci\u00f3n y las entrevistas del documental &#8220;Parapolicial Negro&#8221; (Javier Diment\/2011) y el film &#8220;El t\u00fanel de los huesos&#8221; (Nacho Garasino\/2011) est\u00e1 basado en una cr\u00f3nica suya.<br \/>\nEn televisi\u00f3n, trabaj\u00f3 como investigador en El otro lado (ATC\/1993), fue columnista de Unidos y Dominados (Am\u00e9rica\/2000), del Noticiero de ATC (2000-20001), del Noticiero de Telef\u00e9 (2004 -2007-2009), de Ma\u00f1ana Vemos (Canal 7\/2008) y conductor de Historias del crimen (Telef\u00e9\/2003), de Mal entendido y Oficios (Ciudad Abierta\/2006-2007), entre otros programas.<br \/>\nActualmente, trabaja en un proyecto editorial financiado por Planeta.<br \/>\nLa presentaci\u00f3n del libro es una iniciativa conjunta del Sindicato de Prensa de Tandil y Azul y el \u00c1rea de Derechos Humanos de la UNICEN, con el auspicio de Cultura de la Universidad. Ragendorfer ser\u00e1 acompa\u00f1ado por Mar\u00eda Naz\u00e1bal (titular del \u00e1rea) y el periodista Mariano L\u00f3pez Guerrero, secretario gremial del Sindicato y jefe de Redacci\u00f3n del diario La Voz de Tandil, quienes moderar\u00e1n la charla.<br \/>\nLa entrada ser\u00e1 libre y gratuita.<\/p>\n<p><img loading=\"lazy\" decoding=\"async\" class=\"size-large wp-image-4388 aligncenter\" src=\"http:\/\/www.arte.unicen.edu.ar\/semanarte\/wp-content\/uploads\/2019\/10\/ragendorfer-800x450.jpg\" alt=\"\" width=\"800\" height=\"450\" \/><\/p>\n","protected":false},"excerpt":{"rendered":"<p>Ricardo Ragendorfer presentar\u00e1 &#8220;El oto\u00f1o de los genocidas&#8221; El 8 de noviembre, a las 19, en el Aula Magna de la UNICEN (Pinto y Chacabuco) el periodista e investigador Ricardo Ragendorfer presentar\u00e1 su libro &#8220;El oto\u00f1o de los genocidas&#8221;, publicado por la Editorial Punto de Encuentro. Ragendorfer realiza un recorrido por los \u00faltimos a\u00f1os de los militares y de los nombres ligados a las fuerzas armadas, que formaron parte del aparato del terrorismo de Estado de la \u00faltima dictadura c\u00edvico-militar. Esas cr\u00f3nicas fueron publicadas en varios medios nacionales y compiladas con un hilo conductor: echar luz sobre estos personajesque alguna vez decidieron sobre la vida y la muerte de muchos argentinos. Ricardo Ragendorfer naci\u00f3 en La Paz (Bolivia), inici\u00f3 su carrera period\u00edstica en 1978 como redactor de la edici\u00f3n mexicana del semanario espa\u00f1ol Intervi\u00fa. En Argentina, desde 1984, trabaj\u00f3 en las revistas El Porte\u00f1o, P\u00e1gina\/30, Noticias, Pistas, Tres Puntos, Gente,&hellip;<\/p>\n<p> <a class=\"more-link\" href=\"https:\/\/www.arte.unicen.edu.ar\/entodas\/?tribe_events=ciclo-de-conferencias-del-sindicato-de-prensa-de-tandil-y-azul\">Read more<\/a><\/p>\n","protected":false},"author":1,"featured_media":4385,"comment_status":"closed","ping_status":"closed","template":"","meta":{"_tribe_events_status":"","_tribe_events_status_reason":""},"tags":[],"tribe_events_cat":[],"_links":{"self":[{"href":"https:\/\/www.arte.unicen.edu.ar\/entodas\/index.php?rest_route=\/wp\/v2\/tribe_events\/4383"}],"collection":[{"href":"https:\/\/www.arte.unicen.edu.ar\/entodas\/index.php?rest_route=\/wp\/v2\/tribe_events"}],"about":[{"href":"https:\/\/www.arte.unicen.edu.ar\/entodas\/index.php?rest_route=\/wp\/v2\/types\/tribe_events"}],"author":[{"embeddable":true,"href":"https:\/\/www.arte.unicen.edu.ar\/entodas\/index.php?rest_route=\/wp\/v2\/users\/1"}],"replies":[{"embeddable":true,"href":"https:\/\/www.arte.unicen.edu.ar\/entodas\/index.php?rest_route=%2Fwp%2Fv2%2Fcomments&post=4383"}],"version-history":[{"count":2,"href":"https:\/\/www.arte.unicen.edu.ar\/entodas\/index.php?rest_route=\/wp\/v2\/tribe_events\/4383\/revisions"}],"predecessor-version":[{"id":4389,"href":"https:\/\/www.arte.unicen.edu.ar\/entodas\/index.php?rest_route=\/wp\/v2\/tribe_events\/4383\/revisions\/4389"}],"wp:featuredmedia":[{"embeddable":true,"href":"https:\/\/www.arte.unicen.edu.ar\/entodas\/index.php?rest_route=\/wp\/v2\/media\/4385"}],"wp:attachment":[{"href":"https:\/\/www.arte.unicen.edu.ar\/entodas\/index.php?rest_route=%2Fwp%2Fv2%2Fmedia&parent=4383"}],"wp:term":[{"taxonomy":"post_tag","embeddable":true,"href":"https:\/\/www.arte.unicen.edu.ar\/entodas\/index.php?rest_route=%2Fwp%2Fv2%2Ftags&post=4383"},{"taxonomy":"tribe_events_cat","embeddable":true,"href":"https:\/\/www.arte.unicen.edu.ar\/entodas\/index.php?rest_route=%2Fwp%2Fv2%2Ftribe_events_cat&post=4383"}],"curies":[{"name":"wp","href":"https:\/\/api.w.org\/{rel}","templated":true}]}}

<p>Ricardo Ragendorfer presentará &#8220;El otoño de los genocidas&#8221;<br />
El 8 de noviembre, a las 19, en el Aula Magna de la UNICEN (Pinto y Chacabuco) el periodista e investigador Ricardo Ragendorfer presentará su libro &#8220;El otoño de los genocidas&#8221;, publicado por la Editorial Punto de Encuentro. Ragendorfer realiza un recorrido por los últimos años de los militares y de los nombres ligados a las fuerzas armadas, que formaron parte del aparato del terrorismo de Estado de la última dictadura cívico-militar.<br />
Esas crónicas fueron publicadas en varios medios nacionales y compiladas con un hilo conductor: echar luz sobre estos personajesque alguna vez decidieron sobre la vida y la muerte de muchos argentinos.<br />
Ricardo Ragendorfer nació en La Paz (Bolivia), inició su carrera periodística en 1978 como redactor de la edición mexicana del semanario español Interviú.<br />
En Argentina, desde 1984, trabajó en las revistas El Porteño, Página/30, Noticias, Pistas, Tres Puntos, Gente, TXT y Miradas al Sur. Y en los diarios Página/12, Nuevo Sur, Ámbito Financiero y Tiempo Argentino. Publicó colaboraciones en el diario La Prensa y La Nación, también en las revistas Delitos y Castigos, First, Cerdos &amp; Peces, Rolling Stone, Geografía Universal, Veintitrés, 7 Días, El Tajo, Le Monde Diplomatique, Newsweek y Caras y Caretas.<br />
Es autor de los siguientes libros: Robo y falsificación de obras de arte en Argentina (Letra Buena/1992), La Bonaerense (Planeta/1997), La secta del gatillo (Planeta/2003), Historias a pura sangre (Fundación Octubre/2006), La Maldición de Salsipuedes (Ediciones B/2016) y Los Doblados / Las infiltraciones del Batallón 601 en la guerrilla argentina (Sudamericana/2016). Fue coguionista del film &#8220;El Bonaerense&#8221; (Pablo Trapero/2002). También hizo la investigación y las entrevistas del documental &#8220;Parapolicial Negro&#8221; (Javier Diment/2011) y el film &#8220;El túnel de los huesos&#8221; (Nacho Garasino/2011) está basado en una crónica suya.<br />
En televisión, trabajó como investigador en El otro lado (ATC/1993), fue columnista de Unidos y Dominados (América/2000), del Noticiero de ATC (2000-20001), del Noticiero de Telefé (2004 -2007-2009), de Mañana Vemos (Canal 7/2008) y conductor de Historias del crimen (Telefé/2003), de Mal entendido y Oficios (Ciudad Abierta/2006-2007), entre otros programas.<br />
Actualmente, trabaja en un proyecto editorial financiado por Planeta.<br />
La presentación del libro es una iniciativa conjunta del Sindicato de Prensa de Tandil y Azul y el Área de Derechos Humanos de la UNICEN, con el auspicio de Cultura de la Universidad. Ragendorfer será acompañado por María Nazábal (titular del área) y el periodista Mariano López Guerrero, secretario gremial del Sindicato y jefe de Redacción del diario La Voz de Tandil, quienes moderarán la charla.<br />
La entrada será libre y gratuita.</p>
<p><img loading="lazy" decoding="async" class="size-large wp-image-4388 aligncenter" src="http://www.arte.unicen.edu.ar/semanarte/wp-content/uploads/2019/10/ragendorfer-800x450.jpg" alt="" width="800" height="450" /></p>

<p>Ricardo Ragendorfer presentará &#8220;El otoño de los genocidas&#8221; El 8 de noviembre, a las 19, en el Aula Magna de la UNICEN (Pinto y Chacabuco) el periodista e investigador Ricardo Ragendorfer presentará su libro &#8220;El otoño de los genocidas&#8221;, publicado por la Editorial Punto de Encuentro. Ragendorfer realiza un recorrido por los últimos años de los militares y de los nombres ligados a las fuerzas armadas, que formaron parte del aparato del terrorismo de Estado de la última dictadura cívico-militar. Esas crónicas fueron publicadas en varios medios nacionales y compiladas con un hilo conductor: echar luz sobre estos personajesque alguna vez decidieron sobre la vida y la muerte de muchos argentinos. Ricardo Ragendorfer nació en La Paz (Bolivia), inició su carrera periodística en 1978 como redactor de la edición mexicana del semanario español Interviú. En Argentina, desde 1984, trabajó en las revistas El Porteño, Página/30, Noticias, Pistas, Tres Puntos, Gente,&hellip;</p>
<p> <a class="more-link" href="https://www.arte.unicen.edu.ar/entodas/?tribe_events=ciclo-de-conferencias-del-sindicato-de-prensa-de-tandil-y-azul">Read more</a></p>
