{"id":13062,"date":"2026-04-24T11:11:22","date_gmt":"2026-04-24T14:11:22","guid":{"rendered":"https:\/\/www.arte.unicen.edu.ar\/entodas\/?post_type=tribe_events&#038;p=13062"},"modified":"2026-04-24T11:11:22","modified_gmt":"2026-04-24T14:11:22","slug":"playa-de-lobos-cine","status":"publish","type":"tribe_events","link":"https:\/\/www.arte.unicen.edu.ar\/entodas\/?tribe_events=playa-de-lobos-cine","title":{"rendered":"PLAYA DE LOBOS &#8211; Cine"},"content":{"rendered":"<p><img loading=\"lazy\" decoding=\"async\" class=\"size-medium wp-image-13040 aligncenter\" src=\"https:\/\/www.arte.unicen.edu.ar\/entodas\/wp-content\/uploads\/2026\/04\/677538364_1465474275376172_4882149044324874708_n-224x300.jpg\" alt=\"\" width=\"224\" height=\"300\" srcset=\"https:\/\/www.arte.unicen.edu.ar\/entodas\/wp-content\/uploads\/2026\/04\/677538364_1465474275376172_4882149044324874708_n-224x300.jpg 224w, https:\/\/www.arte.unicen.edu.ar\/entodas\/wp-content\/uploads\/2026\/04\/677538364_1465474275376172_4882149044324874708_n-596x800.jpg 596w, https:\/\/www.arte.unicen.edu.ar\/entodas\/wp-content\/uploads\/2026\/04\/677538364_1465474275376172_4882149044324874708_n-768x1030.jpg 768w, https:\/\/www.arte.unicen.edu.ar\/entodas\/wp-content\/uploads\/2026\/04\/677538364_1465474275376172_4882149044324874708_n.jpg 805w\" sizes=\"(max-width: 224px) 100vw, 224px\" \/><\/p>\n<div class=\"x14z9mp xat24cr x1lziwak x1vvkbs xtlvy1s x126k92a\">\n<div dir=\"auto\"><\/div>\n<\/div>\n<div class=\"x14z9mp xat24cr x1lziwak x1vvkbs xtlvy1s x126k92a\">\n<div dir=\"auto\">Playa de lobos<\/div>\n<div dir=\"auto\">Dir: Javier Veiga<\/div>\n<div dir=\"auto\">Comedia &#8211; R-13 &#8211; 101min<\/div>\n<div dir=\"auto\">Con: Guillermo Francella y Dani Rovira<\/div>\n<div dir=\"auto\">S\u00e1bado 25 abril 20h<\/div>\n<div dir=\"auto\">Domingo 26 abril 20h<\/div>\n<div dir=\"auto\">Lunes 27 abril 20h<\/div>\n<div dir=\"auto\">Martes 28 abril 20h<\/div>\n<div dir=\"auto\">Entrada Gral: $3000 &#8211; Est., jub: $1500<\/div>\n<div dir=\"auto\">Funci\u00f3n Espacios INCAA<\/div>\n<div dir=\"auto\">Manu trabaja en un chiringuito de playa, y Klaus es un turista que no quiere levantar el culo de la \u00faltima tumbona que falta por recoger. Aparentemente parece s\u00f3lo el encuentro casual de dos tipos totalmente opuestos y condenados a no entenderse. Pero Manu empieza a sospechar que Klaus no est\u00e1 en esa playa por casualidad, ni es quien dec\u00eda ser. La tensi\u00f3n va subiendo entre ellos, hasta que Klaus le hace a Manu una desconcertante y perturbadora propuesta.<\/div>\n<\/div>\n<div class=\"x14z9mp xat24cr x1lziwak x1vvkbs xtlvy1s x126k92a\">\n<div dir=\"auto\">Las entradas pueden adquirirse en la boleter\u00eda de la sala desde el s\u00e1bado 25 al martes 28 de 17 a 20h. Se acepta pago con d\u00e9bito o Qr.<\/div>\n<\/div>\n<div class=\"x14z9mp xat24cr x1lziwak x1vvkbs xtlvy1s x126k92a\">\n<div dir=\"auto\">\u00a1El Cine de la Universidad!<\/div>\n<\/div>\n","protected":false},"excerpt":{"rendered":"<p>Playa de lobos Dir: Javier Veiga Comedia &#8211; R-13 &#8211; 101min Con: Guillermo Francella y Dani Rovira S\u00e1bado 25 abril 20h Domingo 26 abril 20h Lunes 27 abril 20h Martes 28 abril 20h Entrada Gral: $3000 &#8211; Est., jub: $1500 Funci\u00f3n Espacios INCAA Manu trabaja en un chiringuito de playa, y Klaus es un turista que no quiere levantar el culo de la \u00faltima tumbona que falta por recoger. Aparentemente parece s\u00f3lo el encuentro casual de dos tipos totalmente opuestos y condenados a no entenderse. Pero Manu empieza a sospechar que Klaus no est\u00e1 en esa playa por casualidad, ni es quien dec\u00eda ser. La tensi\u00f3n va subiendo entre ellos, hasta que Klaus le hace a Manu una desconcertante y perturbadora propuesta. Las entradas pueden adquirirse en la boleter\u00eda de la sala desde el s\u00e1bado 25 al martes 28 de 17 a 20h. Se acepta pago con d\u00e9bito o Qr.&hellip;<\/p>\n<p> <a class=\"more-link\" href=\"https:\/\/www.arte.unicen.edu.ar\/entodas\/?tribe_events=playa-de-lobos-cine\">Read more<\/a><\/p>\n","protected":false},"author":5,"featured_media":13040,"comment_status":"closed","ping_status":"closed","template":"","meta":{"_tribe_events_status":"","_tribe_events_status_reason":""},"tags":[],"tribe_events_cat":[],"_links":{"self":[{"href":"https:\/\/www.arte.unicen.edu.ar\/entodas\/index.php?rest_route=\/wp\/v2\/tribe_events\/13062"}],"collection":[{"href":"https:\/\/www.arte.unicen.edu.ar\/entodas\/index.php?rest_route=\/wp\/v2\/tribe_events"}],"about":[{"href":"https:\/\/www.arte.unicen.edu.ar\/entodas\/index.php?rest_route=\/wp\/v2\/types\/tribe_events"}],"author":[{"embeddable":true,"href":"https:\/\/www.arte.unicen.edu.ar\/entodas\/index.php?rest_route=\/wp\/v2\/users\/5"}],"replies":[{"embeddable":true,"href":"https:\/\/www.arte.unicen.edu.ar\/entodas\/index.php?rest_route=%2Fwp%2Fv2%2Fcomments&post=13062"}],"version-history":[{"count":1,"href":"https:\/\/www.arte.unicen.edu.ar\/entodas\/index.php?rest_route=\/wp\/v2\/tribe_events\/13062\/revisions"}],"predecessor-version":[{"id":13063,"href":"https:\/\/www.arte.unicen.edu.ar\/entodas\/index.php?rest_route=\/wp\/v2\/tribe_events\/13062\/revisions\/13063"}],"wp:featuredmedia":[{"embeddable":true,"href":"https:\/\/www.arte.unicen.edu.ar\/entodas\/index.php?rest_route=\/wp\/v2\/media\/13040"}],"wp:attachment":[{"href":"https:\/\/www.arte.unicen.edu.ar\/entodas\/index.php?rest_route=%2Fwp%2Fv2%2Fmedia&parent=13062"}],"wp:term":[{"taxonomy":"post_tag","embeddable":true,"href":"https:\/\/www.arte.unicen.edu.ar\/entodas\/index.php?rest_route=%2Fwp%2Fv2%2Ftags&post=13062"},{"taxonomy":"tribe_events_cat","embeddable":true,"href":"https:\/\/www.arte.unicen.edu.ar\/entodas\/index.php?rest_route=%2Fwp%2Fv2%2Ftribe_events_cat&post=13062"}],"curies":[{"name":"wp","href":"https:\/\/api.w.org\/{rel}","templated":true}]}}

<p><img loading="lazy" decoding="async" class="size-medium wp-image-13040 aligncenter" src="https://www.arte.unicen.edu.ar/entodas/wp-content/uploads/2026/04/677538364_1465474275376172_4882149044324874708_n-224x300.jpg" alt="" width="224" height="300" srcset="https://www.arte.unicen.edu.ar/entodas/wp-content/uploads/2026/04/677538364_1465474275376172_4882149044324874708_n-224x300.jpg 224w, https://www.arte.unicen.edu.ar/entodas/wp-content/uploads/2026/04/677538364_1465474275376172_4882149044324874708_n-596x800.jpg 596w, https://www.arte.unicen.edu.ar/entodas/wp-content/uploads/2026/04/677538364_1465474275376172_4882149044324874708_n-768x1030.jpg 768w, https://www.arte.unicen.edu.ar/entodas/wp-content/uploads/2026/04/677538364_1465474275376172_4882149044324874708_n.jpg 805w" sizes="(max-width: 224px) 100vw, 224px" /></p>
<div class="x14z9mp xat24cr x1lziwak x1vvkbs xtlvy1s x126k92a">
<div dir="auto"></div>
</div>
<div class="x14z9mp xat24cr x1lziwak x1vvkbs xtlvy1s x126k92a">
<div dir="auto">Playa de lobos</div>
<div dir="auto">Dir: Javier Veiga</div>
<div dir="auto">Comedia &#8211; R-13 &#8211; 101min</div>
<div dir="auto">Con: Guillermo Francella y Dani Rovira</div>
<div dir="auto">Sábado 25 abril 20h</div>
<div dir="auto">Domingo 26 abril 20h</div>
<div dir="auto">Lunes 27 abril 20h</div>
<div dir="auto">Martes 28 abril 20h</div>
<div dir="auto">Entrada Gral: $3000 &#8211; Est., jub: $1500</div>
<div dir="auto">Función Espacios INCAA</div>
<div dir="auto">Manu trabaja en un chiringuito de playa, y Klaus es un turista que no quiere levantar el culo de la última tumbona que falta por recoger. Aparentemente parece sólo el encuentro casual de dos tipos totalmente opuestos y condenados a no entenderse. Pero Manu empieza a sospechar que Klaus no está en esa playa por casualidad, ni es quien decía ser. La tensión va subiendo entre ellos, hasta que Klaus le hace a Manu una desconcertante y perturbadora propuesta.</div>
</div>
<div class="x14z9mp xat24cr x1lziwak x1vvkbs xtlvy1s x126k92a">
<div dir="auto">Las entradas pueden adquirirse en la boletería de la sala desde el sábado 25 al martes 28 de 17 a 20h. Se acepta pago con débito o Qr.</div>
</div>
<div class="x14z9mp xat24cr x1lziwak x1vvkbs xtlvy1s x126k92a">
<div dir="auto">¡El Cine de la Universidad!</div>
</div>

<p>Playa de lobos Dir: Javier Veiga Comedia &#8211; R-13 &#8211; 101min Con: Guillermo Francella y Dani Rovira Sábado 25 abril 20h Domingo 26 abril 20h Lunes 27 abril 20h Martes 28 abril 20h Entrada Gral: $3000 &#8211; Est., jub: $1500 Función Espacios INCAA Manu trabaja en un chiringuito de playa, y Klaus es un turista que no quiere levantar el culo de la última tumbona que falta por recoger. Aparentemente parece sólo el encuentro casual de dos tipos totalmente opuestos y condenados a no entenderse. Pero Manu empieza a sospechar que Klaus no está en esa playa por casualidad, ni es quien decía ser. La tensión va subiendo entre ellos, hasta que Klaus le hace a Manu una desconcertante y perturbadora propuesta. Las entradas pueden adquirirse en la boletería de la sala desde el sábado 25 al martes 28 de 17 a 20h. Se acepta pago con débito o Qr.&hellip;</p>
<p> <a class="more-link" href="https://www.arte.unicen.edu.ar/entodas/?tribe_events=playa-de-lobos-cine">Read more</a></p>
