{"id":13059,"date":"2026-04-24T11:04:18","date_gmt":"2026-04-24T14:04:18","guid":{"rendered":"https:\/\/www.arte.unicen.edu.ar\/entodas\/?post_type=tribe_events&#038;p=13059"},"modified":"2026-04-24T11:04:41","modified_gmt":"2026-04-24T14:04:41","slug":"un-sueno-cargado-de-futuro-proyeccion-con-entrada-libre-y-gratuita","status":"publish","type":"tribe_events","link":"https:\/\/www.arte.unicen.edu.ar\/entodas\/?tribe_events=un-sueno-cargado-de-futuro-proyeccion-con-entrada-libre-y-gratuita","title":{"rendered":"UN SUE\u00d1O CARGADO DE FUTURO &#8211; Proyecci\u00f3n con entrada libre y gratuita."},"content":{"rendered":"<p><img loading=\"lazy\" decoding=\"async\" class=\"size-medium wp-image-13039 aligncenter\" src=\"https:\/\/www.arte.unicen.edu.ar\/entodas\/wp-content\/uploads\/2026\/04\/WhatsApp-Image-2026-04-21-at-13.37.22-212x300.jpeg\" alt=\"\" width=\"212\" height=\"300\" srcset=\"https:\/\/www.arte.unicen.edu.ar\/entodas\/wp-content\/uploads\/2026\/04\/WhatsApp-Image-2026-04-21-at-13.37.22-212x300.jpeg 212w, https:\/\/www.arte.unicen.edu.ar\/entodas\/wp-content\/uploads\/2026\/04\/WhatsApp-Image-2026-04-21-at-13.37.22-565x800.jpeg 565w, https:\/\/www.arte.unicen.edu.ar\/entodas\/wp-content\/uploads\/2026\/04\/WhatsApp-Image-2026-04-21-at-13.37.22-768x1087.jpeg 768w, https:\/\/www.arte.unicen.edu.ar\/entodas\/wp-content\/uploads\/2026\/04\/WhatsApp-Image-2026-04-21-at-13.37.22-1086x1536.jpeg 1086w, https:\/\/www.arte.unicen.edu.ar\/entodas\/wp-content\/uploads\/2026\/04\/WhatsApp-Image-2026-04-21-at-13.37.22.jpeg 1179w\" sizes=\"(max-width: 212px) 100vw, 212px\" \/><\/p>\n<p>\ud83d\udc4b\ud83c\udffd Estreno del documental &#8220;Un sue\u00f1o cargado de futuro&#8221;. El proyecto que reconstruye c\u00f3mo se hizo la primera pel\u00edcula tandilense &#8220;Cerro de Leones&#8221; de Beto Gauna.<br \/>\nEste viernes 24 a las 20 h. en el Teatro del Fuerte con entrada libre y gratuita.<\/p>\n","protected":false},"excerpt":{"rendered":"<p>\ud83d\udc4b\ud83c\udffd Estreno del documental &#8220;Un sue\u00f1o cargado de futuro&#8221;. El proyecto que reconstruye c\u00f3mo se hizo la primera pel\u00edcula tandilense &#8220;Cerro de Leones&#8221; de Beto Gauna. Este viernes 24 a las 20 h. en el Teatro del Fuerte con entrada libre y gratuita.<\/p>\n","protected":false},"author":5,"featured_media":13039,"comment_status":"closed","ping_status":"closed","template":"","meta":{"_tribe_events_status":"","_tribe_events_status_reason":""},"tags":[],"tribe_events_cat":[],"_links":{"self":[{"href":"https:\/\/www.arte.unicen.edu.ar\/entodas\/index.php?rest_route=\/wp\/v2\/tribe_events\/13059"}],"collection":[{"href":"https:\/\/www.arte.unicen.edu.ar\/entodas\/index.php?rest_route=\/wp\/v2\/tribe_events"}],"about":[{"href":"https:\/\/www.arte.unicen.edu.ar\/entodas\/index.php?rest_route=\/wp\/v2\/types\/tribe_events"}],"author":[{"embeddable":true,"href":"https:\/\/www.arte.unicen.edu.ar\/entodas\/index.php?rest_route=\/wp\/v2\/users\/5"}],"replies":[{"embeddable":true,"href":"https:\/\/www.arte.unicen.edu.ar\/entodas\/index.php?rest_route=%2Fwp%2Fv2%2Fcomments&post=13059"}],"version-history":[{"count":2,"href":"https:\/\/www.arte.unicen.edu.ar\/entodas\/index.php?rest_route=\/wp\/v2\/tribe_events\/13059\/revisions"}],"predecessor-version":[{"id":13061,"href":"https:\/\/www.arte.unicen.edu.ar\/entodas\/index.php?rest_route=\/wp\/v2\/tribe_events\/13059\/revisions\/13061"}],"wp:featuredmedia":[{"embeddable":true,"href":"https:\/\/www.arte.unicen.edu.ar\/entodas\/index.php?rest_route=\/wp\/v2\/media\/13039"}],"wp:attachment":[{"href":"https:\/\/www.arte.unicen.edu.ar\/entodas\/index.php?rest_route=%2Fwp%2Fv2%2Fmedia&parent=13059"}],"wp:term":[{"taxonomy":"post_tag","embeddable":true,"href":"https:\/\/www.arte.unicen.edu.ar\/entodas\/index.php?rest_route=%2Fwp%2Fv2%2Ftags&post=13059"},{"taxonomy":"tribe_events_cat","embeddable":true,"href":"https:\/\/www.arte.unicen.edu.ar\/entodas\/index.php?rest_route=%2Fwp%2Fv2%2Ftribe_events_cat&post=13059"}],"curies":[{"name":"wp","href":"https:\/\/api.w.org\/{rel}","templated":true}]}}

UN SUEÑO CARGADO DE FUTURO &#8211; Proyección con entrada libre y gratuita.

<p><img loading="lazy" decoding="async" class="size-medium wp-image-13039 aligncenter" src="https://www.arte.unicen.edu.ar/entodas/wp-content/uploads/2026/04/WhatsApp-Image-2026-04-21-at-13.37.22-212x300.jpeg" alt="" width="212" height="300" srcset="https://www.arte.unicen.edu.ar/entodas/wp-content/uploads/2026/04/WhatsApp-Image-2026-04-21-at-13.37.22-212x300.jpeg 212w, https://www.arte.unicen.edu.ar/entodas/wp-content/uploads/2026/04/WhatsApp-Image-2026-04-21-at-13.37.22-565x800.jpeg 565w, https://www.arte.unicen.edu.ar/entodas/wp-content/uploads/2026/04/WhatsApp-Image-2026-04-21-at-13.37.22-768x1087.jpeg 768w, https://www.arte.unicen.edu.ar/entodas/wp-content/uploads/2026/04/WhatsApp-Image-2026-04-21-at-13.37.22-1086x1536.jpeg 1086w, https://www.arte.unicen.edu.ar/entodas/wp-content/uploads/2026/04/WhatsApp-Image-2026-04-21-at-13.37.22.jpeg 1179w" sizes="(max-width: 212px) 100vw, 212px" /></p>
<p>👋🏽 Estreno del documental &#8220;Un sueño cargado de futuro&#8221;. El proyecto que reconstruye cómo se hizo la primera película tandilense &#8220;Cerro de Leones&#8221; de Beto Gauna.<br />
Este viernes 24 a las 20 h. en el Teatro del Fuerte con entrada libre y gratuita.</p>

<p>👋🏽 Estreno del documental &#8220;Un sueño cargado de futuro&#8221;. El proyecto que reconstruye cómo se hizo la primera película tandilense &#8220;Cerro de Leones&#8221; de Beto Gauna. Este viernes 24 a las 20 h. en el Teatro del Fuerte con entrada libre y gratuita.</p>
