{"id":13050,"date":"2026-04-22T11:52:58","date_gmt":"2026-04-22T14:52:58","guid":{"rendered":"https:\/\/www.arte.unicen.edu.ar\/entodas\/?post_type=tribe_events&#038;p=13050"},"modified":"2026-04-22T11:55:44","modified_gmt":"2026-04-22T14:55:44","slug":"beatriz-farfare-villana-a-la-vista-teatro-infantil","status":"publish","type":"tribe_events","link":"https:\/\/www.arte.unicen.edu.ar\/entodas\/?tribe_events=beatriz-farfare-villana-a-la-vista-teatro-infantil","title":{"rendered":"BEATRIZ FARFARE, Villana a la vista &#8211; Teatro infantil"},"content":{"rendered":"<p><img loading=\"lazy\" decoding=\"async\" class=\"size-medium wp-image-13037 aligncenter\" src=\"https:\/\/www.arte.unicen.edu.ar\/entodas\/wp-content\/uploads\/2026\/04\/WhatsApp-Image-2026-04-22-at-09.51.07-240x300.jpeg\" alt=\"\" width=\"240\" height=\"300\" srcset=\"https:\/\/www.arte.unicen.edu.ar\/entodas\/wp-content\/uploads\/2026\/04\/WhatsApp-Image-2026-04-22-at-09.51.07-240x300.jpeg 240w, https:\/\/www.arte.unicen.edu.ar\/entodas\/wp-content\/uploads\/2026\/04\/WhatsApp-Image-2026-04-22-at-09.51.07-640x800.jpeg 640w, https:\/\/www.arte.unicen.edu.ar\/entodas\/wp-content\/uploads\/2026\/04\/WhatsApp-Image-2026-04-22-at-09.51.07-768x960.jpeg 768w, https:\/\/www.arte.unicen.edu.ar\/entodas\/wp-content\/uploads\/2026\/04\/WhatsApp-Image-2026-04-22-at-09.51.07.jpeg 1080w\" sizes=\"(max-width: 240px) 100vw, 240px\" \/><\/p>\n<p>VUELVE AL CLUB DE TEATRO<\/p>\n<p>\ud83d\udc69\ud83c\udffb\u200d\ud83e\uddb1BEATRIZ FARFAR\u00c9. VILLANA A LA VISTA.<\/p>\n<p>\ud83d\udcc5SABADO 25 Y DOMINGO 26<br \/>\n\ud83d\udd5417 HS.<br \/>\n\ud83d\udccdCLUB DE TEATRO (Roca 901)<\/p>\n<p>\ud83c\udf4bBeatriz Farfar\u00e9 llega al tranquilo pueblo de Dos Almendros para abrir su gran peluquer\u00eda. Todo parece perfecto: el pueblo la adora, los clientes se multiplican y su fama crece d\u00eda a d\u00eda. En su peque\u00f1o laboratorio, entre frascos y flores, Beatriz crea f\u00f3rmulas secretas para lograr el brillo perfecto. Pero cuando algo empieza a despeinar sus planes, Beatriz descubrir\u00e1 que hasta los sue\u00f1os m\u00e1s brillantes pueden enredarse.<\/p>\n<p>\ud83d\ude4c\ud83c\udffdUn espect\u00e1culo para toda la familia<\/p>\n<p>\ud83c\udfadAct\u00faa: Julia Esquivel<\/p>\n<p>\u270d\ufe0fDramaturgia: Catalina Landivar, Esteban Argonz y Julia Esquivel<br \/>\n\ud83d\udc57Vestuario: Viqui Etcherarreta<br \/>\n\ud83d\udcbcEscenograf\u00eda: Luciano Enriquez<br \/>\n\ud83d\udcf7Fotograf\u00eda: Adrian Botella<br \/>\n\ud83d\udcbbDise\u00f1o Gr\u00e1fico: Agust\u00edn Medina<\/p>\n<p>\u2728\ufe0fAsistencia de Direcci\u00f3n: Romi P\u00e9rez<br \/>\n\u2728\ufe0fDirecci\u00f3n General: Esteban Argonz<\/p>\n<p>\ud83c\udf9f\ufe0fEntradas en venta en Boleter\u00eda del Club de Teatro de Lunes a Jueves de 18 a 21 hs. O al<br \/>\n\ud83d\udcf12494654030<\/p>\n<p>&nbsp;<\/p>\n","protected":false},"excerpt":{"rendered":"<p>VUELVE AL CLUB DE TEATRO \ud83d\udc69\ud83c\udffb\u200d\ud83e\uddb1BEATRIZ FARFAR\u00c9. VILLANA A LA VISTA. \ud83d\udcc5SABADO 25 Y DOMINGO 26 \ud83d\udd5417 HS. \ud83d\udccdCLUB DE TEATRO (Roca 901) \ud83c\udf4bBeatriz Farfar\u00e9 llega al tranquilo pueblo de Dos Almendros para abrir su gran peluquer\u00eda. Todo parece perfecto: el pueblo la adora, los clientes se multiplican y su fama crece d\u00eda a d\u00eda. En su peque\u00f1o laboratorio, entre frascos y flores, Beatriz crea f\u00f3rmulas secretas para lograr el brillo perfecto. Pero cuando algo empieza a despeinar sus planes, Beatriz descubrir\u00e1 que hasta los sue\u00f1os m\u00e1s brillantes pueden enredarse. \ud83d\ude4c\ud83c\udffdUn espect\u00e1culo para toda la familia \ud83c\udfadAct\u00faa: Julia Esquivel \u270d\ufe0fDramaturgia: Catalina Landivar, Esteban Argonz y Julia Esquivel \ud83d\udc57Vestuario: Viqui Etcherarreta \ud83d\udcbcEscenograf\u00eda: Luciano Enriquez \ud83d\udcf7Fotograf\u00eda: Adrian Botella \ud83d\udcbbDise\u00f1o Gr\u00e1fico: Agust\u00edn Medina \u2728\ufe0fAsistencia de Direcci\u00f3n: Romi P\u00e9rez \u2728\ufe0fDirecci\u00f3n General: Esteban Argonz \ud83c\udf9f\ufe0fEntradas en venta en Boleter\u00eda del Club de Teatro de Lunes a Jueves de 18 a 21 hs. O al \ud83d\udcf12494654030&hellip;<\/p>\n<p> <a class=\"more-link\" href=\"https:\/\/www.arte.unicen.edu.ar\/entodas\/?tribe_events=beatriz-farfare-villana-a-la-vista-teatro-infantil\">Read more<\/a><\/p>\n","protected":false},"author":5,"featured_media":13037,"comment_status":"closed","ping_status":"closed","template":"","meta":{"_tribe_events_status":"","_tribe_events_status_reason":""},"tags":[],"tribe_events_cat":[],"_links":{"self":[{"href":"https:\/\/www.arte.unicen.edu.ar\/entodas\/index.php?rest_route=\/wp\/v2\/tribe_events\/13050"}],"collection":[{"href":"https:\/\/www.arte.unicen.edu.ar\/entodas\/index.php?rest_route=\/wp\/v2\/tribe_events"}],"about":[{"href":"https:\/\/www.arte.unicen.edu.ar\/entodas\/index.php?rest_route=\/wp\/v2\/types\/tribe_events"}],"author":[{"embeddable":true,"href":"https:\/\/www.arte.unicen.edu.ar\/entodas\/index.php?rest_route=\/wp\/v2\/users\/5"}],"replies":[{"embeddable":true,"href":"https:\/\/www.arte.unicen.edu.ar\/entodas\/index.php?rest_route=%2Fwp%2Fv2%2Fcomments&post=13050"}],"version-history":[{"count":1,"href":"https:\/\/www.arte.unicen.edu.ar\/entodas\/index.php?rest_route=\/wp\/v2\/tribe_events\/13050\/revisions"}],"predecessor-version":[{"id":13051,"href":"https:\/\/www.arte.unicen.edu.ar\/entodas\/index.php?rest_route=\/wp\/v2\/tribe_events\/13050\/revisions\/13051"}],"wp:featuredmedia":[{"embeddable":true,"href":"https:\/\/www.arte.unicen.edu.ar\/entodas\/index.php?rest_route=\/wp\/v2\/media\/13037"}],"wp:attachment":[{"href":"https:\/\/www.arte.unicen.edu.ar\/entodas\/index.php?rest_route=%2Fwp%2Fv2%2Fmedia&parent=13050"}],"wp:term":[{"taxonomy":"post_tag","embeddable":true,"href":"https:\/\/www.arte.unicen.edu.ar\/entodas\/index.php?rest_route=%2Fwp%2Fv2%2Ftags&post=13050"},{"taxonomy":"tribe_events_cat","embeddable":true,"href":"https:\/\/www.arte.unicen.edu.ar\/entodas\/index.php?rest_route=%2Fwp%2Fv2%2Ftribe_events_cat&post=13050"}],"curies":[{"name":"wp","href":"https:\/\/api.w.org\/{rel}","templated":true}]}}

<p><img loading="lazy" decoding="async" class="size-medium wp-image-13037 aligncenter" src="https://www.arte.unicen.edu.ar/entodas/wp-content/uploads/2026/04/WhatsApp-Image-2026-04-22-at-09.51.07-240x300.jpeg" alt="" width="240" height="300" srcset="https://www.arte.unicen.edu.ar/entodas/wp-content/uploads/2026/04/WhatsApp-Image-2026-04-22-at-09.51.07-240x300.jpeg 240w, https://www.arte.unicen.edu.ar/entodas/wp-content/uploads/2026/04/WhatsApp-Image-2026-04-22-at-09.51.07-640x800.jpeg 640w, https://www.arte.unicen.edu.ar/entodas/wp-content/uploads/2026/04/WhatsApp-Image-2026-04-22-at-09.51.07-768x960.jpeg 768w, https://www.arte.unicen.edu.ar/entodas/wp-content/uploads/2026/04/WhatsApp-Image-2026-04-22-at-09.51.07.jpeg 1080w" sizes="(max-width: 240px) 100vw, 240px" /></p>
<p>VUELVE AL CLUB DE TEATRO</p>
<p>👩🏻‍🦱BEATRIZ FARFARÉ. VILLANA A LA VISTA.</p>
<p>📅SABADO 25 Y DOMINGO 26<br />
🕔17 HS.<br />
📍CLUB DE TEATRO (Roca 901)</p>
<p>🍋Beatriz Farfaré llega al tranquilo pueblo de Dos Almendros para abrir su gran peluquería. Todo parece perfecto: el pueblo la adora, los clientes se multiplican y su fama crece día a día. En su pequeño laboratorio, entre frascos y flores, Beatriz crea fórmulas secretas para lograr el brillo perfecto. Pero cuando algo empieza a despeinar sus planes, Beatriz descubrirá que hasta los sueños más brillantes pueden enredarse.</p>
<p>🙌🏽Un espectáculo para toda la familia</p>
<p>🎭Actúa: Julia Esquivel</p>
<p>✍️Dramaturgia: Catalina Landivar, Esteban Argonz y Julia Esquivel<br />
👗Vestuario: Viqui Etcherarreta<br />
💼Escenografía: Luciano Enriquez<br />
📷Fotografía: Adrian Botella<br />
💻Diseño Gráfico: Agustín Medina</p>
<p>✨️Asistencia de Dirección: Romi Pérez<br />
✨️Dirección General: Esteban Argonz</p>
<p>🎟️Entradas en venta en Boletería del Club de Teatro de Lunes a Jueves de 18 a 21 hs. O al<br />
📱2494654030</p>
<p>&nbsp;</p>

<p>VUELVE AL CLUB DE TEATRO 👩🏻‍🦱BEATRIZ FARFARÉ. VILLANA A LA VISTA. 📅SABADO 25 Y DOMINGO 26 🕔17 HS. 📍CLUB DE TEATRO (Roca 901) 🍋Beatriz Farfaré llega al tranquilo pueblo de Dos Almendros para abrir su gran peluquería. Todo parece perfecto: el pueblo la adora, los clientes se multiplican y su fama crece día a día. En su pequeño laboratorio, entre frascos y flores, Beatriz crea fórmulas secretas para lograr el brillo perfecto. Pero cuando algo empieza a despeinar sus planes, Beatriz descubrirá que hasta los sueños más brillantes pueden enredarse. 🙌🏽Un espectáculo para toda la familia 🎭Actúa: Julia Esquivel ✍️Dramaturgia: Catalina Landivar, Esteban Argonz y Julia Esquivel 👗Vestuario: Viqui Etcherarreta 💼Escenografía: Luciano Enriquez 📷Fotografía: Adrian Botella 💻Diseño Gráfico: Agustín Medina ✨️Asistencia de Dirección: Romi Pérez ✨️Dirección General: Esteban Argonz 🎟️Entradas en venta en Boletería del Club de Teatro de Lunes a Jueves de 18 a 21 hs. O al 📱2494654030&hellip;</p>
<p> <a class="more-link" href="https://www.arte.unicen.edu.ar/entodas/?tribe_events=beatriz-farfare-villana-a-la-vista-teatro-infantil">Read more</a></p>
